{"id":15163,"date":"2024-05-13T08:58:31","date_gmt":"2024-05-13T06:58:31","guid":{"rendered":"https:\/\/www.cpl.es\/producto\/un-croquis-de-la-fe-cristiana-9788491656241\/"},"modified":"2025-10-03T11:14:25","modified_gmt":"2025-10-03T09:14:25","slug":"un-croquis-de-la-fe-cristiana-9788491656241","status":"publish","type":"product","link":"https:\/\/www.cpl.es\/ca\/producto\/un-croquis-de-la-fe-cristiana-9788491656241\/","title":{"rendered":"Un croquis de la fe cristiana"},"content":{"rendered":"<p> Les p\u00e0gines que oferim a continuaci\u00f3 volen ser un intent de fer un croquis \u2013un de tants dels que es poden fer\u2013 de la fe cristiana, del que \u00e9s m\u00e9s essencial, amb l\u2019esperan\u00e7a de fer venir ganes de \u00absaber-ne m\u00e9s\u00bb. El subt\u00edtol que encap\u00e7ala aquestes p\u00e0gines, \u00abpistes per a no iniciats\u00bb, vol indicar que ens volem adre\u00e7ar als qui es reconeixen \u00abignorants\u00bb sobre el que fa refer\u00e8ncia a la fe cristiana per\u00f2 senten inclinaci\u00f3 o simpatia per Jes\u00fas i el seu missatge i, d\u2019entrada, no se\u2019ls fa costa amunt llegir literatura religiosa.  \u00c9s temps d\u2019autocr\u00edtica. L\u2019Evangeli t\u00e9, per ell mateix, una for\u00e7a que sedueix moltes persones. Per\u00f2 com que aquest Evangeli s\u2019ha d\u2019encarnar, s\u2019ha de viure, inevitablement queda enfortit o descolorit segons quin sigui el comportament dels cristians (\u2026).  El cristi\u00e0 conven\u00e7ut \u00e9s aquell que no es conforma amb la \u00abfe del carboner\u00bb o b\u00e9 amb creure per costum o per tradici\u00f3, sin\u00f3 que sap que ha d\u2019anar m\u00e9s enll\u00e0 fins a arribar a la fe personal, a l\u2019adhesi\u00f3 conscient i lliure a Jesucrist i al seu Evangeli. Joan Mir Tubau (Campdev\u00e0nol, 1948) \u00e9s prevere del bisbat de Vic, llicenciat en Teologia i m\u00e0ster en Bio\u00e8tica. Ha estat professor a la Universitat de Vic, a l\u2019Institut Superior de Ci\u00e8ncies Religiosesde Vic i a l\u2019Institut Borja de Bio\u00e8tica. Fa deu anys que \u00e9s el capell\u00e0 de l\u2019Hospital Universitari de la Santa Creu de Vic i els darrers set anys ha estat rector de la parr\u00f2quia del Carme de Vic. Des del setembre passat s\u2019ha acollit a la jubilaci\u00f3 can\u00f2nica, per\u00f2 continua col\u00b7laborant en algunes tasques pastorals parroquials i en el servei religi\u00f3s en l\u2019\u00e0mbit assistencial.<\/p>\n","protected":false},"excerpt":{"rendered":"<p>Mir Tubau, Joan<\/p>\n","protected":false},"featured_media":15175,"template":"","meta":{"_acf_changed":false,"inline_featured_image":false},"product_brand":[],"product_cat":[33,100],"product_tag":[],"class_list":{"0":"post-15163","1":"product","2":"type-product","3":"status-publish","4":"has-post-thumbnail","6":"product_cat-catala","7":"product_cat-cpl-libri-colleccions-catala","9":"first","10":"instock","11":"taxable","12":"shipping-taxable","13":"purchasable","14":"product-type-simple"},"acf":{"autor":"Mir Tubau, Joan","codart":"217061","ediciones":"1","encuadernacion":"R\u00fastica","fecha_de_publicacion":"08\/05\/2024","novedad":true,"paginas":"136","subtitulo":"Pistes per a no iniciats","orden":"999","portada":true,"idioma":"cat","coleccion_num":"61","editorial":[{"ID":6736,"post_author":"2","post_date":"2023-10-06 08:35:24","post_date_gmt":"2023-10-06 06:35:24","post_content":"","post_title":"CPL","post_excerpt":"","post_status":"publish","comment_status":"closed","ping_status":"closed","post_password":"","post_name":"cpl","to_ping":"","pinged":"","post_modified":"2023-10-06 08:35:24","post_modified_gmt":"2023-10-06 06:35:24","post_content_filtered":"","post_parent":0,"guid":"https:\/\/nuevaweb.cpl.es\/editorial\/cpl\/","menu_order":0,"post_type":"editorial","post_mime_type":"","comment_count":"0","filter":"raw"}],"booktrailer":"","ficha":"","muestra":"","presentacion":""},"yoast_head":"<!-- This site is optimized with the Yoast SEO plugin v27.3 - https:\/\/yoast.com\/product\/yoast-seo-wordpress\/ -->\n<title>Un croquis de la fe cristiana - CPL<\/title>\n<meta name=\"robots\" content=\"index, follow, max-snippet:-1, max-image-preview:large, max-video-preview:-1\" \/>\n<link rel=\"canonical\" href=\"https:\/\/www.cpl.es\/producto\/un-croquis-de-la-fe-cristiana-9788491656241\/\" \/>\n<meta property=\"og:locale\" content=\"ca_ES\" \/>\n<meta property=\"og:type\" content=\"article\" \/>\n<meta property=\"og:title\" content=\"Un croquis de la fe cristiana - CPL\" \/>\n<meta property=\"og:description\" content=\"Mir Tubau, Joan\" \/>\n<meta property=\"og:url\" content=\"https:\/\/www.cpl.es\/producto\/un-croquis-de-la-fe-cristiana-9788491656241\/\" \/>\n<meta property=\"og:site_name\" content=\"CPL\" \/>\n<meta property=\"article:modified_time\" content=\"2025-10-03T09:14:25+00:00\" \/>\n<meta property=\"og:image\" content=\"https:\/\/www.cpl.es\/wp-content\/uploads\/9788491656241-4.jpg\" \/>\n\t<meta property=\"og:image:width\" content=\"205\" \/>\n\t<meta property=\"og:image:height\" content=\"300\" \/>\n\t<meta property=\"og:image:type\" content=\"image\/jpeg\" \/>\n<meta name=\"twitter:card\" content=\"summary_large_image\" \/>\n<meta name=\"twitter:label1\" content=\"Temps estimat de lectura\" \/>\n\t<meta name=\"twitter:data1\" content=\"2 minuts\" \/>\n<script type=\"application\/ld+json\" class=\"yoast-schema-graph\">{\"@context\":\"https:\\\/\\\/schema.org\",\"@graph\":[{\"@type\":\"WebPage\",\"@id\":\"https:\\\/\\\/www.cpl.es\\\/producto\\\/un-croquis-de-la-fe-cristiana-9788491656241\\\/\",\"url\":\"https:\\\/\\\/www.cpl.es\\\/producto\\\/un-croquis-de-la-fe-cristiana-9788491656241\\\/\",\"name\":\"Un croquis de la fe cristiana - CPL\",\"isPartOf\":{\"@id\":\"https:\\\/\\\/www.cpl.es\\\/#website\"},\"primaryImageOfPage\":{\"@id\":\"https:\\\/\\\/www.cpl.es\\\/producto\\\/un-croquis-de-la-fe-cristiana-9788491656241\\\/#primaryimage\"},\"image\":{\"@id\":\"https:\\\/\\\/www.cpl.es\\\/producto\\\/un-croquis-de-la-fe-cristiana-9788491656241\\\/#primaryimage\"},\"thumbnailUrl\":\"https:\\\/\\\/www.cpl.es\\\/wp-content\\\/uploads\\\/9788491656241-4.jpg\",\"datePublished\":\"2024-05-13T06:58:31+00:00\",\"dateModified\":\"2025-10-03T09:14:25+00:00\",\"breadcrumb\":{\"@id\":\"https:\\\/\\\/www.cpl.es\\\/producto\\\/un-croquis-de-la-fe-cristiana-9788491656241\\\/#breadcrumb\"},\"inLanguage\":\"ca\",\"potentialAction\":[{\"@type\":\"ReadAction\",\"target\":[\"https:\\\/\\\/www.cpl.es\\\/producto\\\/un-croquis-de-la-fe-cristiana-9788491656241\\\/\"]}]},{\"@type\":\"ImageObject\",\"inLanguage\":\"ca\",\"@id\":\"https:\\\/\\\/www.cpl.es\\\/producto\\\/un-croquis-de-la-fe-cristiana-9788491656241\\\/#primaryimage\",\"url\":\"https:\\\/\\\/www.cpl.es\\\/wp-content\\\/uploads\\\/9788491656241-4.jpg\",\"contentUrl\":\"https:\\\/\\\/www.cpl.es\\\/wp-content\\\/uploads\\\/9788491656241-4.jpg\",\"width\":205,\"height\":300,\"caption\":\"9788491656241.jpg\"},{\"@type\":\"BreadcrumbList\",\"@id\":\"https:\\\/\\\/www.cpl.es\\\/producto\\\/un-croquis-de-la-fe-cristiana-9788491656241\\\/#breadcrumb\",\"itemListElement\":[{\"@type\":\"ListItem\",\"position\":1,\"name\":\"Portada\",\"item\":\"https:\\\/\\\/www.cpl.es\\\/ca\\\/\"},{\"@type\":\"ListItem\",\"position\":2,\"name\":\"Cat\u00e0leg\",\"item\":\"https:\\\/\\\/www.cpl.es\\\/ca\\\/cataleg\\\/\"},{\"@type\":\"ListItem\",\"position\":3,\"name\":\"Un croquis de la fe cristiana\"}]},{\"@type\":\"WebSite\",\"@id\":\"https:\\\/\\\/www.cpl.es\\\/#website\",\"url\":\"https:\\\/\\\/www.cpl.es\\\/\",\"name\":\"CPL\",\"description\":\"Centre de Pastoral Lit\u00fargica de Barcelona\",\"publisher\":{\"@id\":\"https:\\\/\\\/www.cpl.es\\\/#organization\"},\"alternateName\":\"Centre de Pastoral Lit\u00fargica\",\"potentialAction\":[{\"@type\":\"SearchAction\",\"target\":{\"@type\":\"EntryPoint\",\"urlTemplate\":\"https:\\\/\\\/www.cpl.es\\\/?s={search_term_string}\"},\"query-input\":{\"@type\":\"PropertyValueSpecification\",\"valueRequired\":true,\"valueName\":\"search_term_string\"}}],\"inLanguage\":\"ca\"},{\"@type\":\"Organization\",\"@id\":\"https:\\\/\\\/www.cpl.es\\\/#organization\",\"name\":\"Centre de Pastoral Lit\u00fargica\",\"alternateName\":\"Centre de Pastoral Lit\u00fargica de Barcelona\",\"url\":\"https:\\\/\\\/www.cpl.es\\\/\",\"logo\":{\"@type\":\"ImageObject\",\"inLanguage\":\"ca\",\"@id\":\"https:\\\/\\\/www.cpl.es\\\/#\\\/schema\\\/logo\\\/image\\\/\",\"url\":\"https:\\\/\\\/www.cpl.es\\\/wp-content\\\/uploads\\\/logo-cpl.svg\",\"contentUrl\":\"https:\\\/\\\/www.cpl.es\\\/wp-content\\\/uploads\\\/logo-cpl.svg\",\"caption\":\"Centre de Pastoral Lit\u00fargica\"},\"image\":{\"@id\":\"https:\\\/\\\/www.cpl.es\\\/#\\\/schema\\\/logo\\\/image\\\/\"}}]}<\/script>\n<!-- \/ Yoast SEO plugin. -->","yoast_head_json":{"title":"Un croquis de la fe cristiana - CPL","robots":{"index":"index","follow":"follow","max-snippet":"max-snippet:-1","max-image-preview":"max-image-preview:large","max-video-preview":"max-video-preview:-1"},"canonical":"https:\/\/www.cpl.es\/producto\/un-croquis-de-la-fe-cristiana-9788491656241\/","og_locale":"ca_ES","og_type":"article","og_title":"Un croquis de la fe cristiana - CPL","og_description":"Mir Tubau, Joan","og_url":"https:\/\/www.cpl.es\/producto\/un-croquis-de-la-fe-cristiana-9788491656241\/","og_site_name":"CPL","article_modified_time":"2025-10-03T09:14:25+00:00","og_image":[{"width":205,"height":300,"url":"https:\/\/www.cpl.es\/wp-content\/uploads\/9788491656241-4.jpg","type":"image\/jpeg"}],"twitter_card":"summary_large_image","twitter_misc":{"Temps estimat de lectura":"2 minuts"},"schema":{"@context":"https:\/\/schema.org","@graph":[{"@type":"WebPage","@id":"https:\/\/www.cpl.es\/producto\/un-croquis-de-la-fe-cristiana-9788491656241\/","url":"https:\/\/www.cpl.es\/producto\/un-croquis-de-la-fe-cristiana-9788491656241\/","name":"Un croquis de la fe cristiana - CPL","isPartOf":{"@id":"https:\/\/www.cpl.es\/#website"},"primaryImageOfPage":{"@id":"https:\/\/www.cpl.es\/producto\/un-croquis-de-la-fe-cristiana-9788491656241\/#primaryimage"},"image":{"@id":"https:\/\/www.cpl.es\/producto\/un-croquis-de-la-fe-cristiana-9788491656241\/#primaryimage"},"thumbnailUrl":"https:\/\/www.cpl.es\/wp-content\/uploads\/9788491656241-4.jpg","datePublished":"2024-05-13T06:58:31+00:00","dateModified":"2025-10-03T09:14:25+00:00","breadcrumb":{"@id":"https:\/\/www.cpl.es\/producto\/un-croquis-de-la-fe-cristiana-9788491656241\/#breadcrumb"},"inLanguage":"ca","potentialAction":[{"@type":"ReadAction","target":["https:\/\/www.cpl.es\/producto\/un-croquis-de-la-fe-cristiana-9788491656241\/"]}]},{"@type":"ImageObject","inLanguage":"ca","@id":"https:\/\/www.cpl.es\/producto\/un-croquis-de-la-fe-cristiana-9788491656241\/#primaryimage","url":"https:\/\/www.cpl.es\/wp-content\/uploads\/9788491656241-4.jpg","contentUrl":"https:\/\/www.cpl.es\/wp-content\/uploads\/9788491656241-4.jpg","width":205,"height":300,"caption":"9788491656241.jpg"},{"@type":"BreadcrumbList","@id":"https:\/\/www.cpl.es\/producto\/un-croquis-de-la-fe-cristiana-9788491656241\/#breadcrumb","itemListElement":[{"@type":"ListItem","position":1,"name":"Portada","item":"https:\/\/www.cpl.es\/ca\/"},{"@type":"ListItem","position":2,"name":"Cat\u00e0leg","item":"https:\/\/www.cpl.es\/ca\/cataleg\/"},{"@type":"ListItem","position":3,"name":"Un croquis de la fe cristiana"}]},{"@type":"WebSite","@id":"https:\/\/www.cpl.es\/#website","url":"https:\/\/www.cpl.es\/","name":"CPL","description":"Centre de Pastoral Lit\u00fargica de Barcelona","publisher":{"@id":"https:\/\/www.cpl.es\/#organization"},"alternateName":"Centre de Pastoral Lit\u00fargica","potentialAction":[{"@type":"SearchAction","target":{"@type":"EntryPoint","urlTemplate":"https:\/\/www.cpl.es\/?s={search_term_string}"},"query-input":{"@type":"PropertyValueSpecification","valueRequired":true,"valueName":"search_term_string"}}],"inLanguage":"ca"},{"@type":"Organization","@id":"https:\/\/www.cpl.es\/#organization","name":"Centre de Pastoral Lit\u00fargica","alternateName":"Centre de Pastoral Lit\u00fargica de Barcelona","url":"https:\/\/www.cpl.es\/","logo":{"@type":"ImageObject","inLanguage":"ca","@id":"https:\/\/www.cpl.es\/#\/schema\/logo\/image\/","url":"https:\/\/www.cpl.es\/wp-content\/uploads\/logo-cpl.svg","contentUrl":"https:\/\/www.cpl.es\/wp-content\/uploads\/logo-cpl.svg","caption":"Centre de Pastoral Lit\u00fargica"},"image":{"@id":"https:\/\/www.cpl.es\/#\/schema\/logo\/image\/"}}]}},"_links":{"self":[{"href":"https:\/\/www.cpl.es\/ca\/wp-json\/wp\/v2\/product\/15163","targetHints":{"allow":["GET"]}}],"collection":[{"href":"https:\/\/www.cpl.es\/ca\/wp-json\/wp\/v2\/product"}],"about":[{"href":"https:\/\/www.cpl.es\/ca\/wp-json\/wp\/v2\/types\/product"}],"wp:featuredmedia":[{"embeddable":true,"href":"https:\/\/www.cpl.es\/ca\/wp-json\/wp\/v2\/media\/15175"}],"wp:attachment":[{"href":"https:\/\/www.cpl.es\/ca\/wp-json\/wp\/v2\/media?parent=15163"}],"wp:term":[{"taxonomy":"product_brand","embeddable":true,"href":"https:\/\/www.cpl.es\/ca\/wp-json\/wp\/v2\/product_brand?post=15163"},{"taxonomy":"product_cat","embeddable":true,"href":"https:\/\/www.cpl.es\/ca\/wp-json\/wp\/v2\/product_cat?post=15163"},{"taxonomy":"product_tag","embeddable":true,"href":"https:\/\/www.cpl.es\/ca\/wp-json\/wp\/v2\/product_tag?post=15163"}],"curies":[{"name":"wp","href":"https:\/\/api.w.org\/{rel}","templated":true}]}}

<p> Les pàgines que oferim a continuació volen ser un intent de fer un croquis –un de tants dels que es poden fer– de la fe cristiana, del que és més essencial, amb l’esperança de fer venir ganes de «saber-ne més». El subtítol que encapçala aquestes pàgines, «pistes per a no iniciats», vol indicar que ens volem adreçar als qui es reconeixen «ignorants» sobre el que fa referència a la fe cristiana però senten inclinació o simpatia per Jesús i el seu missatge i, d’entrada, no se’ls fa costa amunt llegir literatura religiosa.  És temps d’autocrítica. L’Evangeli té, per ell mateix, una força que sedueix moltes persones. Però com que aquest Evangeli s’ha d’encarnar, s’ha de viure, inevitablement queda enfortit o descolorit segons quin sigui el comportament dels cristians (…).  El cristià convençut és aquell que no es conforma amb la «fe del carboner» o bé amb creure per costum o per tradició, sinó que sap que ha d’anar més enllà fins a arribar a la fe personal, a l’adhesió conscient i lliure a Jesucrist i al seu Evangeli. Joan Mir Tubau (Campdevànol, 1948) és prevere del bisbat de Vic, llicenciat en Teologia i màster en Bioètica. Ha estat professor a la Universitat de Vic, a l’Institut Superior de Ciències Religiosesde Vic i a l’Institut Borja de Bioètica. Fa deu anys que és el capellà de l’Hospital Universitari de la Santa Creu de Vic i els darrers set anys ha estat rector de la parròquia del Carme de Vic. Des del setembre passat s’ha acollit a la jubilació canònica, però continua col·laborant en algunes tasques pastorals parroquials i en el servei religiós en l’àmbit assistencial.</p>

Rústica

<!-- This site is optimized with the Yoast SEO plugin v27.3 - https://yoast.com/product/yoast-seo-wordpress/ -->
<title>Un croquis de la fe cristiana - CPL</title>
<meta name="robots" content="index, follow, max-snippet:-1, max-image-preview:large, max-video-preview:-1" />
<link rel="canonical" href="https://www.cpl.es/producto/un-croquis-de-la-fe-cristiana-9788491656241/" />
<meta property="og:locale" content="ca_ES" />
<meta property="og:type" content="article" />
<meta property="og:title" content="Un croquis de la fe cristiana - CPL" />
<meta property="og:description" content="Mir Tubau, Joan" />
<meta property="og:url" content="https://www.cpl.es/producto/un-croquis-de-la-fe-cristiana-9788491656241/" />
<meta property="og:site_name" content="CPL" />
<meta property="article:modified_time" content="2025-10-03T09:14:25+00:00" />
<meta property="og:image" content="https://www.cpl.es/wp-content/uploads/9788491656241-4.jpg" />
	<meta property="og:image:width" content="205" />
	<meta property="og:image:height" content="300" />
	<meta property="og:image:type" content="image/jpeg" />
<meta name="twitter:card" content="summary_large_image" />
<meta name="twitter:label1" content="Temps estimat de lectura" />
	<meta name="twitter:data1" content="2 minuts" />
<script type="application/ld+json" class="yoast-schema-graph">{"@context":"https:\/\/schema.org","@graph":[{"@type":"WebPage","@id":"https:\/\/www.cpl.es\/producto\/un-croquis-de-la-fe-cristiana-9788491656241\/","url":"https:\/\/www.cpl.es\/producto\/un-croquis-de-la-fe-cristiana-9788491656241\/","name":"Un croquis de la fe cristiana - CPL","isPartOf":{"@id":"https:\/\/www.cpl.es\/#website"},"primaryImageOfPage":{"@id":"https:\/\/www.cpl.es\/producto\/un-croquis-de-la-fe-cristiana-9788491656241\/#primaryimage"},"image":{"@id":"https:\/\/www.cpl.es\/producto\/un-croquis-de-la-fe-cristiana-9788491656241\/#primaryimage"},"thumbnailUrl":"https:\/\/www.cpl.es\/wp-content\/uploads\/9788491656241-4.jpg","datePublished":"2024-05-13T06:58:31+00:00","dateModified":"2025-10-03T09:14:25+00:00","breadcrumb":{"@id":"https:\/\/www.cpl.es\/producto\/un-croquis-de-la-fe-cristiana-9788491656241\/#breadcrumb"},"inLanguage":"ca","potentialAction":[{"@type":"ReadAction","target":["https:\/\/www.cpl.es\/producto\/un-croquis-de-la-fe-cristiana-9788491656241\/"]}]},{"@type":"ImageObject","inLanguage":"ca","@id":"https:\/\/www.cpl.es\/producto\/un-croquis-de-la-fe-cristiana-9788491656241\/#primaryimage","url":"https:\/\/www.cpl.es\/wp-content\/uploads\/9788491656241-4.jpg","contentUrl":"https:\/\/www.cpl.es\/wp-content\/uploads\/9788491656241-4.jpg","width":205,"height":300,"caption":"9788491656241.jpg"},{"@type":"BreadcrumbList","@id":"https:\/\/www.cpl.es\/producto\/un-croquis-de-la-fe-cristiana-9788491656241\/#breadcrumb","itemListElement":[{"@type":"ListItem","position":1,"name":"Portada","item":"https:\/\/www.cpl.es\/ca\/"},{"@type":"ListItem","position":2,"name":"Catàleg","item":"https:\/\/www.cpl.es\/ca\/cataleg\/"},{"@type":"ListItem","position":3,"name":"Un croquis de la fe cristiana"}]},{"@type":"WebSite","@id":"https:\/\/www.cpl.es\/#website","url":"https:\/\/www.cpl.es\/","name":"CPL","description":"Centre de Pastoral Litúrgica de Barcelona","publisher":{"@id":"https:\/\/www.cpl.es\/#organization"},"alternateName":"Centre de Pastoral Litúrgica","potentialAction":[{"@type":"SearchAction","target":{"@type":"EntryPoint","urlTemplate":"https:\/\/www.cpl.es\/?s={search_term_string}"},"query-input":{"@type":"PropertyValueSpecification","valueRequired":true,"valueName":"search_term_string"}}],"inLanguage":"ca"},{"@type":"Organization","@id":"https:\/\/www.cpl.es\/#organization","name":"Centre de Pastoral Litúrgica","alternateName":"Centre de Pastoral Litúrgica de Barcelona","url":"https:\/\/www.cpl.es\/","logo":{"@type":"ImageObject","inLanguage":"ca","@id":"https:\/\/www.cpl.es\/#\/schema\/logo\/image\/","url":"https:\/\/www.cpl.es\/wp-content\/uploads\/logo-cpl.svg","contentUrl":"https:\/\/www.cpl.es\/wp-content\/uploads\/logo-cpl.svg","caption":"Centre de Pastoral Litúrgica"},"image":{"@id":"https:\/\/www.cpl.es\/#\/schema\/logo\/image\/"}}]}</script>
<!-- / Yoast SEO plugin. -->

Catàleg

Centre de Pastoral Litúrgica de Barcelona

Centre de Pastoral Litúrgica
