{"id":1443,"date":"2023-10-04T01:11:06","date_gmt":"2023-10-03T23:11:06","guid":{"rendered":"https:\/\/nuevaweb.cpl.es\/producto\/paso-a-la-verdad-siguiendo-el-camino-teresiano-9788491651383\/"},"modified":"2023-12-05T13:36:13","modified_gmt":"2023-12-05T12:36:13","slug":"paso-a-la-verdad-siguiendo-el-camino-teresiano-9788491651383","status":"publish","type":"product","link":"https:\/\/www.cpl.es\/ca\/producto\/paso-a-la-verdad-siguiendo-el-camino-teresiano-9788491651383\/","title":{"rendered":"\u00a1Paso a la verdad!. Siguiendo el camino teresiano"},"content":{"rendered":"<p>Siguiendo el camino teresiano<br \/> La verdad, en may\u00fascula, es Dios. Adem\u00e1s, tiene un nombre que es Jes\u00fas. As\u00ed lo dijo ante las turbas: Yo soy el camino, la verdad y la vida. El lector encontrar\u00e1 en estas p\u00e1ginas la Verdad -en may\u00fascula- plasmada en una vida de tal insignificancia que pas\u00f3 inadvertida, y de tal divina plenitud que es capaz de dar v\u00e1lida respuesta a todo ser humano de buena voluntad. La santa de Lisieux se ofrece a ayudarnos por la prueba contundente de su vida \u00edntegramente dedicada a la Verdad, por sus obras casi sin palabras, tal como viven los ni\u00f1os.<br \/>\u00bfQuerremos abrir los ojos y aceptar que una santa, que siempre fue ni\u00f1a, nos ayude ante una decisi\u00f3n ineludible: la eternidad con Dios o la eternidad sin Dios?<\/p>\n<p>\u00c0ngel de les Gavarres \u00e9s el seud\u00f3nimo que protege a un monje ermita\u00f1o. Santa Teresa de Lisieux ha acompa\u00f1ado su b\u00fasqueda espiritual a lo largo de m\u00e1s de sesenta y cinco a\u00f1os de vida en el claustro.<\/p>\n","protected":false},"excerpt":{"rendered":"<p>Gavarres, \u00c0ngel de les<\/p>\n","protected":false},"featured_media":1444,"template":"","meta":{"_acf_changed":false,"inline_featured_image":false},"product_brand":[],"product_cat":[67,56],"product_tag":[],"class_list":{"0":"post-1443","1":"product","2":"type-product","3":"status-publish","4":"has-post-thumbnail","6":"product_cat-altres-publicacions","7":"product_cat-otras-publicaciones","9":"first","10":"instock","11":"taxable","12":"shipping-taxable","13":"purchasable","14":"product-type-simple"},"acf":{"autor":"Gavarres, \u00c0ngel de les","codart":"150023","ediciones":"1","encuadernacion":"R\u00fastica","fecha_de_publicacion":"11\/06\/2018","novedad":false,"paginas":"320","subtitulo":"","orden":"999","portada":false,"idioma":"spa","editorial":[{"ID":6736,"post_author":"2","post_date":"2023-10-06 08:35:24","post_date_gmt":"2023-10-06 06:35:24","post_content":"","post_title":"CPL","post_excerpt":"","post_status":"publish","comment_status":"closed","ping_status":"closed","post_password":"","post_name":"cpl","to_ping":"","pinged":"","post_modified":"2023-10-06 08:35:24","post_modified_gmt":"2023-10-06 06:35:24","post_content_filtered":"","post_parent":0,"guid":"https:\/\/nuevaweb.cpl.es\/editorial\/cpl\/","menu_order":0,"post_type":"editorial","post_mime_type":"","comment_count":"0","filter":"raw"}]},"yoast_head":"<!-- This site is optimized with the Yoast SEO plugin v27.3 - https:\/\/yoast.com\/product\/yoast-seo-wordpress\/ -->\n<title>\u00a1Paso a la verdad!. Siguiendo el camino teresiano - CPL<\/title>\n<meta name=\"robots\" content=\"index, follow, max-snippet:-1, max-image-preview:large, max-video-preview:-1\" \/>\n<link rel=\"canonical\" href=\"https:\/\/www.cpl.es\/producto\/paso-a-la-verdad-siguiendo-el-camino-teresiano-9788491651383\/\" \/>\n<meta property=\"og:locale\" content=\"ca_ES\" \/>\n<meta property=\"og:type\" content=\"article\" \/>\n<meta property=\"og:title\" content=\"\u00a1Paso a la verdad!. Siguiendo el camino teresiano - CPL\" \/>\n<meta property=\"og:description\" content=\"Gavarres, \u00c0ngel de les\" \/>\n<meta property=\"og:url\" content=\"https:\/\/www.cpl.es\/producto\/paso-a-la-verdad-siguiendo-el-camino-teresiano-9788491651383\/\" \/>\n<meta property=\"og:site_name\" content=\"CPL\" \/>\n<meta property=\"article:modified_time\" content=\"2023-12-05T12:36:13+00:00\" \/>\n<meta property=\"og:image\" content=\"https:\/\/www.cpl.es\/wp-content\/uploads\/150023.jpg\" \/>\n\t<meta property=\"og:image:width\" content=\"280\" \/>\n\t<meta property=\"og:image:height\" content=\"408\" \/>\n\t<meta property=\"og:image:type\" content=\"image\/jpeg\" \/>\n<meta name=\"twitter:card\" content=\"summary_large_image\" \/>\n<meta name=\"twitter:label1\" content=\"Temps estimat de lectura\" \/>\n\t<meta name=\"twitter:data1\" content=\"1 minut\" \/>\n<script type=\"application\/ld+json\" class=\"yoast-schema-graph\">{\"@context\":\"https:\\\/\\\/schema.org\",\"@graph\":[{\"@type\":\"WebPage\",\"@id\":\"https:\\\/\\\/www.cpl.es\\\/producto\\\/paso-a-la-verdad-siguiendo-el-camino-teresiano-9788491651383\\\/\",\"url\":\"https:\\\/\\\/www.cpl.es\\\/producto\\\/paso-a-la-verdad-siguiendo-el-camino-teresiano-9788491651383\\\/\",\"name\":\"\u00a1Paso a la verdad!. Siguiendo el camino teresiano - CPL\",\"isPartOf\":{\"@id\":\"https:\\\/\\\/www.cpl.es\\\/#website\"},\"primaryImageOfPage\":{\"@id\":\"https:\\\/\\\/www.cpl.es\\\/producto\\\/paso-a-la-verdad-siguiendo-el-camino-teresiano-9788491651383\\\/#primaryimage\"},\"image\":{\"@id\":\"https:\\\/\\\/www.cpl.es\\\/producto\\\/paso-a-la-verdad-siguiendo-el-camino-teresiano-9788491651383\\\/#primaryimage\"},\"thumbnailUrl\":\"https:\\\/\\\/www.cpl.es\\\/wp-content\\\/uploads\\\/150023.jpg\",\"datePublished\":\"2023-10-03T23:11:06+00:00\",\"dateModified\":\"2023-12-05T12:36:13+00:00\",\"breadcrumb\":{\"@id\":\"https:\\\/\\\/www.cpl.es\\\/producto\\\/paso-a-la-verdad-siguiendo-el-camino-teresiano-9788491651383\\\/#breadcrumb\"},\"inLanguage\":\"ca\",\"potentialAction\":[{\"@type\":\"ReadAction\",\"target\":[\"https:\\\/\\\/www.cpl.es\\\/producto\\\/paso-a-la-verdad-siguiendo-el-camino-teresiano-9788491651383\\\/\"]}]},{\"@type\":\"ImageObject\",\"inLanguage\":\"ca\",\"@id\":\"https:\\\/\\\/www.cpl.es\\\/producto\\\/paso-a-la-verdad-siguiendo-el-camino-teresiano-9788491651383\\\/#primaryimage\",\"url\":\"https:\\\/\\\/www.cpl.es\\\/wp-content\\\/uploads\\\/150023.jpg\",\"contentUrl\":\"https:\\\/\\\/www.cpl.es\\\/wp-content\\\/uploads\\\/150023.jpg\",\"width\":280,\"height\":408,\"caption\":\"150023.jpg\"},{\"@type\":\"BreadcrumbList\",\"@id\":\"https:\\\/\\\/www.cpl.es\\\/producto\\\/paso-a-la-verdad-siguiendo-el-camino-teresiano-9788491651383\\\/#breadcrumb\",\"itemListElement\":[{\"@type\":\"ListItem\",\"position\":1,\"name\":\"Portada\",\"item\":\"https:\\\/\\\/www.cpl.es\\\/ca\\\/\"},{\"@type\":\"ListItem\",\"position\":2,\"name\":\"Cat\u00e0leg\",\"item\":\"https:\\\/\\\/www.cpl.es\\\/ca\\\/cataleg\\\/\"},{\"@type\":\"ListItem\",\"position\":3,\"name\":\"\u00a1Paso a la verdad!. Siguiendo el camino teresiano\"}]},{\"@type\":\"WebSite\",\"@id\":\"https:\\\/\\\/www.cpl.es\\\/#website\",\"url\":\"https:\\\/\\\/www.cpl.es\\\/\",\"name\":\"CPL\",\"description\":\"Centre de Pastoral Lit\u00fargica de Barcelona\",\"publisher\":{\"@id\":\"https:\\\/\\\/www.cpl.es\\\/#organization\"},\"alternateName\":\"Centre de Pastoral Lit\u00fargica\",\"potentialAction\":[{\"@type\":\"SearchAction\",\"target\":{\"@type\":\"EntryPoint\",\"urlTemplate\":\"https:\\\/\\\/www.cpl.es\\\/?s={search_term_string}\"},\"query-input\":{\"@type\":\"PropertyValueSpecification\",\"valueRequired\":true,\"valueName\":\"search_term_string\"}}],\"inLanguage\":\"ca\"},{\"@type\":\"Organization\",\"@id\":\"https:\\\/\\\/www.cpl.es\\\/#organization\",\"name\":\"Centre de Pastoral Lit\u00fargica\",\"alternateName\":\"Centre de Pastoral Lit\u00fargica de Barcelona\",\"url\":\"https:\\\/\\\/www.cpl.es\\\/\",\"logo\":{\"@type\":\"ImageObject\",\"inLanguage\":\"ca\",\"@id\":\"https:\\\/\\\/www.cpl.es\\\/#\\\/schema\\\/logo\\\/image\\\/\",\"url\":\"https:\\\/\\\/www.cpl.es\\\/wp-content\\\/uploads\\\/logo-cpl.svg\",\"contentUrl\":\"https:\\\/\\\/www.cpl.es\\\/wp-content\\\/uploads\\\/logo-cpl.svg\",\"caption\":\"Centre de Pastoral Lit\u00fargica\"},\"image\":{\"@id\":\"https:\\\/\\\/www.cpl.es\\\/#\\\/schema\\\/logo\\\/image\\\/\"}}]}<\/script>\n<!-- \/ Yoast SEO plugin. -->","yoast_head_json":{"title":"\u00a1Paso a la verdad!. Siguiendo el camino teresiano - CPL","robots":{"index":"index","follow":"follow","max-snippet":"max-snippet:-1","max-image-preview":"max-image-preview:large","max-video-preview":"max-video-preview:-1"},"canonical":"https:\/\/www.cpl.es\/producto\/paso-a-la-verdad-siguiendo-el-camino-teresiano-9788491651383\/","og_locale":"ca_ES","og_type":"article","og_title":"\u00a1Paso a la verdad!. Siguiendo el camino teresiano - CPL","og_description":"Gavarres, \u00c0ngel de les","og_url":"https:\/\/www.cpl.es\/producto\/paso-a-la-verdad-siguiendo-el-camino-teresiano-9788491651383\/","og_site_name":"CPL","article_modified_time":"2023-12-05T12:36:13+00:00","og_image":[{"width":280,"height":408,"url":"https:\/\/www.cpl.es\/wp-content\/uploads\/150023.jpg","type":"image\/jpeg"}],"twitter_card":"summary_large_image","twitter_misc":{"Temps estimat de lectura":"1 minut"},"schema":{"@context":"https:\/\/schema.org","@graph":[{"@type":"WebPage","@id":"https:\/\/www.cpl.es\/producto\/paso-a-la-verdad-siguiendo-el-camino-teresiano-9788491651383\/","url":"https:\/\/www.cpl.es\/producto\/paso-a-la-verdad-siguiendo-el-camino-teresiano-9788491651383\/","name":"\u00a1Paso a la verdad!. Siguiendo el camino teresiano - CPL","isPartOf":{"@id":"https:\/\/www.cpl.es\/#website"},"primaryImageOfPage":{"@id":"https:\/\/www.cpl.es\/producto\/paso-a-la-verdad-siguiendo-el-camino-teresiano-9788491651383\/#primaryimage"},"image":{"@id":"https:\/\/www.cpl.es\/producto\/paso-a-la-verdad-siguiendo-el-camino-teresiano-9788491651383\/#primaryimage"},"thumbnailUrl":"https:\/\/www.cpl.es\/wp-content\/uploads\/150023.jpg","datePublished":"2023-10-03T23:11:06+00:00","dateModified":"2023-12-05T12:36:13+00:00","breadcrumb":{"@id":"https:\/\/www.cpl.es\/producto\/paso-a-la-verdad-siguiendo-el-camino-teresiano-9788491651383\/#breadcrumb"},"inLanguage":"ca","potentialAction":[{"@type":"ReadAction","target":["https:\/\/www.cpl.es\/producto\/paso-a-la-verdad-siguiendo-el-camino-teresiano-9788491651383\/"]}]},{"@type":"ImageObject","inLanguage":"ca","@id":"https:\/\/www.cpl.es\/producto\/paso-a-la-verdad-siguiendo-el-camino-teresiano-9788491651383\/#primaryimage","url":"https:\/\/www.cpl.es\/wp-content\/uploads\/150023.jpg","contentUrl":"https:\/\/www.cpl.es\/wp-content\/uploads\/150023.jpg","width":280,"height":408,"caption":"150023.jpg"},{"@type":"BreadcrumbList","@id":"https:\/\/www.cpl.es\/producto\/paso-a-la-verdad-siguiendo-el-camino-teresiano-9788491651383\/#breadcrumb","itemListElement":[{"@type":"ListItem","position":1,"name":"Portada","item":"https:\/\/www.cpl.es\/ca\/"},{"@type":"ListItem","position":2,"name":"Cat\u00e0leg","item":"https:\/\/www.cpl.es\/ca\/cataleg\/"},{"@type":"ListItem","position":3,"name":"\u00a1Paso a la verdad!. Siguiendo el camino teresiano"}]},{"@type":"WebSite","@id":"https:\/\/www.cpl.es\/#website","url":"https:\/\/www.cpl.es\/","name":"CPL","description":"Centre de Pastoral Lit\u00fargica de Barcelona","publisher":{"@id":"https:\/\/www.cpl.es\/#organization"},"alternateName":"Centre de Pastoral Lit\u00fargica","potentialAction":[{"@type":"SearchAction","target":{"@type":"EntryPoint","urlTemplate":"https:\/\/www.cpl.es\/?s={search_term_string}"},"query-input":{"@type":"PropertyValueSpecification","valueRequired":true,"valueName":"search_term_string"}}],"inLanguage":"ca"},{"@type":"Organization","@id":"https:\/\/www.cpl.es\/#organization","name":"Centre de Pastoral Lit\u00fargica","alternateName":"Centre de Pastoral Lit\u00fargica de Barcelona","url":"https:\/\/www.cpl.es\/","logo":{"@type":"ImageObject","inLanguage":"ca","@id":"https:\/\/www.cpl.es\/#\/schema\/logo\/image\/","url":"https:\/\/www.cpl.es\/wp-content\/uploads\/logo-cpl.svg","contentUrl":"https:\/\/www.cpl.es\/wp-content\/uploads\/logo-cpl.svg","caption":"Centre de Pastoral Lit\u00fargica"},"image":{"@id":"https:\/\/www.cpl.es\/#\/schema\/logo\/image\/"}}]}},"_links":{"self":[{"href":"https:\/\/www.cpl.es\/ca\/wp-json\/wp\/v2\/product\/1443","targetHints":{"allow":["GET"]}}],"collection":[{"href":"https:\/\/www.cpl.es\/ca\/wp-json\/wp\/v2\/product"}],"about":[{"href":"https:\/\/www.cpl.es\/ca\/wp-json\/wp\/v2\/types\/product"}],"wp:featuredmedia":[{"embeddable":true,"href":"https:\/\/www.cpl.es\/ca\/wp-json\/wp\/v2\/media\/1444"}],"wp:attachment":[{"href":"https:\/\/www.cpl.es\/ca\/wp-json\/wp\/v2\/media?parent=1443"}],"wp:term":[{"taxonomy":"product_brand","embeddable":true,"href":"https:\/\/www.cpl.es\/ca\/wp-json\/wp\/v2\/product_brand?post=1443"},{"taxonomy":"product_cat","embeddable":true,"href":"https:\/\/www.cpl.es\/ca\/wp-json\/wp\/v2\/product_cat?post=1443"},{"taxonomy":"product_tag","embeddable":true,"href":"https:\/\/www.cpl.es\/ca\/wp-json\/wp\/v2\/product_tag?post=1443"}],"curies":[{"name":"wp","href":"https:\/\/api.w.org\/{rel}","templated":true}]}}

<p>Siguiendo el camino teresiano<br /> La verdad, en mayúscula, es Dios. Además, tiene un nombre que es Jesús. Así lo dijo ante las turbas: Yo soy el camino, la verdad y la vida. El lector encontrará en estas páginas la Verdad -en mayúscula- plasmada en una vida de tal insignificancia que pasó inadvertida, y de tal divina plenitud que es capaz de dar válida respuesta a todo ser humano de buena voluntad. La santa de Lisieux se ofrece a ayudarnos por la prueba contundente de su vida íntegramente dedicada a la Verdad, por sus obras casi sin palabras, tal como viven los niños.<br />¿Querremos abrir los ojos y aceptar que una santa, que siempre fue niña, nos ayude ante una decisión ineludible: la eternidad con Dios o la eternidad sin Dios?</p>
<p>Àngel de les Gavarres és el seudónimo que protege a un monje ermitaño. Santa Teresa de Lisieux ha acompañado su búsqueda espiritual a lo largo de más de sesenta y cinco años de vida en el claustro.</p>

<p>Gavarres, Àngel de les</p>

Gavarres, Àngel de les

Rústica

<!-- This site is optimized with the Yoast SEO plugin v27.3 - https://yoast.com/product/yoast-seo-wordpress/ -->
<title>¡Paso a la verdad!. Siguiendo el camino teresiano - CPL</title>
<meta name="robots" content="index, follow, max-snippet:-1, max-image-preview:large, max-video-preview:-1" />
<link rel="canonical" href="https://www.cpl.es/producto/paso-a-la-verdad-siguiendo-el-camino-teresiano-9788491651383/" />
<meta property="og:locale" content="ca_ES" />
<meta property="og:type" content="article" />
<meta property="og:title" content="¡Paso a la verdad!. Siguiendo el camino teresiano - CPL" />
<meta property="og:description" content="Gavarres, Àngel de les" />
<meta property="og:url" content="https://www.cpl.es/producto/paso-a-la-verdad-siguiendo-el-camino-teresiano-9788491651383/" />
<meta property="og:site_name" content="CPL" />
<meta property="article:modified_time" content="2023-12-05T12:36:13+00:00" />
<meta property="og:image" content="https://www.cpl.es/wp-content/uploads/150023.jpg" />
	<meta property="og:image:width" content="280" />
	<meta property="og:image:height" content="408" />
	<meta property="og:image:type" content="image/jpeg" />
<meta name="twitter:card" content="summary_large_image" />
<meta name="twitter:label1" content="Temps estimat de lectura" />
	<meta name="twitter:data1" content="1 minut" />
<script type="application/ld+json" class="yoast-schema-graph">{"@context":"https:\/\/schema.org","@graph":[{"@type":"WebPage","@id":"https:\/\/www.cpl.es\/producto\/paso-a-la-verdad-siguiendo-el-camino-teresiano-9788491651383\/","url":"https:\/\/www.cpl.es\/producto\/paso-a-la-verdad-siguiendo-el-camino-teresiano-9788491651383\/","name":"¡Paso a la verdad!. Siguiendo el camino teresiano - CPL","isPartOf":{"@id":"https:\/\/www.cpl.es\/#website"},"primaryImageOfPage":{"@id":"https:\/\/www.cpl.es\/producto\/paso-a-la-verdad-siguiendo-el-camino-teresiano-9788491651383\/#primaryimage"},"image":{"@id":"https:\/\/www.cpl.es\/producto\/paso-a-la-verdad-siguiendo-el-camino-teresiano-9788491651383\/#primaryimage"},"thumbnailUrl":"https:\/\/www.cpl.es\/wp-content\/uploads\/150023.jpg","datePublished":"2023-10-03T23:11:06+00:00","dateModified":"2023-12-05T12:36:13+00:00","breadcrumb":{"@id":"https:\/\/www.cpl.es\/producto\/paso-a-la-verdad-siguiendo-el-camino-teresiano-9788491651383\/#breadcrumb"},"inLanguage":"ca","potentialAction":[{"@type":"ReadAction","target":["https:\/\/www.cpl.es\/producto\/paso-a-la-verdad-siguiendo-el-camino-teresiano-9788491651383\/"]}]},{"@type":"ImageObject","inLanguage":"ca","@id":"https:\/\/www.cpl.es\/producto\/paso-a-la-verdad-siguiendo-el-camino-teresiano-9788491651383\/#primaryimage","url":"https:\/\/www.cpl.es\/wp-content\/uploads\/150023.jpg","contentUrl":"https:\/\/www.cpl.es\/wp-content\/uploads\/150023.jpg","width":280,"height":408,"caption":"150023.jpg"},{"@type":"BreadcrumbList","@id":"https:\/\/www.cpl.es\/producto\/paso-a-la-verdad-siguiendo-el-camino-teresiano-9788491651383\/#breadcrumb","itemListElement":[{"@type":"ListItem","position":1,"name":"Portada","item":"https:\/\/www.cpl.es\/ca\/"},{"@type":"ListItem","position":2,"name":"Catàleg","item":"https:\/\/www.cpl.es\/ca\/cataleg\/"},{"@type":"ListItem","position":3,"name":"¡Paso a la verdad!. Siguiendo el camino teresiano"}]},{"@type":"WebSite","@id":"https:\/\/www.cpl.es\/#website","url":"https:\/\/www.cpl.es\/","name":"CPL","description":"Centre de Pastoral Litúrgica de Barcelona","publisher":{"@id":"https:\/\/www.cpl.es\/#organization"},"alternateName":"Centre de Pastoral Litúrgica","potentialAction":[{"@type":"SearchAction","target":{"@type":"EntryPoint","urlTemplate":"https:\/\/www.cpl.es\/?s={search_term_string}"},"query-input":{"@type":"PropertyValueSpecification","valueRequired":true,"valueName":"search_term_string"}}],"inLanguage":"ca"},{"@type":"Organization","@id":"https:\/\/www.cpl.es\/#organization","name":"Centre de Pastoral Litúrgica","alternateName":"Centre de Pastoral Litúrgica de Barcelona","url":"https:\/\/www.cpl.es\/","logo":{"@type":"ImageObject","inLanguage":"ca","@id":"https:\/\/www.cpl.es\/#\/schema\/logo\/image\/","url":"https:\/\/www.cpl.es\/wp-content\/uploads\/logo-cpl.svg","contentUrl":"https:\/\/www.cpl.es\/wp-content\/uploads\/logo-cpl.svg","caption":"Centre de Pastoral Litúrgica"},"image":{"@id":"https:\/\/www.cpl.es\/#\/schema\/logo\/image\/"}}]}</script>
<!-- / Yoast SEO plugin. -->

Catàleg

Centre de Pastoral Litúrgica de Barcelona

Centre de Pastoral Litúrgica
