{"id":1434,"date":"2023-10-04T01:10:48","date_gmt":"2023-10-03T23:10:48","guid":{"rendered":"https:\/\/nuevaweb.cpl.es\/producto\/intelligencia-pastoral-eixos-per-una-reflexio-teologica-9788491651260\/"},"modified":"2026-02-05T14:03:03","modified_gmt":"2026-02-05T13:03:03","slug":"intelligencia-pastoral-eixos-per-una-reflexio-teologica-9788491651260","status":"publish","type":"product","link":"https:\/\/www.cpl.es\/ca\/producto\/intelligencia-pastoral-eixos-per-una-reflexio-teologica-9788491651260\/","title":{"rendered":"Intel\u00b7lig\u00e8ncia pastoral. Eixos per una reflexi\u00f3 teol\u00f2gica"},"content":{"rendered":"<p>Amb aquest volum s\u2019inicia una nova col\u00b7lecci\u00f3 del CPL, en col\u00b7laboraci\u00f3 amb la C\u00e0tedra Dr. Pont i Gol de Teologia<br \/>Pastoral, de la Facultat de Teologia de Catalunya.<br \/>El professor Daniel Palau, director de la c\u00e0tedra i de la col.lecci\u00f3 &#8216;Pastoral.doc' defineix i actualitza en aquest primer n\u00famero la teologia pastoral que necessita l\u2019Esgl\u00e9sia per donar resposta a les inquietuds del m\u00f3n d\u2019avui, unint reflexi\u00f3 i vida.<\/p>\n","protected":false},"excerpt":{"rendered":"<p>Palau Valero, Daniel<\/p>\n","protected":false},"featured_media":1435,"template":"","meta":{"_acf_changed":false,"inline_featured_image":false},"product_brand":[],"product_cat":[],"product_tag":[],"class_list":{"0":"post-1434","1":"product","2":"type-product","3":"status-publish","4":"has-post-thumbnail","7":"first","8":"instock","9":"taxable","10":"shipping-taxable","11":"purchasable","12":"product-type-simple"},"acf":{"autor":"Palau Valero, Daniel","codart":"215001","ediciones":"1","encuadernacion":"R\u00fastica","fecha_de_publicacion":"14\/06\/2018","novedad":false,"paginas":"152","subtitulo":"","orden":"999","portada":false,"idioma":"cat","editorial":[{"ID":6736,"post_author":"2","post_date":"2023-10-06 08:35:24","post_date_gmt":"2023-10-06 06:35:24","post_content":"","post_title":"CPL","post_excerpt":"","post_status":"publish","comment_status":"closed","ping_status":"closed","post_password":"","post_name":"cpl","to_ping":"","pinged":"","post_modified":"2023-10-06 08:35:24","post_modified_gmt":"2023-10-06 06:35:24","post_content_filtered":"","post_parent":0,"guid":"https:\/\/nuevaweb.cpl.es\/editorial\/cpl\/","menu_order":0,"post_type":"editorial","post_mime_type":"","comment_count":"0","filter":"raw"}],"coleccion_num":"1"},"yoast_head":"<!-- This site is optimized with the Yoast SEO plugin v27.3 - https:\/\/yoast.com\/product\/yoast-seo-wordpress\/ -->\n<title>Intel\u00b7lig\u00e8ncia pastoral. Eixos per una reflexi\u00f3 teol\u00f2gica - CPL<\/title>\n<meta name=\"robots\" content=\"index, follow, max-snippet:-1, max-image-preview:large, max-video-preview:-1\" \/>\n<link rel=\"canonical\" href=\"https:\/\/www.cpl.es\/ca\/producto\/intelligencia-pastoral-eixos-per-una-reflexio-teologica-9788491651260\/\" \/>\n<meta property=\"og:locale\" content=\"ca_ES\" \/>\n<meta property=\"og:type\" content=\"article\" \/>\n<meta property=\"og:title\" content=\"Intel\u00b7lig\u00e8ncia pastoral. Eixos per una reflexi\u00f3 teol\u00f2gica - CPL\" \/>\n<meta property=\"og:description\" content=\"Palau Valero, Daniel\" \/>\n<meta property=\"og:url\" content=\"https:\/\/www.cpl.es\/ca\/producto\/intelligencia-pastoral-eixos-per-una-reflexio-teologica-9788491651260\/\" \/>\n<meta property=\"og:site_name\" content=\"CPL\" \/>\n<meta property=\"article:modified_time\" content=\"2026-02-05T13:03:03+00:00\" \/>\n<meta property=\"og:image\" content=\"https:\/\/www.cpl.es\/wp-content\/uploads\/215001.jpg\" \/>\n\t<meta property=\"og:image:width\" content=\"280\" \/>\n\t<meta property=\"og:image:height\" content=\"393\" \/>\n\t<meta property=\"og:image:type\" content=\"image\/jpeg\" \/>\n<meta name=\"twitter:card\" content=\"summary_large_image\" \/>\n<script type=\"application\/ld+json\" class=\"yoast-schema-graph\">{\"@context\":\"https:\\\/\\\/schema.org\",\"@graph\":[{\"@type\":\"WebPage\",\"@id\":\"https:\\\/\\\/www.cpl.es\\\/ca\\\/producto\\\/intelligencia-pastoral-eixos-per-una-reflexio-teologica-9788491651260\\\/\",\"url\":\"https:\\\/\\\/www.cpl.es\\\/ca\\\/producto\\\/intelligencia-pastoral-eixos-per-una-reflexio-teologica-9788491651260\\\/\",\"name\":\"Intel\u00b7lig\u00e8ncia pastoral. Eixos per una reflexi\u00f3 teol\u00f2gica - CPL\",\"isPartOf\":{\"@id\":\"https:\\\/\\\/www.cpl.es\\\/#website\"},\"primaryImageOfPage\":{\"@id\":\"https:\\\/\\\/www.cpl.es\\\/ca\\\/producto\\\/intelligencia-pastoral-eixos-per-una-reflexio-teologica-9788491651260\\\/#primaryimage\"},\"image\":{\"@id\":\"https:\\\/\\\/www.cpl.es\\\/ca\\\/producto\\\/intelligencia-pastoral-eixos-per-una-reflexio-teologica-9788491651260\\\/#primaryimage\"},\"thumbnailUrl\":\"https:\\\/\\\/www.cpl.es\\\/wp-content\\\/uploads\\\/215001.jpg\",\"datePublished\":\"2023-10-03T23:10:48+00:00\",\"dateModified\":\"2026-02-05T13:03:03+00:00\",\"breadcrumb\":{\"@id\":\"https:\\\/\\\/www.cpl.es\\\/ca\\\/producto\\\/intelligencia-pastoral-eixos-per-una-reflexio-teologica-9788491651260\\\/#breadcrumb\"},\"inLanguage\":\"ca\",\"potentialAction\":[{\"@type\":\"ReadAction\",\"target\":[\"https:\\\/\\\/www.cpl.es\\\/ca\\\/producto\\\/intelligencia-pastoral-eixos-per-una-reflexio-teologica-9788491651260\\\/\"]}]},{\"@type\":\"ImageObject\",\"inLanguage\":\"ca\",\"@id\":\"https:\\\/\\\/www.cpl.es\\\/ca\\\/producto\\\/intelligencia-pastoral-eixos-per-una-reflexio-teologica-9788491651260\\\/#primaryimage\",\"url\":\"https:\\\/\\\/www.cpl.es\\\/wp-content\\\/uploads\\\/215001.jpg\",\"contentUrl\":\"https:\\\/\\\/www.cpl.es\\\/wp-content\\\/uploads\\\/215001.jpg\",\"width\":280,\"height\":393,\"caption\":\"215001.jpg\"},{\"@type\":\"BreadcrumbList\",\"@id\":\"https:\\\/\\\/www.cpl.es\\\/ca\\\/producto\\\/intelligencia-pastoral-eixos-per-una-reflexio-teologica-9788491651260\\\/#breadcrumb\",\"itemListElement\":[{\"@type\":\"ListItem\",\"position\":1,\"name\":\"Portada\",\"item\":\"https:\\\/\\\/www.cpl.es\\\/ca\\\/\"},{\"@type\":\"ListItem\",\"position\":2,\"name\":\"Cat\u00e0leg\",\"item\":\"https:\\\/\\\/www.cpl.es\\\/ca\\\/cataleg\\\/\"},{\"@type\":\"ListItem\",\"position\":3,\"name\":\"Intel\u00b7lig\u00e8ncia pastoral. Eixos per una reflexi\u00f3 teol\u00f2gica\"}]},{\"@type\":\"WebSite\",\"@id\":\"https:\\\/\\\/www.cpl.es\\\/#website\",\"url\":\"https:\\\/\\\/www.cpl.es\\\/\",\"name\":\"CPL\",\"description\":\"Centre de Pastoral Lit\u00fargica de Barcelona\",\"publisher\":{\"@id\":\"https:\\\/\\\/www.cpl.es\\\/#organization\"},\"alternateName\":\"Centre de Pastoral Lit\u00fargica\",\"potentialAction\":[{\"@type\":\"SearchAction\",\"target\":{\"@type\":\"EntryPoint\",\"urlTemplate\":\"https:\\\/\\\/www.cpl.es\\\/?s={search_term_string}\"},\"query-input\":{\"@type\":\"PropertyValueSpecification\",\"valueRequired\":true,\"valueName\":\"search_term_string\"}}],\"inLanguage\":\"ca\"},{\"@type\":\"Organization\",\"@id\":\"https:\\\/\\\/www.cpl.es\\\/#organization\",\"name\":\"Centre de Pastoral Lit\u00fargica\",\"alternateName\":\"Centre de Pastoral Lit\u00fargica de Barcelona\",\"url\":\"https:\\\/\\\/www.cpl.es\\\/\",\"logo\":{\"@type\":\"ImageObject\",\"inLanguage\":\"ca\",\"@id\":\"https:\\\/\\\/www.cpl.es\\\/#\\\/schema\\\/logo\\\/image\\\/\",\"url\":\"https:\\\/\\\/www.cpl.es\\\/wp-content\\\/uploads\\\/logo-cpl.svg\",\"contentUrl\":\"https:\\\/\\\/www.cpl.es\\\/wp-content\\\/uploads\\\/logo-cpl.svg\",\"caption\":\"Centre de Pastoral Lit\u00fargica\"},\"image\":{\"@id\":\"https:\\\/\\\/www.cpl.es\\\/#\\\/schema\\\/logo\\\/image\\\/\"}}]}<\/script>\n<!-- \/ Yoast SEO plugin. -->","yoast_head_json":{"title":"Intel\u00b7lig\u00e8ncia pastoral. Eixos per una reflexi\u00f3 teol\u00f2gica - CPL","robots":{"index":"index","follow":"follow","max-snippet":"max-snippet:-1","max-image-preview":"max-image-preview:large","max-video-preview":"max-video-preview:-1"},"canonical":"https:\/\/www.cpl.es\/ca\/producto\/intelligencia-pastoral-eixos-per-una-reflexio-teologica-9788491651260\/","og_locale":"ca_ES","og_type":"article","og_title":"Intel\u00b7lig\u00e8ncia pastoral. Eixos per una reflexi\u00f3 teol\u00f2gica - CPL","og_description":"Palau Valero, Daniel","og_url":"https:\/\/www.cpl.es\/ca\/producto\/intelligencia-pastoral-eixos-per-una-reflexio-teologica-9788491651260\/","og_site_name":"CPL","article_modified_time":"2026-02-05T13:03:03+00:00","og_image":[{"width":280,"height":393,"url":"https:\/\/www.cpl.es\/wp-content\/uploads\/215001.jpg","type":"image\/jpeg"}],"twitter_card":"summary_large_image","schema":{"@context":"https:\/\/schema.org","@graph":[{"@type":"WebPage","@id":"https:\/\/www.cpl.es\/ca\/producto\/intelligencia-pastoral-eixos-per-una-reflexio-teologica-9788491651260\/","url":"https:\/\/www.cpl.es\/ca\/producto\/intelligencia-pastoral-eixos-per-una-reflexio-teologica-9788491651260\/","name":"Intel\u00b7lig\u00e8ncia pastoral. Eixos per una reflexi\u00f3 teol\u00f2gica - CPL","isPartOf":{"@id":"https:\/\/www.cpl.es\/#website"},"primaryImageOfPage":{"@id":"https:\/\/www.cpl.es\/ca\/producto\/intelligencia-pastoral-eixos-per-una-reflexio-teologica-9788491651260\/#primaryimage"},"image":{"@id":"https:\/\/www.cpl.es\/ca\/producto\/intelligencia-pastoral-eixos-per-una-reflexio-teologica-9788491651260\/#primaryimage"},"thumbnailUrl":"https:\/\/www.cpl.es\/wp-content\/uploads\/215001.jpg","datePublished":"2023-10-03T23:10:48+00:00","dateModified":"2026-02-05T13:03:03+00:00","breadcrumb":{"@id":"https:\/\/www.cpl.es\/ca\/producto\/intelligencia-pastoral-eixos-per-una-reflexio-teologica-9788491651260\/#breadcrumb"},"inLanguage":"ca","potentialAction":[{"@type":"ReadAction","target":["https:\/\/www.cpl.es\/ca\/producto\/intelligencia-pastoral-eixos-per-una-reflexio-teologica-9788491651260\/"]}]},{"@type":"ImageObject","inLanguage":"ca","@id":"https:\/\/www.cpl.es\/ca\/producto\/intelligencia-pastoral-eixos-per-una-reflexio-teologica-9788491651260\/#primaryimage","url":"https:\/\/www.cpl.es\/wp-content\/uploads\/215001.jpg","contentUrl":"https:\/\/www.cpl.es\/wp-content\/uploads\/215001.jpg","width":280,"height":393,"caption":"215001.jpg"},{"@type":"BreadcrumbList","@id":"https:\/\/www.cpl.es\/ca\/producto\/intelligencia-pastoral-eixos-per-una-reflexio-teologica-9788491651260\/#breadcrumb","itemListElement":[{"@type":"ListItem","position":1,"name":"Portada","item":"https:\/\/www.cpl.es\/ca\/"},{"@type":"ListItem","position":2,"name":"Cat\u00e0leg","item":"https:\/\/www.cpl.es\/ca\/cataleg\/"},{"@type":"ListItem","position":3,"name":"Intel\u00b7lig\u00e8ncia pastoral. Eixos per una reflexi\u00f3 teol\u00f2gica"}]},{"@type":"WebSite","@id":"https:\/\/www.cpl.es\/#website","url":"https:\/\/www.cpl.es\/","name":"CPL","description":"Centre de Pastoral Lit\u00fargica de Barcelona","publisher":{"@id":"https:\/\/www.cpl.es\/#organization"},"alternateName":"Centre de Pastoral Lit\u00fargica","potentialAction":[{"@type":"SearchAction","target":{"@type":"EntryPoint","urlTemplate":"https:\/\/www.cpl.es\/?s={search_term_string}"},"query-input":{"@type":"PropertyValueSpecification","valueRequired":true,"valueName":"search_term_string"}}],"inLanguage":"ca"},{"@type":"Organization","@id":"https:\/\/www.cpl.es\/#organization","name":"Centre de Pastoral Lit\u00fargica","alternateName":"Centre de Pastoral Lit\u00fargica de Barcelona","url":"https:\/\/www.cpl.es\/","logo":{"@type":"ImageObject","inLanguage":"ca","@id":"https:\/\/www.cpl.es\/#\/schema\/logo\/image\/","url":"https:\/\/www.cpl.es\/wp-content\/uploads\/logo-cpl.svg","contentUrl":"https:\/\/www.cpl.es\/wp-content\/uploads\/logo-cpl.svg","caption":"Centre de Pastoral Lit\u00fargica"},"image":{"@id":"https:\/\/www.cpl.es\/#\/schema\/logo\/image\/"}}]}},"_links":{"self":[{"href":"https:\/\/www.cpl.es\/ca\/wp-json\/wp\/v2\/product\/1434","targetHints":{"allow":["GET"]}}],"collection":[{"href":"https:\/\/www.cpl.es\/ca\/wp-json\/wp\/v2\/product"}],"about":[{"href":"https:\/\/www.cpl.es\/ca\/wp-json\/wp\/v2\/types\/product"}],"wp:featuredmedia":[{"embeddable":true,"href":"https:\/\/www.cpl.es\/ca\/wp-json\/wp\/v2\/media\/1435"}],"wp:attachment":[{"href":"https:\/\/www.cpl.es\/ca\/wp-json\/wp\/v2\/media?parent=1434"}],"wp:term":[{"taxonomy":"product_brand","embeddable":true,"href":"https:\/\/www.cpl.es\/ca\/wp-json\/wp\/v2\/product_brand?post=1434"},{"taxonomy":"product_cat","embeddable":true,"href":"https:\/\/www.cpl.es\/ca\/wp-json\/wp\/v2\/product_cat?post=1434"},{"taxonomy":"product_tag","embeddable":true,"href":"https:\/\/www.cpl.es\/ca\/wp-json\/wp\/v2\/product_tag?post=1434"}],"curies":[{"name":"wp","href":"https:\/\/api.w.org\/{rel}","templated":true}]}}

Intel·ligència pastoral. Eixos per una reflexió teològica

<p>Amb aquest volum s’inicia una nova col·lecció del CPL, en col·laboració amb la Càtedra Dr. Pont i Gol de Teologia<br />Pastoral, de la Facultat de Teologia de Catalunya.<br />El professor Daniel Palau, director de la càtedra i de la col.lecció &#8216;Pastoral.doc' defineix i actualitza en aquest primer número la teologia pastoral que necessita l’Església per donar resposta a les inquietuds del món d’avui, unint reflexió i vida.</p>

Rústica

<!-- This site is optimized with the Yoast SEO plugin v27.3 - https://yoast.com/product/yoast-seo-wordpress/ -->
<title>Intel·ligència pastoral. Eixos per una reflexió teològica - CPL</title>
<meta name="robots" content="index, follow, max-snippet:-1, max-image-preview:large, max-video-preview:-1" />
<link rel="canonical" href="https://www.cpl.es/ca/producto/intelligencia-pastoral-eixos-per-una-reflexio-teologica-9788491651260/" />
<meta property="og:locale" content="ca_ES" />
<meta property="og:type" content="article" />
<meta property="og:title" content="Intel·ligència pastoral. Eixos per una reflexió teològica - CPL" />
<meta property="og:description" content="Palau Valero, Daniel" />
<meta property="og:url" content="https://www.cpl.es/ca/producto/intelligencia-pastoral-eixos-per-una-reflexio-teologica-9788491651260/" />
<meta property="og:site_name" content="CPL" />
<meta property="article:modified_time" content="2026-02-05T13:03:03+00:00" />
<meta property="og:image" content="https://www.cpl.es/wp-content/uploads/215001.jpg" />
	<meta property="og:image:width" content="280" />
	<meta property="og:image:height" content="393" />
	<meta property="og:image:type" content="image/jpeg" />
<meta name="twitter:card" content="summary_large_image" />
<script type="application/ld+json" class="yoast-schema-graph">{"@context":"https:\/\/schema.org","@graph":[{"@type":"WebPage","@id":"https:\/\/www.cpl.es\/ca\/producto\/intelligencia-pastoral-eixos-per-una-reflexio-teologica-9788491651260\/","url":"https:\/\/www.cpl.es\/ca\/producto\/intelligencia-pastoral-eixos-per-una-reflexio-teologica-9788491651260\/","name":"Intel·ligència pastoral. Eixos per una reflexió teològica - CPL","isPartOf":{"@id":"https:\/\/www.cpl.es\/#website"},"primaryImageOfPage":{"@id":"https:\/\/www.cpl.es\/ca\/producto\/intelligencia-pastoral-eixos-per-una-reflexio-teologica-9788491651260\/#primaryimage"},"image":{"@id":"https:\/\/www.cpl.es\/ca\/producto\/intelligencia-pastoral-eixos-per-una-reflexio-teologica-9788491651260\/#primaryimage"},"thumbnailUrl":"https:\/\/www.cpl.es\/wp-content\/uploads\/215001.jpg","datePublished":"2023-10-03T23:10:48+00:00","dateModified":"2026-02-05T13:03:03+00:00","breadcrumb":{"@id":"https:\/\/www.cpl.es\/ca\/producto\/intelligencia-pastoral-eixos-per-una-reflexio-teologica-9788491651260\/#breadcrumb"},"inLanguage":"ca","potentialAction":[{"@type":"ReadAction","target":["https:\/\/www.cpl.es\/ca\/producto\/intelligencia-pastoral-eixos-per-una-reflexio-teologica-9788491651260\/"]}]},{"@type":"ImageObject","inLanguage":"ca","@id":"https:\/\/www.cpl.es\/ca\/producto\/intelligencia-pastoral-eixos-per-una-reflexio-teologica-9788491651260\/#primaryimage","url":"https:\/\/www.cpl.es\/wp-content\/uploads\/215001.jpg","contentUrl":"https:\/\/www.cpl.es\/wp-content\/uploads\/215001.jpg","width":280,"height":393,"caption":"215001.jpg"},{"@type":"BreadcrumbList","@id":"https:\/\/www.cpl.es\/ca\/producto\/intelligencia-pastoral-eixos-per-una-reflexio-teologica-9788491651260\/#breadcrumb","itemListElement":[{"@type":"ListItem","position":1,"name":"Portada","item":"https:\/\/www.cpl.es\/ca\/"},{"@type":"ListItem","position":2,"name":"Catàleg","item":"https:\/\/www.cpl.es\/ca\/cataleg\/"},{"@type":"ListItem","position":3,"name":"Intel·ligència pastoral. Eixos per una reflexió teològica"}]},{"@type":"WebSite","@id":"https:\/\/www.cpl.es\/#website","url":"https:\/\/www.cpl.es\/","name":"CPL","description":"Centre de Pastoral Litúrgica de Barcelona","publisher":{"@id":"https:\/\/www.cpl.es\/#organization"},"alternateName":"Centre de Pastoral Litúrgica","potentialAction":[{"@type":"SearchAction","target":{"@type":"EntryPoint","urlTemplate":"https:\/\/www.cpl.es\/?s={search_term_string}"},"query-input":{"@type":"PropertyValueSpecification","valueRequired":true,"valueName":"search_term_string"}}],"inLanguage":"ca"},{"@type":"Organization","@id":"https:\/\/www.cpl.es\/#organization","name":"Centre de Pastoral Litúrgica","alternateName":"Centre de Pastoral Litúrgica de Barcelona","url":"https:\/\/www.cpl.es\/","logo":{"@type":"ImageObject","inLanguage":"ca","@id":"https:\/\/www.cpl.es\/#\/schema\/logo\/image\/","url":"https:\/\/www.cpl.es\/wp-content\/uploads\/logo-cpl.svg","contentUrl":"https:\/\/www.cpl.es\/wp-content\/uploads\/logo-cpl.svg","caption":"Centre de Pastoral Litúrgica"},"image":{"@id":"https:\/\/www.cpl.es\/#\/schema\/logo\/image\/"}}]}</script>
<!-- / Yoast SEO plugin. -->

Intel·ligència pastoral. Eixos per una reflexió teològica - CPL

Catàleg

Centre de Pastoral Litúrgica de Barcelona

Centre de Pastoral Litúrgica
