{"id":12466,"date":"2024-03-19T18:38:47","date_gmt":"2024-03-19T17:38:47","guid":{"rendered":"https:\/\/nuevaweb.cpl.es\/producto\/los-libros-liturgicos-del-concilio-vaticano-ii-9788491656180\/"},"modified":"2025-10-03T11:10:26","modified_gmt":"2025-10-03T09:10:26","slug":"los-libros-liturgicos-del-concilio-vaticano-ii-9788491656180","status":"publish","type":"product","link":"https:\/\/www.cpl.es\/ca\/producto\/los-libros-liturgicos-del-concilio-vaticano-ii-9788491656180\/","title":{"rendered":"Los libros lit\u00fargicos del Concilio Vaticano II"},"content":{"rendered":"<p> El Concilio Vaticano II propici\u00f3 una reforma general de la liturgia que conllevo la revisi\u00f3n y renovaci\u00f3n de los diferentes libros lit\u00fargicos del rito romano. Adem\u00e1s, por primera vez en la historia se pudieron traducir a las lenguas vern\u00e1culas para que fueran comprensibles por el pueblo fiel. Las p\u00e1ginas de este volumen nos adentran en todos estos libros que se emplean para las celebraciones lit\u00fargicas tal y como quedaron configuradas tras el Concilio Vaticano II. De cada uno de ellos el autor ofrece una nota hist\u00f3rica, los criterios de elaboraci\u00f3n de los libros, la estructura lit\u00fargica, aspectos teol\u00f3gicos, aspectos pastorales. Adem\u00e1s figura una extensa bibliograf\u00eda de cada uno de estos libros para que el lector pueda ampliar sus conocimientos. Este estudio es fruto de los a\u00f1os en los que Francesc Xavier Par\u00e9s ha impartido esta asignatura en el Instituto de Liturgia de Barcelona. Sin embargo, la muerte inesperada en 2020 le ha impedido ver su publicaci\u00f3n. <br \/> Francesc Xavier Par\u00e9s Saltor (Ribes de Freser, 1940 &#8211; Barcelona, 2020). Curs\u00f3 los estudios de Filosof\u00eda y de Teolog\u00eda en el Seminario Diocesano de Urgell y la di\u00f3cesis de Pamplona y fue ordenado sacerdote en la iglesia de la Sagrada Familia de la Seu d\u2019Urgell en el a\u00f1o 1964. Estuvo siempre muy vinculado a la parroquia de Sant Ot de La Seu de Urgell de la que fue rector (2003-2017) y tambi\u00e9n con la catedral de Sta. Mar\u00eda, donde fue el decano del Cap\u00edtulo Catedral. En el a\u00f1o 2016 fue declarado Hijo Adoptivo de la ciudad de La Seu d\u2019Urgell. Era licenciado en Sagrada Liturgia por la Pontificia Universidad de San Anselmo de Roma y doctor en Sagrada Liturgia por la Facultad de Teolog\u00eda de Catalu\u00f1a. Fue profesor en el Instituto Superior de Liturgia de Barcelona y miembro del Centro de Pastoral Lit\u00fargica de Barcelona. Tambi\u00e9n fue rector del Seminario Diocesano de Urgell (1994-2003) y de la parroquia de Escaldes-Engordany, en Andorra (1990-1994) y delegado diocesano de liturgia.<\/p>\n","protected":false},"excerpt":{"rendered":"<p>Par\u00e9s i Saltor, Francesc Xavier<\/p>\n","protected":false},"featured_media":19292,"template":"","meta":{"_acf_changed":false,"inline_featured_image":false},"product_brand":[],"product_cat":[74,46,32,33],"product_tag":[],"class_list":{"0":"post-12466","1":"product","2":"type-product","3":"status-publish","4":"has-post-thumbnail","6":"product_cat-biblioteca-liturgica-colleccions-catala","7":"product_cat-biblioteca-liturgica","8":"product_cat-castellano","9":"product_cat-catala","11":"first","12":"instock","13":"taxable","14":"shipping-taxable","15":"purchasable","16":"product-type-simple"},"acf":{"autor":"Par\u00e9s i Saltor, Francesc Xavier","codart":"111069","ediciones":"1","encuadernacion":"Cartone","fecha_de_publicacion":"21\/02\/2024","novedad":false,"paginas":"532","subtitulo":"","orden":"999","portada":true,"idioma":"spa","coleccion_num":"69","editorial":[{"ID":6736,"post_author":"2","post_date":"2023-10-06 08:35:24","post_date_gmt":"2023-10-06 06:35:24","post_content":"","post_title":"CPL","post_excerpt":"","post_status":"publish","comment_status":"closed","ping_status":"closed","post_password":"","post_name":"cpl","to_ping":"","pinged":"","post_modified":"2023-10-06 08:35:24","post_modified_gmt":"2023-10-06 06:35:24","post_content_filtered":"","post_parent":0,"guid":"https:\/\/nuevaweb.cpl.es\/editorial\/cpl\/","menu_order":0,"post_type":"editorial","post_mime_type":"","comment_count":"0","filter":"raw"}],"booktrailer":"","ficha":"","muestra":"","presentacion":""},"yoast_head":"<!-- This site is optimized with the Yoast SEO plugin v27.3 - https:\/\/yoast.com\/product\/yoast-seo-wordpress\/ -->\n<title>Los libros lit\u00fargicos del Concilio Vaticano II - CPL<\/title>\n<meta name=\"robots\" content=\"index, follow, max-snippet:-1, max-image-preview:large, max-video-preview:-1\" \/>\n<link rel=\"canonical\" href=\"https:\/\/www.cpl.es\/producto\/los-libros-liturgicos-del-concilio-vaticano-ii-9788491656180\/\" \/>\n<meta property=\"og:locale\" content=\"ca_ES\" \/>\n<meta property=\"og:type\" content=\"article\" \/>\n<meta property=\"og:title\" content=\"Los libros lit\u00fargicos del Concilio Vaticano II - CPL\" \/>\n<meta property=\"og:description\" content=\"Par\u00e9s i Saltor, Francesc Xavier\" \/>\n<meta property=\"og:url\" content=\"https:\/\/www.cpl.es\/producto\/los-libros-liturgicos-del-concilio-vaticano-ii-9788491656180\/\" \/>\n<meta property=\"og:site_name\" content=\"CPL\" \/>\n<meta property=\"article:modified_time\" content=\"2025-10-03T09:10:26+00:00\" \/>\n<meta property=\"og:image\" content=\"https:\/\/www.cpl.es\/wp-content\/uploads\/9788491656180-4.jpg\" \/>\n\t<meta property=\"og:image:width\" content=\"308\" \/>\n\t<meta property=\"og:image:height\" content=\"429\" \/>\n\t<meta property=\"og:image:type\" content=\"image\/jpeg\" \/>\n<meta name=\"twitter:card\" content=\"summary_large_image\" \/>\n<meta name=\"twitter:label1\" content=\"Temps estimat de lectura\" \/>\n\t<meta name=\"twitter:data1\" content=\"2 minuts\" \/>\n<script type=\"application\/ld+json\" class=\"yoast-schema-graph\">{\"@context\":\"https:\\\/\\\/schema.org\",\"@graph\":[{\"@type\":\"WebPage\",\"@id\":\"https:\\\/\\\/www.cpl.es\\\/producto\\\/los-libros-liturgicos-del-concilio-vaticano-ii-9788491656180\\\/\",\"url\":\"https:\\\/\\\/www.cpl.es\\\/producto\\\/los-libros-liturgicos-del-concilio-vaticano-ii-9788491656180\\\/\",\"name\":\"Los libros lit\u00fargicos del Concilio Vaticano II - CPL\",\"isPartOf\":{\"@id\":\"https:\\\/\\\/www.cpl.es\\\/#website\"},\"primaryImageOfPage\":{\"@id\":\"https:\\\/\\\/www.cpl.es\\\/producto\\\/los-libros-liturgicos-del-concilio-vaticano-ii-9788491656180\\\/#primaryimage\"},\"image\":{\"@id\":\"https:\\\/\\\/www.cpl.es\\\/producto\\\/los-libros-liturgicos-del-concilio-vaticano-ii-9788491656180\\\/#primaryimage\"},\"thumbnailUrl\":\"https:\\\/\\\/www.cpl.es\\\/wp-content\\\/uploads\\\/9788491656180-4.jpg\",\"datePublished\":\"2024-03-19T17:38:47+00:00\",\"dateModified\":\"2025-10-03T09:10:26+00:00\",\"breadcrumb\":{\"@id\":\"https:\\\/\\\/www.cpl.es\\\/producto\\\/los-libros-liturgicos-del-concilio-vaticano-ii-9788491656180\\\/#breadcrumb\"},\"inLanguage\":\"ca\",\"potentialAction\":[{\"@type\":\"ReadAction\",\"target\":[\"https:\\\/\\\/www.cpl.es\\\/producto\\\/los-libros-liturgicos-del-concilio-vaticano-ii-9788491656180\\\/\"]}]},{\"@type\":\"ImageObject\",\"inLanguage\":\"ca\",\"@id\":\"https:\\\/\\\/www.cpl.es\\\/producto\\\/los-libros-liturgicos-del-concilio-vaticano-ii-9788491656180\\\/#primaryimage\",\"url\":\"https:\\\/\\\/www.cpl.es\\\/wp-content\\\/uploads\\\/9788491656180-4.jpg\",\"contentUrl\":\"https:\\\/\\\/www.cpl.es\\\/wp-content\\\/uploads\\\/9788491656180-4.jpg\",\"width\":308,\"height\":429,\"caption\":\"9788491656180.jpg\"},{\"@type\":\"BreadcrumbList\",\"@id\":\"https:\\\/\\\/www.cpl.es\\\/producto\\\/los-libros-liturgicos-del-concilio-vaticano-ii-9788491656180\\\/#breadcrumb\",\"itemListElement\":[{\"@type\":\"ListItem\",\"position\":1,\"name\":\"Portada\",\"item\":\"https:\\\/\\\/www.cpl.es\\\/ca\\\/\"},{\"@type\":\"ListItem\",\"position\":2,\"name\":\"Cat\u00e0leg\",\"item\":\"https:\\\/\\\/www.cpl.es\\\/ca\\\/cataleg\\\/\"},{\"@type\":\"ListItem\",\"position\":3,\"name\":\"Los libros lit\u00fargicos del Concilio Vaticano II\"}]},{\"@type\":\"WebSite\",\"@id\":\"https:\\\/\\\/www.cpl.es\\\/#website\",\"url\":\"https:\\\/\\\/www.cpl.es\\\/\",\"name\":\"CPL\",\"description\":\"Centre de Pastoral Lit\u00fargica de Barcelona\",\"publisher\":{\"@id\":\"https:\\\/\\\/www.cpl.es\\\/#organization\"},\"alternateName\":\"Centre de Pastoral Lit\u00fargica\",\"potentialAction\":[{\"@type\":\"SearchAction\",\"target\":{\"@type\":\"EntryPoint\",\"urlTemplate\":\"https:\\\/\\\/www.cpl.es\\\/?s={search_term_string}\"},\"query-input\":{\"@type\":\"PropertyValueSpecification\",\"valueRequired\":true,\"valueName\":\"search_term_string\"}}],\"inLanguage\":\"ca\"},{\"@type\":\"Organization\",\"@id\":\"https:\\\/\\\/www.cpl.es\\\/#organization\",\"name\":\"Centre de Pastoral Lit\u00fargica\",\"alternateName\":\"Centre de Pastoral Lit\u00fargica de Barcelona\",\"url\":\"https:\\\/\\\/www.cpl.es\\\/\",\"logo\":{\"@type\":\"ImageObject\",\"inLanguage\":\"ca\",\"@id\":\"https:\\\/\\\/www.cpl.es\\\/#\\\/schema\\\/logo\\\/image\\\/\",\"url\":\"https:\\\/\\\/www.cpl.es\\\/wp-content\\\/uploads\\\/logo-cpl.svg\",\"contentUrl\":\"https:\\\/\\\/www.cpl.es\\\/wp-content\\\/uploads\\\/logo-cpl.svg\",\"caption\":\"Centre de Pastoral Lit\u00fargica\"},\"image\":{\"@id\":\"https:\\\/\\\/www.cpl.es\\\/#\\\/schema\\\/logo\\\/image\\\/\"}}]}<\/script>\n<!-- \/ Yoast SEO plugin. -->","yoast_head_json":{"title":"Los libros lit\u00fargicos del Concilio Vaticano II - CPL","robots":{"index":"index","follow":"follow","max-snippet":"max-snippet:-1","max-image-preview":"max-image-preview:large","max-video-preview":"max-video-preview:-1"},"canonical":"https:\/\/www.cpl.es\/producto\/los-libros-liturgicos-del-concilio-vaticano-ii-9788491656180\/","og_locale":"ca_ES","og_type":"article","og_title":"Los libros lit\u00fargicos del Concilio Vaticano II - CPL","og_description":"Par\u00e9s i Saltor, Francesc Xavier","og_url":"https:\/\/www.cpl.es\/producto\/los-libros-liturgicos-del-concilio-vaticano-ii-9788491656180\/","og_site_name":"CPL","article_modified_time":"2025-10-03T09:10:26+00:00","og_image":[{"width":308,"height":429,"url":"https:\/\/www.cpl.es\/wp-content\/uploads\/9788491656180-4.jpg","type":"image\/jpeg"}],"twitter_card":"summary_large_image","twitter_misc":{"Temps estimat de lectura":"2 minuts"},"schema":{"@context":"https:\/\/schema.org","@graph":[{"@type":"WebPage","@id":"https:\/\/www.cpl.es\/producto\/los-libros-liturgicos-del-concilio-vaticano-ii-9788491656180\/","url":"https:\/\/www.cpl.es\/producto\/los-libros-liturgicos-del-concilio-vaticano-ii-9788491656180\/","name":"Los libros lit\u00fargicos del Concilio Vaticano II - CPL","isPartOf":{"@id":"https:\/\/www.cpl.es\/#website"},"primaryImageOfPage":{"@id":"https:\/\/www.cpl.es\/producto\/los-libros-liturgicos-del-concilio-vaticano-ii-9788491656180\/#primaryimage"},"image":{"@id":"https:\/\/www.cpl.es\/producto\/los-libros-liturgicos-del-concilio-vaticano-ii-9788491656180\/#primaryimage"},"thumbnailUrl":"https:\/\/www.cpl.es\/wp-content\/uploads\/9788491656180-4.jpg","datePublished":"2024-03-19T17:38:47+00:00","dateModified":"2025-10-03T09:10:26+00:00","breadcrumb":{"@id":"https:\/\/www.cpl.es\/producto\/los-libros-liturgicos-del-concilio-vaticano-ii-9788491656180\/#breadcrumb"},"inLanguage":"ca","potentialAction":[{"@type":"ReadAction","target":["https:\/\/www.cpl.es\/producto\/los-libros-liturgicos-del-concilio-vaticano-ii-9788491656180\/"]}]},{"@type":"ImageObject","inLanguage":"ca","@id":"https:\/\/www.cpl.es\/producto\/los-libros-liturgicos-del-concilio-vaticano-ii-9788491656180\/#primaryimage","url":"https:\/\/www.cpl.es\/wp-content\/uploads\/9788491656180-4.jpg","contentUrl":"https:\/\/www.cpl.es\/wp-content\/uploads\/9788491656180-4.jpg","width":308,"height":429,"caption":"9788491656180.jpg"},{"@type":"BreadcrumbList","@id":"https:\/\/www.cpl.es\/producto\/los-libros-liturgicos-del-concilio-vaticano-ii-9788491656180\/#breadcrumb","itemListElement":[{"@type":"ListItem","position":1,"name":"Portada","item":"https:\/\/www.cpl.es\/ca\/"},{"@type":"ListItem","position":2,"name":"Cat\u00e0leg","item":"https:\/\/www.cpl.es\/ca\/cataleg\/"},{"@type":"ListItem","position":3,"name":"Los libros lit\u00fargicos del Concilio Vaticano II"}]},{"@type":"WebSite","@id":"https:\/\/www.cpl.es\/#website","url":"https:\/\/www.cpl.es\/","name":"CPL","description":"Centre de Pastoral Lit\u00fargica de Barcelona","publisher":{"@id":"https:\/\/www.cpl.es\/#organization"},"alternateName":"Centre de Pastoral Lit\u00fargica","potentialAction":[{"@type":"SearchAction","target":{"@type":"EntryPoint","urlTemplate":"https:\/\/www.cpl.es\/?s={search_term_string}"},"query-input":{"@type":"PropertyValueSpecification","valueRequired":true,"valueName":"search_term_string"}}],"inLanguage":"ca"},{"@type":"Organization","@id":"https:\/\/www.cpl.es\/#organization","name":"Centre de Pastoral Lit\u00fargica","alternateName":"Centre de Pastoral Lit\u00fargica de Barcelona","url":"https:\/\/www.cpl.es\/","logo":{"@type":"ImageObject","inLanguage":"ca","@id":"https:\/\/www.cpl.es\/#\/schema\/logo\/image\/","url":"https:\/\/www.cpl.es\/wp-content\/uploads\/logo-cpl.svg","contentUrl":"https:\/\/www.cpl.es\/wp-content\/uploads\/logo-cpl.svg","caption":"Centre de Pastoral Lit\u00fargica"},"image":{"@id":"https:\/\/www.cpl.es\/#\/schema\/logo\/image\/"}}]}},"_links":{"self":[{"href":"https:\/\/www.cpl.es\/ca\/wp-json\/wp\/v2\/product\/12466","targetHints":{"allow":["GET"]}}],"collection":[{"href":"https:\/\/www.cpl.es\/ca\/wp-json\/wp\/v2\/product"}],"about":[{"href":"https:\/\/www.cpl.es\/ca\/wp-json\/wp\/v2\/types\/product"}],"wp:featuredmedia":[{"embeddable":true,"href":"https:\/\/www.cpl.es\/ca\/wp-json\/wp\/v2\/media\/19292"}],"wp:attachment":[{"href":"https:\/\/www.cpl.es\/ca\/wp-json\/wp\/v2\/media?parent=12466"}],"wp:term":[{"taxonomy":"product_brand","embeddable":true,"href":"https:\/\/www.cpl.es\/ca\/wp-json\/wp\/v2\/product_brand?post=12466"},{"taxonomy":"product_cat","embeddable":true,"href":"https:\/\/www.cpl.es\/ca\/wp-json\/wp\/v2\/product_cat?post=12466"},{"taxonomy":"product_tag","embeddable":true,"href":"https:\/\/www.cpl.es\/ca\/wp-json\/wp\/v2\/product_tag?post=12466"}],"curies":[{"name":"wp","href":"https:\/\/api.w.org\/{rel}","templated":true}]}}

Los libros litúrgicos del Concilio Vaticano II

<p> El Concilio Vaticano II propició una reforma general de la liturgia que conllevo la revisión y renovación de los diferentes libros litúrgicos del rito romano. Además, por primera vez en la historia se pudieron traducir a las lenguas vernáculas para que fueran comprensibles por el pueblo fiel. Las páginas de este volumen nos adentran en todos estos libros que se emplean para las celebraciones litúrgicas tal y como quedaron configuradas tras el Concilio Vaticano II. De cada uno de ellos el autor ofrece una nota histórica, los criterios de elaboración de los libros, la estructura litúrgica, aspectos teológicos, aspectos pastorales. Además figura una extensa bibliografía de cada uno de estos libros para que el lector pueda ampliar sus conocimientos. Este estudio es fruto de los años en los que Francesc Xavier Parés ha impartido esta asignatura en el Instituto de Liturgia de Barcelona. Sin embargo, la muerte inesperada en 2020 le ha impedido ver su publicación. <br /> Francesc Xavier Parés Saltor (Ribes de Freser, 1940 &#8211; Barcelona, 2020). Cursó los estudios de Filosofía y de Teología en el Seminario Diocesano de Urgell y la diócesis de Pamplona y fue ordenado sacerdote en la iglesia de la Sagrada Familia de la Seu d’Urgell en el año 1964. Estuvo siempre muy vinculado a la parroquia de Sant Ot de La Seu de Urgell de la que fue rector (2003-2017) y también con la catedral de Sta. María, donde fue el decano del Capítulo Catedral. En el año 2016 fue declarado Hijo Adoptivo de la ciudad de La Seu d’Urgell. Era licenciado en Sagrada Liturgia por la Pontificia Universidad de San Anselmo de Roma y doctor en Sagrada Liturgia por la Facultad de Teología de Cataluña. Fue profesor en el Instituto Superior de Liturgia de Barcelona y miembro del Centro de Pastoral Litúrgica de Barcelona. También fue rector del Seminario Diocesano de Urgell (1994-2003) y de la parroquia de Escaldes-Engordany, en Andorra (1990-1994) y delegado diocesano de liturgia.</p>

<p>Parés i Saltor, Francesc Xavier</p>

Parés i Saltor, Francesc Xavier

<!-- This site is optimized with the Yoast SEO plugin v27.3 - https://yoast.com/product/yoast-seo-wordpress/ -->
<title>Los libros litúrgicos del Concilio Vaticano II - CPL</title>
<meta name="robots" content="index, follow, max-snippet:-1, max-image-preview:large, max-video-preview:-1" />
<link rel="canonical" href="https://www.cpl.es/producto/los-libros-liturgicos-del-concilio-vaticano-ii-9788491656180/" />
<meta property="og:locale" content="ca_ES" />
<meta property="og:type" content="article" />
<meta property="og:title" content="Los libros litúrgicos del Concilio Vaticano II - CPL" />
<meta property="og:description" content="Parés i Saltor, Francesc Xavier" />
<meta property="og:url" content="https://www.cpl.es/producto/los-libros-liturgicos-del-concilio-vaticano-ii-9788491656180/" />
<meta property="og:site_name" content="CPL" />
<meta property="article:modified_time" content="2025-10-03T09:10:26+00:00" />
<meta property="og:image" content="https://www.cpl.es/wp-content/uploads/9788491656180-4.jpg" />
	<meta property="og:image:width" content="308" />
	<meta property="og:image:height" content="429" />
	<meta property="og:image:type" content="image/jpeg" />
<meta name="twitter:card" content="summary_large_image" />
<meta name="twitter:label1" content="Temps estimat de lectura" />
	<meta name="twitter:data1" content="2 minuts" />
<script type="application/ld+json" class="yoast-schema-graph">{"@context":"https:\/\/schema.org","@graph":[{"@type":"WebPage","@id":"https:\/\/www.cpl.es\/producto\/los-libros-liturgicos-del-concilio-vaticano-ii-9788491656180\/","url":"https:\/\/www.cpl.es\/producto\/los-libros-liturgicos-del-concilio-vaticano-ii-9788491656180\/","name":"Los libros litúrgicos del Concilio Vaticano II - CPL","isPartOf":{"@id":"https:\/\/www.cpl.es\/#website"},"primaryImageOfPage":{"@id":"https:\/\/www.cpl.es\/producto\/los-libros-liturgicos-del-concilio-vaticano-ii-9788491656180\/#primaryimage"},"image":{"@id":"https:\/\/www.cpl.es\/producto\/los-libros-liturgicos-del-concilio-vaticano-ii-9788491656180\/#primaryimage"},"thumbnailUrl":"https:\/\/www.cpl.es\/wp-content\/uploads\/9788491656180-4.jpg","datePublished":"2024-03-19T17:38:47+00:00","dateModified":"2025-10-03T09:10:26+00:00","breadcrumb":{"@id":"https:\/\/www.cpl.es\/producto\/los-libros-liturgicos-del-concilio-vaticano-ii-9788491656180\/#breadcrumb"},"inLanguage":"ca","potentialAction":[{"@type":"ReadAction","target":["https:\/\/www.cpl.es\/producto\/los-libros-liturgicos-del-concilio-vaticano-ii-9788491656180\/"]}]},{"@type":"ImageObject","inLanguage":"ca","@id":"https:\/\/www.cpl.es\/producto\/los-libros-liturgicos-del-concilio-vaticano-ii-9788491656180\/#primaryimage","url":"https:\/\/www.cpl.es\/wp-content\/uploads\/9788491656180-4.jpg","contentUrl":"https:\/\/www.cpl.es\/wp-content\/uploads\/9788491656180-4.jpg","width":308,"height":429,"caption":"9788491656180.jpg"},{"@type":"BreadcrumbList","@id":"https:\/\/www.cpl.es\/producto\/los-libros-liturgicos-del-concilio-vaticano-ii-9788491656180\/#breadcrumb","itemListElement":[{"@type":"ListItem","position":1,"name":"Portada","item":"https:\/\/www.cpl.es\/ca\/"},{"@type":"ListItem","position":2,"name":"Catàleg","item":"https:\/\/www.cpl.es\/ca\/cataleg\/"},{"@type":"ListItem","position":3,"name":"Los libros litúrgicos del Concilio Vaticano II"}]},{"@type":"WebSite","@id":"https:\/\/www.cpl.es\/#website","url":"https:\/\/www.cpl.es\/","name":"CPL","description":"Centre de Pastoral Litúrgica de Barcelona","publisher":{"@id":"https:\/\/www.cpl.es\/#organization"},"alternateName":"Centre de Pastoral Litúrgica","potentialAction":[{"@type":"SearchAction","target":{"@type":"EntryPoint","urlTemplate":"https:\/\/www.cpl.es\/?s={search_term_string}"},"query-input":{"@type":"PropertyValueSpecification","valueRequired":true,"valueName":"search_term_string"}}],"inLanguage":"ca"},{"@type":"Organization","@id":"https:\/\/www.cpl.es\/#organization","name":"Centre de Pastoral Litúrgica","alternateName":"Centre de Pastoral Litúrgica de Barcelona","url":"https:\/\/www.cpl.es\/","logo":{"@type":"ImageObject","inLanguage":"ca","@id":"https:\/\/www.cpl.es\/#\/schema\/logo\/image\/","url":"https:\/\/www.cpl.es\/wp-content\/uploads\/logo-cpl.svg","contentUrl":"https:\/\/www.cpl.es\/wp-content\/uploads\/logo-cpl.svg","caption":"Centre de Pastoral Litúrgica"},"image":{"@id":"https:\/\/www.cpl.es\/#\/schema\/logo\/image\/"}}]}</script>
<!-- / Yoast SEO plugin. -->

Los libros litúrgicos del Concilio Vaticano II - CPL

Catàleg

Centre de Pastoral Litúrgica de Barcelona

Centre de Pastoral Litúrgica
