{"id":12341,"date":"2024-02-19T12:48:13","date_gmt":"2024-02-19T11:48:13","guid":{"rendered":"https:\/\/nuevaweb.cpl.es\/producto\/santa-carme-salles-una-dona-dahir-i-davui-9788491656197\/"},"modified":"2025-10-03T11:13:27","modified_gmt":"2025-10-03T09:13:27","slug":"santa-carme-salles-una-dona-dahir-i-davui-9788491656197","status":"publish","type":"product","link":"https:\/\/www.cpl.es\/ca\/producto\/santa-carme-salles-una-dona-dahir-i-davui-9788491656197\/","title":{"rendered":"Santa Carme Sall\u00e9s. Una dona d&#8217;ahir i d&#8217;avui"},"content":{"rendered":"<p> Santa Carme Sall\u00e9s, una dona valenta, lluitadora i d\u2019avui decidida, avan\u00e7ada al seu temps, que va treballar amb coratge per la transformaci\u00f3 social de la dona i que, gr\u00e0cies a aquella visi\u00f3 de futur que sempre la va acompanyar, va col\u00b7laborar per aconseguir un model de societat m\u00e9s plural i obert. Va valorar la formaci\u00f3 i l\u2019educaci\u00f3 com a mitj\u00e0 de prevenci\u00f3 i lluitava perqu\u00e8 les dones tinguessin veu, fossin escoltades, independentment de la classe social a la qual pertanyessin. Per aix\u00f2 i per molt m\u00e9s, podem dir que Carme Sall\u00e9s \u00e9s una dona d\u2019ahir i d\u2019avui. Festa: 6 de desembre<\/p>\n","protected":false},"excerpt":{"rendered":"<p>Alastru\u00e9, Yolanda<\/p>\n","protected":false},"featured_media":19310,"template":"","meta":{"_acf_changed":false,"inline_featured_image":false},"product_brand":[],"product_cat":[70],"product_tag":[],"class_list":{"0":"post-12341","1":"product","2":"type-product","3":"status-publish","4":"has-post-thumbnail","6":"product_cat-sants-i-santes","8":"first","9":"instock","10":"taxable","11":"shipping-taxable","12":"purchasable","13":"product-type-simple"},"acf":{"autor":"Alastru\u00e9, Yolanda","codart":"212297","ediciones":"1","encuadernacion":"Grapa","fecha_de_publicacion":"05\/02\/2024","novedad":false,"paginas":"28","subtitulo":"","orden":"999","portada":true,"idioma":"cat","editorial":[{"ID":6736,"post_author":"2","post_date":"2023-10-06 08:35:24","post_date_gmt":"2023-10-06 06:35:24","post_content":"","post_title":"CPL","post_excerpt":"","post_status":"publish","comment_status":"closed","ping_status":"closed","post_password":"","post_name":"cpl","to_ping":"","pinged":"","post_modified":"2023-10-06 08:35:24","post_modified_gmt":"2023-10-06 06:35:24","post_content_filtered":"","post_parent":0,"guid":"https:\/\/nuevaweb.cpl.es\/editorial\/cpl\/","menu_order":0,"post_type":"editorial","post_mime_type":"","comment_count":"0","filter":"raw"}],"coleccion_num":"297","booktrailer":"","ficha":"","muestra":"","presentacion":""},"yoast_head":"<!-- This site is optimized with the Yoast SEO plugin v27.3 - https:\/\/yoast.com\/product\/yoast-seo-wordpress\/ -->\n<title>Santa Carme Sall\u00e9s. Una dona d&#039;ahir i d&#039;avui - CPL<\/title>\n<meta name=\"robots\" content=\"index, follow, max-snippet:-1, max-image-preview:large, max-video-preview:-1\" \/>\n<link rel=\"canonical\" href=\"https:\/\/www.cpl.es\/producto\/santa-carme-salles-una-dona-dahir-i-davui-9788491656197\/\" \/>\n<meta property=\"og:locale\" content=\"ca_ES\" \/>\n<meta property=\"og:type\" content=\"article\" \/>\n<meta property=\"og:title\" content=\"Santa Carme Sall\u00e9s. Una dona d&#039;ahir i d&#039;avui - CPL\" \/>\n<meta property=\"og:description\" content=\"Alastru\u00e9, Yolanda\" \/>\n<meta property=\"og:url\" content=\"https:\/\/www.cpl.es\/producto\/santa-carme-salles-una-dona-dahir-i-davui-9788491656197\/\" \/>\n<meta property=\"og:site_name\" content=\"CPL\" \/>\n<meta property=\"article:modified_time\" content=\"2025-10-03T09:13:27+00:00\" \/>\n<meta property=\"og:image\" content=\"https:\/\/www.cpl.es\/wp-content\/uploads\/9788491656197-1.jpg\" \/>\n\t<meta property=\"og:image:width\" content=\"280\" \/>\n\t<meta property=\"og:image:height\" content=\"443\" \/>\n\t<meta property=\"og:image:type\" content=\"image\/jpeg\" \/>\n<meta name=\"twitter:card\" content=\"summary_large_image\" \/>\n<meta name=\"twitter:label1\" content=\"Temps estimat de lectura\" \/>\n\t<meta name=\"twitter:data1\" content=\"1 minut\" \/>\n<script type=\"application\/ld+json\" class=\"yoast-schema-graph\">{\"@context\":\"https:\\\/\\\/schema.org\",\"@graph\":[{\"@type\":\"WebPage\",\"@id\":\"https:\\\/\\\/www.cpl.es\\\/producto\\\/santa-carme-salles-una-dona-dahir-i-davui-9788491656197\\\/\",\"url\":\"https:\\\/\\\/www.cpl.es\\\/producto\\\/santa-carme-salles-una-dona-dahir-i-davui-9788491656197\\\/\",\"name\":\"Santa Carme Sall\u00e9s. Una dona d'ahir i d'avui - CPL\",\"isPartOf\":{\"@id\":\"https:\\\/\\\/www.cpl.es\\\/#website\"},\"primaryImageOfPage\":{\"@id\":\"https:\\\/\\\/www.cpl.es\\\/producto\\\/santa-carme-salles-una-dona-dahir-i-davui-9788491656197\\\/#primaryimage\"},\"image\":{\"@id\":\"https:\\\/\\\/www.cpl.es\\\/producto\\\/santa-carme-salles-una-dona-dahir-i-davui-9788491656197\\\/#primaryimage\"},\"thumbnailUrl\":\"https:\\\/\\\/www.cpl.es\\\/wp-content\\\/uploads\\\/9788491656197-1.jpg\",\"datePublished\":\"2024-02-19T11:48:13+00:00\",\"dateModified\":\"2025-10-03T09:13:27+00:00\",\"breadcrumb\":{\"@id\":\"https:\\\/\\\/www.cpl.es\\\/producto\\\/santa-carme-salles-una-dona-dahir-i-davui-9788491656197\\\/#breadcrumb\"},\"inLanguage\":\"ca\",\"potentialAction\":[{\"@type\":\"ReadAction\",\"target\":[\"https:\\\/\\\/www.cpl.es\\\/producto\\\/santa-carme-salles-una-dona-dahir-i-davui-9788491656197\\\/\"]}]},{\"@type\":\"ImageObject\",\"inLanguage\":\"ca\",\"@id\":\"https:\\\/\\\/www.cpl.es\\\/producto\\\/santa-carme-salles-una-dona-dahir-i-davui-9788491656197\\\/#primaryimage\",\"url\":\"https:\\\/\\\/www.cpl.es\\\/wp-content\\\/uploads\\\/9788491656197-1.jpg\",\"contentUrl\":\"https:\\\/\\\/www.cpl.es\\\/wp-content\\\/uploads\\\/9788491656197-1.jpg\",\"width\":280,\"height\":443,\"caption\":\"9788491656197.jpg\"},{\"@type\":\"BreadcrumbList\",\"@id\":\"https:\\\/\\\/www.cpl.es\\\/producto\\\/santa-carme-salles-una-dona-dahir-i-davui-9788491656197\\\/#breadcrumb\",\"itemListElement\":[{\"@type\":\"ListItem\",\"position\":1,\"name\":\"Portada\",\"item\":\"https:\\\/\\\/www.cpl.es\\\/ca\\\/\"},{\"@type\":\"ListItem\",\"position\":2,\"name\":\"Cat\u00e0leg\",\"item\":\"https:\\\/\\\/www.cpl.es\\\/ca\\\/cataleg\\\/\"},{\"@type\":\"ListItem\",\"position\":3,\"name\":\"Santa Carme Sall\u00e9s. Una dona d&#8217;ahir i d&#8217;avui\"}]},{\"@type\":\"WebSite\",\"@id\":\"https:\\\/\\\/www.cpl.es\\\/#website\",\"url\":\"https:\\\/\\\/www.cpl.es\\\/\",\"name\":\"CPL\",\"description\":\"Centre de Pastoral Lit\u00fargica de Barcelona\",\"publisher\":{\"@id\":\"https:\\\/\\\/www.cpl.es\\\/#organization\"},\"alternateName\":\"Centre de Pastoral Lit\u00fargica\",\"potentialAction\":[{\"@type\":\"SearchAction\",\"target\":{\"@type\":\"EntryPoint\",\"urlTemplate\":\"https:\\\/\\\/www.cpl.es\\\/?s={search_term_string}\"},\"query-input\":{\"@type\":\"PropertyValueSpecification\",\"valueRequired\":true,\"valueName\":\"search_term_string\"}}],\"inLanguage\":\"ca\"},{\"@type\":\"Organization\",\"@id\":\"https:\\\/\\\/www.cpl.es\\\/#organization\",\"name\":\"Centre de Pastoral Lit\u00fargica\",\"alternateName\":\"Centre de Pastoral Lit\u00fargica de Barcelona\",\"url\":\"https:\\\/\\\/www.cpl.es\\\/\",\"logo\":{\"@type\":\"ImageObject\",\"inLanguage\":\"ca\",\"@id\":\"https:\\\/\\\/www.cpl.es\\\/#\\\/schema\\\/logo\\\/image\\\/\",\"url\":\"https:\\\/\\\/www.cpl.es\\\/wp-content\\\/uploads\\\/logo-cpl.svg\",\"contentUrl\":\"https:\\\/\\\/www.cpl.es\\\/wp-content\\\/uploads\\\/logo-cpl.svg\",\"caption\":\"Centre de Pastoral Lit\u00fargica\"},\"image\":{\"@id\":\"https:\\\/\\\/www.cpl.es\\\/#\\\/schema\\\/logo\\\/image\\\/\"}}]}<\/script>\n<!-- \/ Yoast SEO plugin. -->","yoast_head_json":{"title":"Santa Carme Sall\u00e9s. Una dona d'ahir i d'avui - CPL","robots":{"index":"index","follow":"follow","max-snippet":"max-snippet:-1","max-image-preview":"max-image-preview:large","max-video-preview":"max-video-preview:-1"},"canonical":"https:\/\/www.cpl.es\/producto\/santa-carme-salles-una-dona-dahir-i-davui-9788491656197\/","og_locale":"ca_ES","og_type":"article","og_title":"Santa Carme Sall\u00e9s. Una dona d'ahir i d'avui - CPL","og_description":"Alastru\u00e9, Yolanda","og_url":"https:\/\/www.cpl.es\/producto\/santa-carme-salles-una-dona-dahir-i-davui-9788491656197\/","og_site_name":"CPL","article_modified_time":"2025-10-03T09:13:27+00:00","og_image":[{"width":280,"height":443,"url":"https:\/\/www.cpl.es\/wp-content\/uploads\/9788491656197-1.jpg","type":"image\/jpeg"}],"twitter_card":"summary_large_image","twitter_misc":{"Temps estimat de lectura":"1 minut"},"schema":{"@context":"https:\/\/schema.org","@graph":[{"@type":"WebPage","@id":"https:\/\/www.cpl.es\/producto\/santa-carme-salles-una-dona-dahir-i-davui-9788491656197\/","url":"https:\/\/www.cpl.es\/producto\/santa-carme-salles-una-dona-dahir-i-davui-9788491656197\/","name":"Santa Carme Sall\u00e9s. Una dona d'ahir i d'avui - CPL","isPartOf":{"@id":"https:\/\/www.cpl.es\/#website"},"primaryImageOfPage":{"@id":"https:\/\/www.cpl.es\/producto\/santa-carme-salles-una-dona-dahir-i-davui-9788491656197\/#primaryimage"},"image":{"@id":"https:\/\/www.cpl.es\/producto\/santa-carme-salles-una-dona-dahir-i-davui-9788491656197\/#primaryimage"},"thumbnailUrl":"https:\/\/www.cpl.es\/wp-content\/uploads\/9788491656197-1.jpg","datePublished":"2024-02-19T11:48:13+00:00","dateModified":"2025-10-03T09:13:27+00:00","breadcrumb":{"@id":"https:\/\/www.cpl.es\/producto\/santa-carme-salles-una-dona-dahir-i-davui-9788491656197\/#breadcrumb"},"inLanguage":"ca","potentialAction":[{"@type":"ReadAction","target":["https:\/\/www.cpl.es\/producto\/santa-carme-salles-una-dona-dahir-i-davui-9788491656197\/"]}]},{"@type":"ImageObject","inLanguage":"ca","@id":"https:\/\/www.cpl.es\/producto\/santa-carme-salles-una-dona-dahir-i-davui-9788491656197\/#primaryimage","url":"https:\/\/www.cpl.es\/wp-content\/uploads\/9788491656197-1.jpg","contentUrl":"https:\/\/www.cpl.es\/wp-content\/uploads\/9788491656197-1.jpg","width":280,"height":443,"caption":"9788491656197.jpg"},{"@type":"BreadcrumbList","@id":"https:\/\/www.cpl.es\/producto\/santa-carme-salles-una-dona-dahir-i-davui-9788491656197\/#breadcrumb","itemListElement":[{"@type":"ListItem","position":1,"name":"Portada","item":"https:\/\/www.cpl.es\/ca\/"},{"@type":"ListItem","position":2,"name":"Cat\u00e0leg","item":"https:\/\/www.cpl.es\/ca\/cataleg\/"},{"@type":"ListItem","position":3,"name":"Santa Carme Sall\u00e9s. Una dona d&#8217;ahir i d&#8217;avui"}]},{"@type":"WebSite","@id":"https:\/\/www.cpl.es\/#website","url":"https:\/\/www.cpl.es\/","name":"CPL","description":"Centre de Pastoral Lit\u00fargica de Barcelona","publisher":{"@id":"https:\/\/www.cpl.es\/#organization"},"alternateName":"Centre de Pastoral Lit\u00fargica","potentialAction":[{"@type":"SearchAction","target":{"@type":"EntryPoint","urlTemplate":"https:\/\/www.cpl.es\/?s={search_term_string}"},"query-input":{"@type":"PropertyValueSpecification","valueRequired":true,"valueName":"search_term_string"}}],"inLanguage":"ca"},{"@type":"Organization","@id":"https:\/\/www.cpl.es\/#organization","name":"Centre de Pastoral Lit\u00fargica","alternateName":"Centre de Pastoral Lit\u00fargica de Barcelona","url":"https:\/\/www.cpl.es\/","logo":{"@type":"ImageObject","inLanguage":"ca","@id":"https:\/\/www.cpl.es\/#\/schema\/logo\/image\/","url":"https:\/\/www.cpl.es\/wp-content\/uploads\/logo-cpl.svg","contentUrl":"https:\/\/www.cpl.es\/wp-content\/uploads\/logo-cpl.svg","caption":"Centre de Pastoral Lit\u00fargica"},"image":{"@id":"https:\/\/www.cpl.es\/#\/schema\/logo\/image\/"}}]}},"_links":{"self":[{"href":"https:\/\/www.cpl.es\/ca\/wp-json\/wp\/v2\/product\/12341","targetHints":{"allow":["GET"]}}],"collection":[{"href":"https:\/\/www.cpl.es\/ca\/wp-json\/wp\/v2\/product"}],"about":[{"href":"https:\/\/www.cpl.es\/ca\/wp-json\/wp\/v2\/types\/product"}],"wp:featuredmedia":[{"embeddable":true,"href":"https:\/\/www.cpl.es\/ca\/wp-json\/wp\/v2\/media\/19310"}],"wp:attachment":[{"href":"https:\/\/www.cpl.es\/ca\/wp-json\/wp\/v2\/media?parent=12341"}],"wp:term":[{"taxonomy":"product_brand","embeddable":true,"href":"https:\/\/www.cpl.es\/ca\/wp-json\/wp\/v2\/product_brand?post=12341"},{"taxonomy":"product_cat","embeddable":true,"href":"https:\/\/www.cpl.es\/ca\/wp-json\/wp\/v2\/product_cat?post=12341"},{"taxonomy":"product_tag","embeddable":true,"href":"https:\/\/www.cpl.es\/ca\/wp-json\/wp\/v2\/product_tag?post=12341"}],"curies":[{"name":"wp","href":"https:\/\/api.w.org\/{rel}","templated":true}]}}

Santa Carme Sallés. Una dona d&#8217;ahir i d&#8217;avui

<p> Santa Carme Sallés, una dona valenta, lluitadora i d’avui decidida, avançada al seu temps, que va treballar amb coratge per la transformació social de la dona i que, gràcies a aquella visió de futur que sempre la va acompanyar, va col·laborar per aconseguir un model de societat més plural i obert. Va valorar la formació i l’educació com a mitjà de prevenció i lluitava perquè les dones tinguessin veu, fossin escoltades, independentment de la classe social a la qual pertanyessin. Per això i per molt més, podem dir que Carme Sallés és una dona d’ahir i d’avui. Festa: 6 de desembre</p>

<p>Alastrué, Yolanda</p>

Alastrué, Yolanda

<!-- This site is optimized with the Yoast SEO plugin v27.3 - https://yoast.com/product/yoast-seo-wordpress/ -->
<title>Santa Carme Sallés. Una dona d&#039;ahir i d&#039;avui - CPL</title>
<meta name="robots" content="index, follow, max-snippet:-1, max-image-preview:large, max-video-preview:-1" />
<link rel="canonical" href="https://www.cpl.es/producto/santa-carme-salles-una-dona-dahir-i-davui-9788491656197/" />
<meta property="og:locale" content="ca_ES" />
<meta property="og:type" content="article" />
<meta property="og:title" content="Santa Carme Sallés. Una dona d&#039;ahir i d&#039;avui - CPL" />
<meta property="og:description" content="Alastrué, Yolanda" />
<meta property="og:url" content="https://www.cpl.es/producto/santa-carme-salles-una-dona-dahir-i-davui-9788491656197/" />
<meta property="og:site_name" content="CPL" />
<meta property="article:modified_time" content="2025-10-03T09:13:27+00:00" />
<meta property="og:image" content="https://www.cpl.es/wp-content/uploads/9788491656197-1.jpg" />
	<meta property="og:image:width" content="280" />
	<meta property="og:image:height" content="443" />
	<meta property="og:image:type" content="image/jpeg" />
<meta name="twitter:card" content="summary_large_image" />
<meta name="twitter:label1" content="Temps estimat de lectura" />
	<meta name="twitter:data1" content="1 minut" />
<script type="application/ld+json" class="yoast-schema-graph">{"@context":"https:\/\/schema.org","@graph":[{"@type":"WebPage","@id":"https:\/\/www.cpl.es\/producto\/santa-carme-salles-una-dona-dahir-i-davui-9788491656197\/","url":"https:\/\/www.cpl.es\/producto\/santa-carme-salles-una-dona-dahir-i-davui-9788491656197\/","name":"Santa Carme Sallés. Una dona d'ahir i d'avui - CPL","isPartOf":{"@id":"https:\/\/www.cpl.es\/#website"},"primaryImageOfPage":{"@id":"https:\/\/www.cpl.es\/producto\/santa-carme-salles-una-dona-dahir-i-davui-9788491656197\/#primaryimage"},"image":{"@id":"https:\/\/www.cpl.es\/producto\/santa-carme-salles-una-dona-dahir-i-davui-9788491656197\/#primaryimage"},"thumbnailUrl":"https:\/\/www.cpl.es\/wp-content\/uploads\/9788491656197-1.jpg","datePublished":"2024-02-19T11:48:13+00:00","dateModified":"2025-10-03T09:13:27+00:00","breadcrumb":{"@id":"https:\/\/www.cpl.es\/producto\/santa-carme-salles-una-dona-dahir-i-davui-9788491656197\/#breadcrumb"},"inLanguage":"ca","potentialAction":[{"@type":"ReadAction","target":["https:\/\/www.cpl.es\/producto\/santa-carme-salles-una-dona-dahir-i-davui-9788491656197\/"]}]},{"@type":"ImageObject","inLanguage":"ca","@id":"https:\/\/www.cpl.es\/producto\/santa-carme-salles-una-dona-dahir-i-davui-9788491656197\/#primaryimage","url":"https:\/\/www.cpl.es\/wp-content\/uploads\/9788491656197-1.jpg","contentUrl":"https:\/\/www.cpl.es\/wp-content\/uploads\/9788491656197-1.jpg","width":280,"height":443,"caption":"9788491656197.jpg"},{"@type":"BreadcrumbList","@id":"https:\/\/www.cpl.es\/producto\/santa-carme-salles-una-dona-dahir-i-davui-9788491656197\/#breadcrumb","itemListElement":[{"@type":"ListItem","position":1,"name":"Portada","item":"https:\/\/www.cpl.es\/ca\/"},{"@type":"ListItem","position":2,"name":"Catàleg","item":"https:\/\/www.cpl.es\/ca\/cataleg\/"},{"@type":"ListItem","position":3,"name":"Santa Carme Sallés. Una dona d&#8217;ahir i d&#8217;avui"}]},{"@type":"WebSite","@id":"https:\/\/www.cpl.es\/#website","url":"https:\/\/www.cpl.es\/","name":"CPL","description":"Centre de Pastoral Litúrgica de Barcelona","publisher":{"@id":"https:\/\/www.cpl.es\/#organization"},"alternateName":"Centre de Pastoral Litúrgica","potentialAction":[{"@type":"SearchAction","target":{"@type":"EntryPoint","urlTemplate":"https:\/\/www.cpl.es\/?s={search_term_string}"},"query-input":{"@type":"PropertyValueSpecification","valueRequired":true,"valueName":"search_term_string"}}],"inLanguage":"ca"},{"@type":"Organization","@id":"https:\/\/www.cpl.es\/#organization","name":"Centre de Pastoral Litúrgica","alternateName":"Centre de Pastoral Litúrgica de Barcelona","url":"https:\/\/www.cpl.es\/","logo":{"@type":"ImageObject","inLanguage":"ca","@id":"https:\/\/www.cpl.es\/#\/schema\/logo\/image\/","url":"https:\/\/www.cpl.es\/wp-content\/uploads\/logo-cpl.svg","contentUrl":"https:\/\/www.cpl.es\/wp-content\/uploads\/logo-cpl.svg","caption":"Centre de Pastoral Litúrgica"},"image":{"@id":"https:\/\/www.cpl.es\/#\/schema\/logo\/image\/"}}]}</script>
<!-- / Yoast SEO plugin. -->

Santa Carme Sallés. Una dona d'ahir i d'avui - CPL

Catàleg

Centre de Pastoral Litúrgica de Barcelona

Centre de Pastoral Litúrgica
