{"id":12324,"date":"2024-02-14T19:33:08","date_gmt":"2024-02-14T18:33:08","guid":{"rendered":"https:\/\/nuevaweb.cpl.es\/producto\/celebrar-cuaresma-y-pascua-con-toda-la-iglesia-9788491656074\/"},"modified":"2025-10-03T11:11:45","modified_gmt":"2025-10-03T09:11:45","slug":"celebrar-cuaresma-y-pascua-con-toda-la-iglesia-9788491656074","status":"publish","type":"product","link":"https:\/\/www.cpl.es\/ca\/producto\/celebrar-cuaresma-y-pascua-con-toda-la-iglesia-9788491656074\/","title":{"rendered":"Celebrar Cuaresma y Pascua con toda la Iglesia"},"content":{"rendered":"<p> El autor nos invita a volver a las fuentes de nuestra vida cristiana y beber abundantemente de ella: la vida de Cristo celebrada en susmisterios a lo largo del a\u00f1o lit\u00fargico a partir  de la Palabra de Dios. Para ello, el autor analiza los muchos matices que la liturgia renovada tiene y sugiere a partir del comentario a las lecturas, le\u00eddas y proclamadas en la celebraci\u00f3n de Cuaresma y Pascua. Es un comentario b\u00edblico con algunas referencias eucol\u00f3gicas que nos acercan al sentido espiritual de la liturgia. Junto con el volumen titulado Celebrar el Adviento y la Navidad con toda la Iglesia, son una gran ayuda para hacer de la lectura diaria de estos grandes d\u00edas del a\u00f1o lit\u00fargico el eje de la vida cristiana y el continuo alimento de la vida espiritual de cada uno. Juan Javier Flores Arcas naci\u00f3 en Linares (Ja\u00e9n) en 1951 y es monje benedictino de la Abad\u00eda de Santo Domingo de Silos (Burgos), donde profes\u00f3 en 1978, orden\u00e1ndose de presb\u00edtero en 1983. Licenciado en Filolog\u00eda Hisp\u00e1nica por la Universidad Complutense (1973) y Doctor en Sagrada Liturgia por el Instituto Pontificio de Liturgia de Roma (1995). Ha sido consultor del Dicasterio del Culto Divino y la Disciplina de los sacramentos y es miembro del Comit\u00e9 Pontificio para los Congresos Eucar\u00edsticos. Ha participado como experto en los S\u00ednodos de Obispos sobre la Eucarist\u00eda, la Palabra de Dios y la Nueva Evangelizaci\u00f3n. Ha publicado diversos libros sobre liturgia. El Centre de Pastoral Lit\u00fargica le concedi\u00f3 el Memorial Pere Tena de Pastoral Lit\u00fargica en 2020.<\/p>\n","protected":false},"excerpt":{"rendered":"<p>Flores Arcas, Juan Javier<\/p>\n","protected":false},"featured_media":12325,"template":"","meta":{"_acf_changed":false,"inline_featured_image":false},"product_brand":[],"product_cat":[100,99,107,65,88,109,128,130],"product_tag":[],"class_list":{"0":"post-12324","1":"product","2":"type-product","3":"status-publish","4":"has-post-thumbnail","6":"product_cat-cpl-libri-colleccions-catala","7":"product_cat-cpl-libri","8":"product_cat-cuaresma","9":"product_cat-espiritualidad","10":"product_cat-espiritualitat","11":"product_cat-tiempo-de-pascua","12":"product_cat-quaresma","13":"product_cat-temps-de-pasqua","15":"first","16":"instock","17":"taxable","18":"shipping-taxable","19":"purchasable","20":"product-type-simple"},"acf":{"autor":"Flores Arcas, Juan Javier","codart":"117060","ediciones":"1","encuadernacion":"R\u00fastica","fecha_de_publicacion":"29\/01\/2024","novedad":false,"paginas":"272","subtitulo":"Vivir el gozo de la resurrecci\u00f3n","orden":"46","portada":true,"idioma":"spa","editorial":[{"ID":6736,"post_author":"2","post_date":"2023-10-06 08:35:24","post_date_gmt":"2023-10-06 06:35:24","post_content":"","post_title":"CPL","post_excerpt":"","post_status":"publish","comment_status":"closed","ping_status":"closed","post_password":"","post_name":"cpl","to_ping":"","pinged":"","post_modified":"2023-10-06 08:35:24","post_modified_gmt":"2023-10-06 06:35:24","post_content_filtered":"","post_parent":0,"guid":"https:\/\/nuevaweb.cpl.es\/editorial\/cpl\/","menu_order":0,"post_type":"editorial","post_mime_type":"","comment_count":"0","filter":"raw"}],"coleccion_num":"60"},"yoast_head":"<!-- This site is optimized with the Yoast SEO plugin v27.3 - https:\/\/yoast.com\/product\/yoast-seo-wordpress\/ -->\n<title>Celebrar Cuaresma y Pascua con toda la Iglesia - CPL<\/title>\n<meta name=\"robots\" content=\"index, follow, max-snippet:-1, max-image-preview:large, max-video-preview:-1\" \/>\n<link rel=\"canonical\" href=\"https:\/\/www.cpl.es\/producto\/celebrar-cuaresma-y-pascua-con-toda-la-iglesia-9788491656074\/\" \/>\n<meta property=\"og:locale\" content=\"ca_ES\" \/>\n<meta property=\"og:type\" content=\"article\" \/>\n<meta property=\"og:title\" content=\"Celebrar Cuaresma y Pascua con toda la Iglesia - CPL\" \/>\n<meta property=\"og:description\" content=\"Flores Arcas, Juan Javier\" \/>\n<meta property=\"og:url\" content=\"https:\/\/www.cpl.es\/producto\/celebrar-cuaresma-y-pascua-con-toda-la-iglesia-9788491656074\/\" \/>\n<meta property=\"og:site_name\" content=\"CPL\" \/>\n<meta property=\"article:modified_time\" content=\"2025-10-03T09:11:45+00:00\" \/>\n<meta property=\"og:image\" content=\"https:\/\/www.cpl.es\/wp-content\/uploads\/117060.jpg\" \/>\n\t<meta property=\"og:image:width\" content=\"280\" \/>\n\t<meta property=\"og:image:height\" content=\"443\" \/>\n\t<meta property=\"og:image:type\" content=\"image\/jpeg\" \/>\n<meta name=\"twitter:card\" content=\"summary_large_image\" \/>\n<meta name=\"twitter:label1\" content=\"Temps estimat de lectura\" \/>\n\t<meta name=\"twitter:data1\" content=\"1 minut\" \/>\n<script type=\"application\/ld+json\" class=\"yoast-schema-graph\">{\"@context\":\"https:\\\/\\\/schema.org\",\"@graph\":[{\"@type\":\"WebPage\",\"@id\":\"https:\\\/\\\/www.cpl.es\\\/producto\\\/celebrar-cuaresma-y-pascua-con-toda-la-iglesia-9788491656074\\\/\",\"url\":\"https:\\\/\\\/www.cpl.es\\\/producto\\\/celebrar-cuaresma-y-pascua-con-toda-la-iglesia-9788491656074\\\/\",\"name\":\"Celebrar Cuaresma y Pascua con toda la Iglesia - CPL\",\"isPartOf\":{\"@id\":\"https:\\\/\\\/www.cpl.es\\\/#website\"},\"primaryImageOfPage\":{\"@id\":\"https:\\\/\\\/www.cpl.es\\\/producto\\\/celebrar-cuaresma-y-pascua-con-toda-la-iglesia-9788491656074\\\/#primaryimage\"},\"image\":{\"@id\":\"https:\\\/\\\/www.cpl.es\\\/producto\\\/celebrar-cuaresma-y-pascua-con-toda-la-iglesia-9788491656074\\\/#primaryimage\"},\"thumbnailUrl\":\"https:\\\/\\\/www.cpl.es\\\/wp-content\\\/uploads\\\/117060.jpg\",\"datePublished\":\"2024-02-14T18:33:08+00:00\",\"dateModified\":\"2025-10-03T09:11:45+00:00\",\"breadcrumb\":{\"@id\":\"https:\\\/\\\/www.cpl.es\\\/producto\\\/celebrar-cuaresma-y-pascua-con-toda-la-iglesia-9788491656074\\\/#breadcrumb\"},\"inLanguage\":\"ca\",\"potentialAction\":[{\"@type\":\"ReadAction\",\"target\":[\"https:\\\/\\\/www.cpl.es\\\/producto\\\/celebrar-cuaresma-y-pascua-con-toda-la-iglesia-9788491656074\\\/\"]}]},{\"@type\":\"ImageObject\",\"inLanguage\":\"ca\",\"@id\":\"https:\\\/\\\/www.cpl.es\\\/producto\\\/celebrar-cuaresma-y-pascua-con-toda-la-iglesia-9788491656074\\\/#primaryimage\",\"url\":\"https:\\\/\\\/www.cpl.es\\\/wp-content\\\/uploads\\\/117060.jpg\",\"contentUrl\":\"https:\\\/\\\/www.cpl.es\\\/wp-content\\\/uploads\\\/117060.jpg\",\"width\":280,\"height\":443,\"caption\":\"117060.jpg\"},{\"@type\":\"BreadcrumbList\",\"@id\":\"https:\\\/\\\/www.cpl.es\\\/producto\\\/celebrar-cuaresma-y-pascua-con-toda-la-iglesia-9788491656074\\\/#breadcrumb\",\"itemListElement\":[{\"@type\":\"ListItem\",\"position\":1,\"name\":\"Portada\",\"item\":\"https:\\\/\\\/www.cpl.es\\\/ca\\\/\"},{\"@type\":\"ListItem\",\"position\":2,\"name\":\"Cat\u00e0leg\",\"item\":\"https:\\\/\\\/www.cpl.es\\\/ca\\\/cataleg\\\/\"},{\"@type\":\"ListItem\",\"position\":3,\"name\":\"Celebrar Cuaresma y Pascua con toda la Iglesia\"}]},{\"@type\":\"WebSite\",\"@id\":\"https:\\\/\\\/www.cpl.es\\\/#website\",\"url\":\"https:\\\/\\\/www.cpl.es\\\/\",\"name\":\"CPL\",\"description\":\"Centre de Pastoral Lit\u00fargica de Barcelona\",\"publisher\":{\"@id\":\"https:\\\/\\\/www.cpl.es\\\/#organization\"},\"alternateName\":\"Centre de Pastoral Lit\u00fargica\",\"potentialAction\":[{\"@type\":\"SearchAction\",\"target\":{\"@type\":\"EntryPoint\",\"urlTemplate\":\"https:\\\/\\\/www.cpl.es\\\/?s={search_term_string}\"},\"query-input\":{\"@type\":\"PropertyValueSpecification\",\"valueRequired\":true,\"valueName\":\"search_term_string\"}}],\"inLanguage\":\"ca\"},{\"@type\":\"Organization\",\"@id\":\"https:\\\/\\\/www.cpl.es\\\/#organization\",\"name\":\"Centre de Pastoral Lit\u00fargica\",\"alternateName\":\"Centre de Pastoral Lit\u00fargica de Barcelona\",\"url\":\"https:\\\/\\\/www.cpl.es\\\/\",\"logo\":{\"@type\":\"ImageObject\",\"inLanguage\":\"ca\",\"@id\":\"https:\\\/\\\/www.cpl.es\\\/#\\\/schema\\\/logo\\\/image\\\/\",\"url\":\"https:\\\/\\\/www.cpl.es\\\/wp-content\\\/uploads\\\/logo-cpl.svg\",\"contentUrl\":\"https:\\\/\\\/www.cpl.es\\\/wp-content\\\/uploads\\\/logo-cpl.svg\",\"caption\":\"Centre de Pastoral Lit\u00fargica\"},\"image\":{\"@id\":\"https:\\\/\\\/www.cpl.es\\\/#\\\/schema\\\/logo\\\/image\\\/\"}}]}<\/script>\n<!-- \/ Yoast SEO plugin. -->","yoast_head_json":{"title":"Celebrar Cuaresma y Pascua con toda la Iglesia - CPL","robots":{"index":"index","follow":"follow","max-snippet":"max-snippet:-1","max-image-preview":"max-image-preview:large","max-video-preview":"max-video-preview:-1"},"canonical":"https:\/\/www.cpl.es\/producto\/celebrar-cuaresma-y-pascua-con-toda-la-iglesia-9788491656074\/","og_locale":"ca_ES","og_type":"article","og_title":"Celebrar Cuaresma y Pascua con toda la Iglesia - CPL","og_description":"Flores Arcas, Juan Javier","og_url":"https:\/\/www.cpl.es\/producto\/celebrar-cuaresma-y-pascua-con-toda-la-iglesia-9788491656074\/","og_site_name":"CPL","article_modified_time":"2025-10-03T09:11:45+00:00","og_image":[{"width":280,"height":443,"url":"https:\/\/www.cpl.es\/wp-content\/uploads\/117060.jpg","type":"image\/jpeg"}],"twitter_card":"summary_large_image","twitter_misc":{"Temps estimat de lectura":"1 minut"},"schema":{"@context":"https:\/\/schema.org","@graph":[{"@type":"WebPage","@id":"https:\/\/www.cpl.es\/producto\/celebrar-cuaresma-y-pascua-con-toda-la-iglesia-9788491656074\/","url":"https:\/\/www.cpl.es\/producto\/celebrar-cuaresma-y-pascua-con-toda-la-iglesia-9788491656074\/","name":"Celebrar Cuaresma y Pascua con toda la Iglesia - CPL","isPartOf":{"@id":"https:\/\/www.cpl.es\/#website"},"primaryImageOfPage":{"@id":"https:\/\/www.cpl.es\/producto\/celebrar-cuaresma-y-pascua-con-toda-la-iglesia-9788491656074\/#primaryimage"},"image":{"@id":"https:\/\/www.cpl.es\/producto\/celebrar-cuaresma-y-pascua-con-toda-la-iglesia-9788491656074\/#primaryimage"},"thumbnailUrl":"https:\/\/www.cpl.es\/wp-content\/uploads\/117060.jpg","datePublished":"2024-02-14T18:33:08+00:00","dateModified":"2025-10-03T09:11:45+00:00","breadcrumb":{"@id":"https:\/\/www.cpl.es\/producto\/celebrar-cuaresma-y-pascua-con-toda-la-iglesia-9788491656074\/#breadcrumb"},"inLanguage":"ca","potentialAction":[{"@type":"ReadAction","target":["https:\/\/www.cpl.es\/producto\/celebrar-cuaresma-y-pascua-con-toda-la-iglesia-9788491656074\/"]}]},{"@type":"ImageObject","inLanguage":"ca","@id":"https:\/\/www.cpl.es\/producto\/celebrar-cuaresma-y-pascua-con-toda-la-iglesia-9788491656074\/#primaryimage","url":"https:\/\/www.cpl.es\/wp-content\/uploads\/117060.jpg","contentUrl":"https:\/\/www.cpl.es\/wp-content\/uploads\/117060.jpg","width":280,"height":443,"caption":"117060.jpg"},{"@type":"BreadcrumbList","@id":"https:\/\/www.cpl.es\/producto\/celebrar-cuaresma-y-pascua-con-toda-la-iglesia-9788491656074\/#breadcrumb","itemListElement":[{"@type":"ListItem","position":1,"name":"Portada","item":"https:\/\/www.cpl.es\/ca\/"},{"@type":"ListItem","position":2,"name":"Cat\u00e0leg","item":"https:\/\/www.cpl.es\/ca\/cataleg\/"},{"@type":"ListItem","position":3,"name":"Celebrar Cuaresma y Pascua con toda la Iglesia"}]},{"@type":"WebSite","@id":"https:\/\/www.cpl.es\/#website","url":"https:\/\/www.cpl.es\/","name":"CPL","description":"Centre de Pastoral Lit\u00fargica de Barcelona","publisher":{"@id":"https:\/\/www.cpl.es\/#organization"},"alternateName":"Centre de Pastoral Lit\u00fargica","potentialAction":[{"@type":"SearchAction","target":{"@type":"EntryPoint","urlTemplate":"https:\/\/www.cpl.es\/?s={search_term_string}"},"query-input":{"@type":"PropertyValueSpecification","valueRequired":true,"valueName":"search_term_string"}}],"inLanguage":"ca"},{"@type":"Organization","@id":"https:\/\/www.cpl.es\/#organization","name":"Centre de Pastoral Lit\u00fargica","alternateName":"Centre de Pastoral Lit\u00fargica de Barcelona","url":"https:\/\/www.cpl.es\/","logo":{"@type":"ImageObject","inLanguage":"ca","@id":"https:\/\/www.cpl.es\/#\/schema\/logo\/image\/","url":"https:\/\/www.cpl.es\/wp-content\/uploads\/logo-cpl.svg","contentUrl":"https:\/\/www.cpl.es\/wp-content\/uploads\/logo-cpl.svg","caption":"Centre de Pastoral Lit\u00fargica"},"image":{"@id":"https:\/\/www.cpl.es\/#\/schema\/logo\/image\/"}}]}},"_links":{"self":[{"href":"https:\/\/www.cpl.es\/ca\/wp-json\/wp\/v2\/product\/12324","targetHints":{"allow":["GET"]}}],"collection":[{"href":"https:\/\/www.cpl.es\/ca\/wp-json\/wp\/v2\/product"}],"about":[{"href":"https:\/\/www.cpl.es\/ca\/wp-json\/wp\/v2\/types\/product"}],"wp:featuredmedia":[{"embeddable":true,"href":"https:\/\/www.cpl.es\/ca\/wp-json\/wp\/v2\/media\/12325"}],"wp:attachment":[{"href":"https:\/\/www.cpl.es\/ca\/wp-json\/wp\/v2\/media?parent=12324"}],"wp:term":[{"taxonomy":"product_brand","embeddable":true,"href":"https:\/\/www.cpl.es\/ca\/wp-json\/wp\/v2\/product_brand?post=12324"},{"taxonomy":"product_cat","embeddable":true,"href":"https:\/\/www.cpl.es\/ca\/wp-json\/wp\/v2\/product_cat?post=12324"},{"taxonomy":"product_tag","embeddable":true,"href":"https:\/\/www.cpl.es\/ca\/wp-json\/wp\/v2\/product_tag?post=12324"}],"curies":[{"name":"wp","href":"https:\/\/api.w.org\/{rel}","templated":true}]}}

<p> El autor nos invita a volver a las fuentes de nuestra vida cristiana y beber abundantemente de ella: la vida de Cristo celebrada en susmisterios a lo largo del año litúrgico a partir  de la Palabra de Dios. Para ello, el autor analiza los muchos matices que la liturgia renovada tiene y sugiere a partir del comentario a las lecturas, leídas y proclamadas en la celebración de Cuaresma y Pascua. Es un comentario bíblico con algunas referencias eucológicas que nos acercan al sentido espiritual de la liturgia. Junto con el volumen titulado Celebrar el Adviento y la Navidad con toda la Iglesia, son una gran ayuda para hacer de la lectura diaria de estos grandes días del año litúrgico el eje de la vida cristiana y el continuo alimento de la vida espiritual de cada uno. Juan Javier Flores Arcas nació en Linares (Jaén) en 1951 y es monje benedictino de la Abadía de Santo Domingo de Silos (Burgos), donde profesó en 1978, ordenándose de presbítero en 1983. Licenciado en Filología Hispánica por la Universidad Complutense (1973) y Doctor en Sagrada Liturgia por el Instituto Pontificio de Liturgia de Roma (1995). Ha sido consultor del Dicasterio del Culto Divino y la Disciplina de los sacramentos y es miembro del Comité Pontificio para los Congresos Eucarísticos. Ha participado como experto en los Sínodos de Obispos sobre la Eucaristía, la Palabra de Dios y la Nueva Evangelización. Ha publicado diversos libros sobre liturgia. El Centre de Pastoral Litúrgica le concedió el Memorial Pere Tena de Pastoral Litúrgica en 2020.</p>

Rústica

Vivir el gozo de la resurrección

<!-- This site is optimized with the Yoast SEO plugin v27.3 - https://yoast.com/product/yoast-seo-wordpress/ -->
<title>Celebrar Cuaresma y Pascua con toda la Iglesia - CPL</title>
<meta name="robots" content="index, follow, max-snippet:-1, max-image-preview:large, max-video-preview:-1" />
<link rel="canonical" href="https://www.cpl.es/producto/celebrar-cuaresma-y-pascua-con-toda-la-iglesia-9788491656074/" />
<meta property="og:locale" content="ca_ES" />
<meta property="og:type" content="article" />
<meta property="og:title" content="Celebrar Cuaresma y Pascua con toda la Iglesia - CPL" />
<meta property="og:description" content="Flores Arcas, Juan Javier" />
<meta property="og:url" content="https://www.cpl.es/producto/celebrar-cuaresma-y-pascua-con-toda-la-iglesia-9788491656074/" />
<meta property="og:site_name" content="CPL" />
<meta property="article:modified_time" content="2025-10-03T09:11:45+00:00" />
<meta property="og:image" content="https://www.cpl.es/wp-content/uploads/117060.jpg" />
	<meta property="og:image:width" content="280" />
	<meta property="og:image:height" content="443" />
	<meta property="og:image:type" content="image/jpeg" />
<meta name="twitter:card" content="summary_large_image" />
<meta name="twitter:label1" content="Temps estimat de lectura" />
	<meta name="twitter:data1" content="1 minut" />
<script type="application/ld+json" class="yoast-schema-graph">{"@context":"https:\/\/schema.org","@graph":[{"@type":"WebPage","@id":"https:\/\/www.cpl.es\/producto\/celebrar-cuaresma-y-pascua-con-toda-la-iglesia-9788491656074\/","url":"https:\/\/www.cpl.es\/producto\/celebrar-cuaresma-y-pascua-con-toda-la-iglesia-9788491656074\/","name":"Celebrar Cuaresma y Pascua con toda la Iglesia - CPL","isPartOf":{"@id":"https:\/\/www.cpl.es\/#website"},"primaryImageOfPage":{"@id":"https:\/\/www.cpl.es\/producto\/celebrar-cuaresma-y-pascua-con-toda-la-iglesia-9788491656074\/#primaryimage"},"image":{"@id":"https:\/\/www.cpl.es\/producto\/celebrar-cuaresma-y-pascua-con-toda-la-iglesia-9788491656074\/#primaryimage"},"thumbnailUrl":"https:\/\/www.cpl.es\/wp-content\/uploads\/117060.jpg","datePublished":"2024-02-14T18:33:08+00:00","dateModified":"2025-10-03T09:11:45+00:00","breadcrumb":{"@id":"https:\/\/www.cpl.es\/producto\/celebrar-cuaresma-y-pascua-con-toda-la-iglesia-9788491656074\/#breadcrumb"},"inLanguage":"ca","potentialAction":[{"@type":"ReadAction","target":["https:\/\/www.cpl.es\/producto\/celebrar-cuaresma-y-pascua-con-toda-la-iglesia-9788491656074\/"]}]},{"@type":"ImageObject","inLanguage":"ca","@id":"https:\/\/www.cpl.es\/producto\/celebrar-cuaresma-y-pascua-con-toda-la-iglesia-9788491656074\/#primaryimage","url":"https:\/\/www.cpl.es\/wp-content\/uploads\/117060.jpg","contentUrl":"https:\/\/www.cpl.es\/wp-content\/uploads\/117060.jpg","width":280,"height":443,"caption":"117060.jpg"},{"@type":"BreadcrumbList","@id":"https:\/\/www.cpl.es\/producto\/celebrar-cuaresma-y-pascua-con-toda-la-iglesia-9788491656074\/#breadcrumb","itemListElement":[{"@type":"ListItem","position":1,"name":"Portada","item":"https:\/\/www.cpl.es\/ca\/"},{"@type":"ListItem","position":2,"name":"Catàleg","item":"https:\/\/www.cpl.es\/ca\/cataleg\/"},{"@type":"ListItem","position":3,"name":"Celebrar Cuaresma y Pascua con toda la Iglesia"}]},{"@type":"WebSite","@id":"https:\/\/www.cpl.es\/#website","url":"https:\/\/www.cpl.es\/","name":"CPL","description":"Centre de Pastoral Litúrgica de Barcelona","publisher":{"@id":"https:\/\/www.cpl.es\/#organization"},"alternateName":"Centre de Pastoral Litúrgica","potentialAction":[{"@type":"SearchAction","target":{"@type":"EntryPoint","urlTemplate":"https:\/\/www.cpl.es\/?s={search_term_string}"},"query-input":{"@type":"PropertyValueSpecification","valueRequired":true,"valueName":"search_term_string"}}],"inLanguage":"ca"},{"@type":"Organization","@id":"https:\/\/www.cpl.es\/#organization","name":"Centre de Pastoral Litúrgica","alternateName":"Centre de Pastoral Litúrgica de Barcelona","url":"https:\/\/www.cpl.es\/","logo":{"@type":"ImageObject","inLanguage":"ca","@id":"https:\/\/www.cpl.es\/#\/schema\/logo\/image\/","url":"https:\/\/www.cpl.es\/wp-content\/uploads\/logo-cpl.svg","contentUrl":"https:\/\/www.cpl.es\/wp-content\/uploads\/logo-cpl.svg","caption":"Centre de Pastoral Litúrgica"},"image":{"@id":"https:\/\/www.cpl.es\/#\/schema\/logo\/image\/"}}]}</script>
<!-- / Yoast SEO plugin. -->

Catàleg

Centre de Pastoral Litúrgica de Barcelona

Centre de Pastoral Litúrgica
