{"id":12240,"date":"2023-12-18T17:05:00","date_gmt":"2023-12-18T16:05:00","guid":{"rendered":"https:\/\/nuevaweb.cpl.es\/producto\/una-mirada-eclesial-oberta-9788491655909\/"},"modified":"2025-10-03T11:12:51","modified_gmt":"2025-10-03T09:12:51","slug":"una-mirada-eclesial-oberta-9788491655909","status":"publish","type":"product","link":"https:\/\/www.cpl.es\/ca\/producto\/una-mirada-eclesial-oberta-9788491655909\/","title":{"rendered":"Una mirada eclesial oberta"},"content":{"rendered":"<p> Bernab\u00e9 Dalmau i Ribalta, com a missioner de la miseric\u00f2rdia, ens ofereix una mirada oberta sobre l\u2019Esgl\u00e9sia des d\u2019aquesta miseric\u00f2rdia, perqu\u00e8 tinguem en compte que l\u2019esperit de miseric\u00f2rdia s\u2019ha de viure sempre al llarg de la nostra vida. Bernab\u00e9 Dalmau i Ribalta (Igualada, 1944), \u00e9s monjo de Montserrat, llicenciat en Teologia i Dret can\u00f2nic, expert en lit\u00fargia, director de la revista Documents d\u2019Esgl\u00e9sia i membre del Centre de Pastoral Lit\u00fargica, on darrerament ha publicat diverses obres, tant de caire lit\u00fargic com de vida cristiana.<\/p>\n","protected":false},"excerpt":{"rendered":"<p>Dalmau i Ribalta, Bernab\u00e9<\/p>\n","protected":false},"featured_media":12271,"template":"","meta":{"_acf_changed":false,"inline_featured_image":false},"product_brand":[],"product_cat":[15],"product_tag":[],"class_list":{"0":"post-12240","1":"product","2":"type-product","3":"status-publish","4":"has-post-thumbnail","6":"product_cat-sin-categorizar","8":"first","9":"instock","10":"taxable","11":"shipping-taxable","12":"purchasable","13":"product-type-simple"},"acf":{"autor":"Dalmau i Ribalta, Bernab\u00e9","codart":"208179","ediciones":"1","encuadernacion":"R\u00fastica","fecha_de_publicacion":"19\/10\/2023","novedad":false,"paginas":"108","subtitulo":"Segon Dietari d'un missioner de la Miseric\u00f2rdia","orden":"999","portada":false,"idioma":"cat","editorial":[{"ID":6736,"post_author":"2","post_date":"2023-10-06 08:35:24","post_date_gmt":"2023-10-06 06:35:24","post_content":"","post_title":"CPL","post_excerpt":"","post_status":"publish","comment_status":"closed","ping_status":"closed","post_password":"","post_name":"cpl","to_ping":"","pinged":"","post_modified":"2023-10-06 08:35:24","post_modified_gmt":"2023-10-06 06:35:24","post_content_filtered":"","post_parent":0,"guid":"https:\/\/nuevaweb.cpl.es\/editorial\/cpl\/","menu_order":0,"post_type":"editorial","post_mime_type":"","comment_count":"0","filter":"raw"}],"coleccion_num":"179"},"yoast_head":"<!-- This site is optimized with the Yoast SEO plugin v27.3 - https:\/\/yoast.com\/product\/yoast-seo-wordpress\/ -->\n<title>Una mirada eclesial oberta - CPL<\/title>\n<meta name=\"robots\" content=\"index, follow, max-snippet:-1, max-image-preview:large, max-video-preview:-1\" \/>\n<link rel=\"canonical\" href=\"https:\/\/www.cpl.es\/producto\/una-mirada-eclesial-oberta-9788491655909\/\" \/>\n<meta property=\"og:locale\" content=\"ca_ES\" \/>\n<meta property=\"og:type\" content=\"article\" \/>\n<meta property=\"og:title\" content=\"Una mirada eclesial oberta - CPL\" \/>\n<meta property=\"og:description\" content=\"Dalmau i Ribalta, Bernab\u00e9\" \/>\n<meta property=\"og:url\" content=\"https:\/\/www.cpl.es\/producto\/una-mirada-eclesial-oberta-9788491655909\/\" \/>\n<meta property=\"og:site_name\" content=\"CPL\" \/>\n<meta property=\"article:modified_time\" content=\"2025-10-03T09:12:51+00:00\" \/>\n<meta property=\"og:image\" content=\"https:\/\/www.cpl.es\/wp-content\/uploads\/208179.jpg\" \/>\n\t<meta property=\"og:image:width\" content=\"280\" \/>\n\t<meta property=\"og:image:height\" content=\"443\" \/>\n\t<meta property=\"og:image:type\" content=\"image\/jpeg\" \/>\n<meta name=\"twitter:card\" content=\"summary_large_image\" \/>\n<script type=\"application\/ld+json\" class=\"yoast-schema-graph\">{\"@context\":\"https:\\\/\\\/schema.org\",\"@graph\":[{\"@type\":\"WebPage\",\"@id\":\"https:\\\/\\\/www.cpl.es\\\/producto\\\/una-mirada-eclesial-oberta-9788491655909\\\/\",\"url\":\"https:\\\/\\\/www.cpl.es\\\/producto\\\/una-mirada-eclesial-oberta-9788491655909\\\/\",\"name\":\"Una mirada eclesial oberta - CPL\",\"isPartOf\":{\"@id\":\"https:\\\/\\\/www.cpl.es\\\/#website\"},\"primaryImageOfPage\":{\"@id\":\"https:\\\/\\\/www.cpl.es\\\/producto\\\/una-mirada-eclesial-oberta-9788491655909\\\/#primaryimage\"},\"image\":{\"@id\":\"https:\\\/\\\/www.cpl.es\\\/producto\\\/una-mirada-eclesial-oberta-9788491655909\\\/#primaryimage\"},\"thumbnailUrl\":\"https:\\\/\\\/www.cpl.es\\\/wp-content\\\/uploads\\\/208179.jpg\",\"datePublished\":\"2023-12-18T16:05:00+00:00\",\"dateModified\":\"2025-10-03T09:12:51+00:00\",\"breadcrumb\":{\"@id\":\"https:\\\/\\\/www.cpl.es\\\/producto\\\/una-mirada-eclesial-oberta-9788491655909\\\/#breadcrumb\"},\"inLanguage\":\"ca\",\"potentialAction\":[{\"@type\":\"ReadAction\",\"target\":[\"https:\\\/\\\/www.cpl.es\\\/producto\\\/una-mirada-eclesial-oberta-9788491655909\\\/\"]}]},{\"@type\":\"ImageObject\",\"inLanguage\":\"ca\",\"@id\":\"https:\\\/\\\/www.cpl.es\\\/producto\\\/una-mirada-eclesial-oberta-9788491655909\\\/#primaryimage\",\"url\":\"https:\\\/\\\/www.cpl.es\\\/wp-content\\\/uploads\\\/208179.jpg\",\"contentUrl\":\"https:\\\/\\\/www.cpl.es\\\/wp-content\\\/uploads\\\/208179.jpg\",\"width\":280,\"height\":443,\"caption\":\"208179.jpg\"},{\"@type\":\"BreadcrumbList\",\"@id\":\"https:\\\/\\\/www.cpl.es\\\/producto\\\/una-mirada-eclesial-oberta-9788491655909\\\/#breadcrumb\",\"itemListElement\":[{\"@type\":\"ListItem\",\"position\":1,\"name\":\"Portada\",\"item\":\"https:\\\/\\\/www.cpl.es\\\/ca\\\/\"},{\"@type\":\"ListItem\",\"position\":2,\"name\":\"Cat\u00e0leg\",\"item\":\"https:\\\/\\\/www.cpl.es\\\/ca\\\/cataleg\\\/\"},{\"@type\":\"ListItem\",\"position\":3,\"name\":\"Una mirada eclesial oberta\"}]},{\"@type\":\"WebSite\",\"@id\":\"https:\\\/\\\/www.cpl.es\\\/#website\",\"url\":\"https:\\\/\\\/www.cpl.es\\\/\",\"name\":\"CPL\",\"description\":\"Centre de Pastoral Lit\u00fargica de Barcelona\",\"publisher\":{\"@id\":\"https:\\\/\\\/www.cpl.es\\\/#organization\"},\"alternateName\":\"Centre de Pastoral Lit\u00fargica\",\"potentialAction\":[{\"@type\":\"SearchAction\",\"target\":{\"@type\":\"EntryPoint\",\"urlTemplate\":\"https:\\\/\\\/www.cpl.es\\\/?s={search_term_string}\"},\"query-input\":{\"@type\":\"PropertyValueSpecification\",\"valueRequired\":true,\"valueName\":\"search_term_string\"}}],\"inLanguage\":\"ca\"},{\"@type\":\"Organization\",\"@id\":\"https:\\\/\\\/www.cpl.es\\\/#organization\",\"name\":\"Centre de Pastoral Lit\u00fargica\",\"alternateName\":\"Centre de Pastoral Lit\u00fargica de Barcelona\",\"url\":\"https:\\\/\\\/www.cpl.es\\\/\",\"logo\":{\"@type\":\"ImageObject\",\"inLanguage\":\"ca\",\"@id\":\"https:\\\/\\\/www.cpl.es\\\/#\\\/schema\\\/logo\\\/image\\\/\",\"url\":\"https:\\\/\\\/www.cpl.es\\\/wp-content\\\/uploads\\\/logo-cpl.svg\",\"contentUrl\":\"https:\\\/\\\/www.cpl.es\\\/wp-content\\\/uploads\\\/logo-cpl.svg\",\"caption\":\"Centre de Pastoral Lit\u00fargica\"},\"image\":{\"@id\":\"https:\\\/\\\/www.cpl.es\\\/#\\\/schema\\\/logo\\\/image\\\/\"}}]}<\/script>\n<!-- \/ Yoast SEO plugin. -->","yoast_head_json":{"title":"Una mirada eclesial oberta - CPL","robots":{"index":"index","follow":"follow","max-snippet":"max-snippet:-1","max-image-preview":"max-image-preview:large","max-video-preview":"max-video-preview:-1"},"canonical":"https:\/\/www.cpl.es\/producto\/una-mirada-eclesial-oberta-9788491655909\/","og_locale":"ca_ES","og_type":"article","og_title":"Una mirada eclesial oberta - CPL","og_description":"Dalmau i Ribalta, Bernab\u00e9","og_url":"https:\/\/www.cpl.es\/producto\/una-mirada-eclesial-oberta-9788491655909\/","og_site_name":"CPL","article_modified_time":"2025-10-03T09:12:51+00:00","og_image":[{"width":280,"height":443,"url":"https:\/\/www.cpl.es\/wp-content\/uploads\/208179.jpg","type":"image\/jpeg"}],"twitter_card":"summary_large_image","schema":{"@context":"https:\/\/schema.org","@graph":[{"@type":"WebPage","@id":"https:\/\/www.cpl.es\/producto\/una-mirada-eclesial-oberta-9788491655909\/","url":"https:\/\/www.cpl.es\/producto\/una-mirada-eclesial-oberta-9788491655909\/","name":"Una mirada eclesial oberta - CPL","isPartOf":{"@id":"https:\/\/www.cpl.es\/#website"},"primaryImageOfPage":{"@id":"https:\/\/www.cpl.es\/producto\/una-mirada-eclesial-oberta-9788491655909\/#primaryimage"},"image":{"@id":"https:\/\/www.cpl.es\/producto\/una-mirada-eclesial-oberta-9788491655909\/#primaryimage"},"thumbnailUrl":"https:\/\/www.cpl.es\/wp-content\/uploads\/208179.jpg","datePublished":"2023-12-18T16:05:00+00:00","dateModified":"2025-10-03T09:12:51+00:00","breadcrumb":{"@id":"https:\/\/www.cpl.es\/producto\/una-mirada-eclesial-oberta-9788491655909\/#breadcrumb"},"inLanguage":"ca","potentialAction":[{"@type":"ReadAction","target":["https:\/\/www.cpl.es\/producto\/una-mirada-eclesial-oberta-9788491655909\/"]}]},{"@type":"ImageObject","inLanguage":"ca","@id":"https:\/\/www.cpl.es\/producto\/una-mirada-eclesial-oberta-9788491655909\/#primaryimage","url":"https:\/\/www.cpl.es\/wp-content\/uploads\/208179.jpg","contentUrl":"https:\/\/www.cpl.es\/wp-content\/uploads\/208179.jpg","width":280,"height":443,"caption":"208179.jpg"},{"@type":"BreadcrumbList","@id":"https:\/\/www.cpl.es\/producto\/una-mirada-eclesial-oberta-9788491655909\/#breadcrumb","itemListElement":[{"@type":"ListItem","position":1,"name":"Portada","item":"https:\/\/www.cpl.es\/ca\/"},{"@type":"ListItem","position":2,"name":"Cat\u00e0leg","item":"https:\/\/www.cpl.es\/ca\/cataleg\/"},{"@type":"ListItem","position":3,"name":"Una mirada eclesial oberta"}]},{"@type":"WebSite","@id":"https:\/\/www.cpl.es\/#website","url":"https:\/\/www.cpl.es\/","name":"CPL","description":"Centre de Pastoral Lit\u00fargica de Barcelona","publisher":{"@id":"https:\/\/www.cpl.es\/#organization"},"alternateName":"Centre de Pastoral Lit\u00fargica","potentialAction":[{"@type":"SearchAction","target":{"@type":"EntryPoint","urlTemplate":"https:\/\/www.cpl.es\/?s={search_term_string}"},"query-input":{"@type":"PropertyValueSpecification","valueRequired":true,"valueName":"search_term_string"}}],"inLanguage":"ca"},{"@type":"Organization","@id":"https:\/\/www.cpl.es\/#organization","name":"Centre de Pastoral Lit\u00fargica","alternateName":"Centre de Pastoral Lit\u00fargica de Barcelona","url":"https:\/\/www.cpl.es\/","logo":{"@type":"ImageObject","inLanguage":"ca","@id":"https:\/\/www.cpl.es\/#\/schema\/logo\/image\/","url":"https:\/\/www.cpl.es\/wp-content\/uploads\/logo-cpl.svg","contentUrl":"https:\/\/www.cpl.es\/wp-content\/uploads\/logo-cpl.svg","caption":"Centre de Pastoral Lit\u00fargica"},"image":{"@id":"https:\/\/www.cpl.es\/#\/schema\/logo\/image\/"}}]}},"_links":{"self":[{"href":"https:\/\/www.cpl.es\/ca\/wp-json\/wp\/v2\/product\/12240","targetHints":{"allow":["GET"]}}],"collection":[{"href":"https:\/\/www.cpl.es\/ca\/wp-json\/wp\/v2\/product"}],"about":[{"href":"https:\/\/www.cpl.es\/ca\/wp-json\/wp\/v2\/types\/product"}],"wp:featuredmedia":[{"embeddable":true,"href":"https:\/\/www.cpl.es\/ca\/wp-json\/wp\/v2\/media\/12271"}],"wp:attachment":[{"href":"https:\/\/www.cpl.es\/ca\/wp-json\/wp\/v2\/media?parent=12240"}],"wp:term":[{"taxonomy":"product_brand","embeddable":true,"href":"https:\/\/www.cpl.es\/ca\/wp-json\/wp\/v2\/product_brand?post=12240"},{"taxonomy":"product_cat","embeddable":true,"href":"https:\/\/www.cpl.es\/ca\/wp-json\/wp\/v2\/product_cat?post=12240"},{"taxonomy":"product_tag","embeddable":true,"href":"https:\/\/www.cpl.es\/ca\/wp-json\/wp\/v2\/product_tag?post=12240"}],"curies":[{"name":"wp","href":"https:\/\/api.w.org\/{rel}","templated":true}]}}

<p> Bernabé Dalmau i Ribalta, com a missioner de la misericòrdia, ens ofereix una mirada oberta sobre l’Església des d’aquesta misericòrdia, perquè tinguem en compte que l’esperit de misericòrdia s’ha de viure sempre al llarg de la nostra vida. Bernabé Dalmau i Ribalta (Igualada, 1944), és monjo de Montserrat, llicenciat en Teologia i Dret canònic, expert en litúrgia, director de la revista Documents d’Església i membre del Centre de Pastoral Litúrgica, on darrerament ha publicat diverses obres, tant de caire litúrgic com de vida cristiana.</p>

<p>Dalmau i Ribalta, Bernabé</p>

Dalmau i Ribalta, Bernabé

Rústica

Segon Dietari d'un missioner de la Misericòrdia

<!-- This site is optimized with the Yoast SEO plugin v27.3 - https://yoast.com/product/yoast-seo-wordpress/ -->
<title>Una mirada eclesial oberta - CPL</title>
<meta name="robots" content="index, follow, max-snippet:-1, max-image-preview:large, max-video-preview:-1" />
<link rel="canonical" href="https://www.cpl.es/producto/una-mirada-eclesial-oberta-9788491655909/" />
<meta property="og:locale" content="ca_ES" />
<meta property="og:type" content="article" />
<meta property="og:title" content="Una mirada eclesial oberta - CPL" />
<meta property="og:description" content="Dalmau i Ribalta, Bernabé" />
<meta property="og:url" content="https://www.cpl.es/producto/una-mirada-eclesial-oberta-9788491655909/" />
<meta property="og:site_name" content="CPL" />
<meta property="article:modified_time" content="2025-10-03T09:12:51+00:00" />
<meta property="og:image" content="https://www.cpl.es/wp-content/uploads/208179.jpg" />
	<meta property="og:image:width" content="280" />
	<meta property="og:image:height" content="443" />
	<meta property="og:image:type" content="image/jpeg" />
<meta name="twitter:card" content="summary_large_image" />
<script type="application/ld+json" class="yoast-schema-graph">{"@context":"https:\/\/schema.org","@graph":[{"@type":"WebPage","@id":"https:\/\/www.cpl.es\/producto\/una-mirada-eclesial-oberta-9788491655909\/","url":"https:\/\/www.cpl.es\/producto\/una-mirada-eclesial-oberta-9788491655909\/","name":"Una mirada eclesial oberta - CPL","isPartOf":{"@id":"https:\/\/www.cpl.es\/#website"},"primaryImageOfPage":{"@id":"https:\/\/www.cpl.es\/producto\/una-mirada-eclesial-oberta-9788491655909\/#primaryimage"},"image":{"@id":"https:\/\/www.cpl.es\/producto\/una-mirada-eclesial-oberta-9788491655909\/#primaryimage"},"thumbnailUrl":"https:\/\/www.cpl.es\/wp-content\/uploads\/208179.jpg","datePublished":"2023-12-18T16:05:00+00:00","dateModified":"2025-10-03T09:12:51+00:00","breadcrumb":{"@id":"https:\/\/www.cpl.es\/producto\/una-mirada-eclesial-oberta-9788491655909\/#breadcrumb"},"inLanguage":"ca","potentialAction":[{"@type":"ReadAction","target":["https:\/\/www.cpl.es\/producto\/una-mirada-eclesial-oberta-9788491655909\/"]}]},{"@type":"ImageObject","inLanguage":"ca","@id":"https:\/\/www.cpl.es\/producto\/una-mirada-eclesial-oberta-9788491655909\/#primaryimage","url":"https:\/\/www.cpl.es\/wp-content\/uploads\/208179.jpg","contentUrl":"https:\/\/www.cpl.es\/wp-content\/uploads\/208179.jpg","width":280,"height":443,"caption":"208179.jpg"},{"@type":"BreadcrumbList","@id":"https:\/\/www.cpl.es\/producto\/una-mirada-eclesial-oberta-9788491655909\/#breadcrumb","itemListElement":[{"@type":"ListItem","position":1,"name":"Portada","item":"https:\/\/www.cpl.es\/ca\/"},{"@type":"ListItem","position":2,"name":"Catàleg","item":"https:\/\/www.cpl.es\/ca\/cataleg\/"},{"@type":"ListItem","position":3,"name":"Una mirada eclesial oberta"}]},{"@type":"WebSite","@id":"https:\/\/www.cpl.es\/#website","url":"https:\/\/www.cpl.es\/","name":"CPL","description":"Centre de Pastoral Litúrgica de Barcelona","publisher":{"@id":"https:\/\/www.cpl.es\/#organization"},"alternateName":"Centre de Pastoral Litúrgica","potentialAction":[{"@type":"SearchAction","target":{"@type":"EntryPoint","urlTemplate":"https:\/\/www.cpl.es\/?s={search_term_string}"},"query-input":{"@type":"PropertyValueSpecification","valueRequired":true,"valueName":"search_term_string"}}],"inLanguage":"ca"},{"@type":"Organization","@id":"https:\/\/www.cpl.es\/#organization","name":"Centre de Pastoral Litúrgica","alternateName":"Centre de Pastoral Litúrgica de Barcelona","url":"https:\/\/www.cpl.es\/","logo":{"@type":"ImageObject","inLanguage":"ca","@id":"https:\/\/www.cpl.es\/#\/schema\/logo\/image\/","url":"https:\/\/www.cpl.es\/wp-content\/uploads\/logo-cpl.svg","contentUrl":"https:\/\/www.cpl.es\/wp-content\/uploads\/logo-cpl.svg","caption":"Centre de Pastoral Litúrgica"},"image":{"@id":"https:\/\/www.cpl.es\/#\/schema\/logo\/image\/"}}]}</script>
<!-- / Yoast SEO plugin. -->

Catàleg

Centre de Pastoral Litúrgica de Barcelona

Centre de Pastoral Litúrgica
