{"id":1161,"date":"2023-10-04T01:02:21","date_gmt":"2023-10-03T23:02:21","guid":{"rendered":"https:\/\/nuevaweb.cpl.es\/producto\/las-celebraciones-dominicales-en-ausencia-de-presbitero-9788491652885\/"},"modified":"2023-12-05T13:35:09","modified_gmt":"2023-12-05T12:35:09","slug":"las-celebraciones-dominicales-en-ausencia-de-presbitero-9788491652885","status":"publish","type":"product","link":"https:\/\/www.cpl.es\/ca\/producto\/las-celebraciones-dominicales-en-ausencia-de-presbitero-9788491652885\/","title":{"rendered":"Las Celebraciones Dominicales en ausencia de presb\u00edtero"},"content":{"rendered":"<p>La reforma lit\u00fargica del Vaticano II ha atendido la realidad de las Iglesias j\u00f3venes, de los llamados pa\u00edses de misi\u00f3n. Las comunidades cristianas, esparcidas por amplias \u00e1reas sin sacerdote residente, con las Celebraciones dominicales en ausencia de presb\u00edtero (ADAP), mantienen su vida cristiana a partir de la Eucarist\u00eda aunque esta no pudiera ser celebrada cada domingo. R\u00e1pidamente esta realidad se ha invertido y ahora son las comunidades ancianas las que se ven en una situaci\u00f3n de falta de presb\u00edteros para celebrar la Eucarist\u00eda cada domingo en cada comunidad. Nos felicitamos de que haya habido una abundante y rigurosa reflexi\u00f3n sobre estos temas, para que no se pretenda dar soluciones espont\u00e1neas a problemas que son muy de fondo porque tocan elementos esenciales de la vida cristiana. Por ello, desde el Centre de Pastoral Lit\u00fargica estamos satisfechos de poder ofrecer un verdadero Dossier de documentos, reflexiones y materiales sobre las ADAP.<\/p>\n","protected":false},"excerpt":{"rendered":"<p>vv.aa.<\/p>\n","protected":false},"featured_media":1162,"template":"","meta":{"_acf_changed":false,"inline_featured_image":false},"product_brand":[],"product_cat":[123,145,151,153,75,44,165,121],"product_tag":[],"class_list":{"0":"post-1161","1":"product","2":"type-product","3":"status-publish","4":"has-post-thumbnail","6":"product_cat-asambleas-en-ausencia-de-presbitero","7":"product_cat-assemblees-en-absencia-de-prevere","8":"product_cat-celebracio-de-la-missa-celebracio-de-la-missa-per-temes","9":"product_cat-celebracion-de-la-misa-celebracion-de-la-misa-por-temas","10":"product_cat-dossiers-cpl-colleccions-catala","11":"product_cat-dossiers-cpl","12":"product_cat-lassemblea-liturgica-celebracio-de-la-missa-per-temes","13":"product_cat-la-asamblea-liturgica","15":"first","16":"instock","17":"taxable","18":"shipping-taxable","19":"purchasable","20":"product-type-simple"},"acf":{"autor":"vv.aa.","codart":"101153","ediciones":"1","encuadernacion":"R\u00fastica","fecha_de_publicacion":"07\/02\/2020","novedad":false,"paginas":"204","subtitulo":"ADAP. Documentos, reflexiones y materiales","orden":"999","portada":false,"idioma":"spa","editorial":[{"ID":6736,"post_author":"2","post_date":"2023-10-06 08:35:24","post_date_gmt":"2023-10-06 06:35:24","post_content":"","post_title":"CPL","post_excerpt":"","post_status":"publish","comment_status":"closed","ping_status":"closed","post_password":"","post_name":"cpl","to_ping":"","pinged":"","post_modified":"2023-10-06 08:35:24","post_modified_gmt":"2023-10-06 06:35:24","post_content_filtered":"","post_parent":0,"guid":"https:\/\/nuevaweb.cpl.es\/editorial\/cpl\/","menu_order":0,"post_type":"editorial","post_mime_type":"","comment_count":"0","filter":"raw"}]},"yoast_head":"<!-- This site is optimized with the Yoast SEO plugin v27.3 - https:\/\/yoast.com\/product\/yoast-seo-wordpress\/ -->\n<title>Las Celebraciones Dominicales en ausencia de presb\u00edtero - CPL<\/title>\n<meta name=\"robots\" content=\"index, follow, max-snippet:-1, max-image-preview:large, max-video-preview:-1\" \/>\n<link rel=\"canonical\" href=\"https:\/\/www.cpl.es\/producto\/las-celebraciones-dominicales-en-ausencia-de-presbitero-9788491652885\/\" \/>\n<meta property=\"og:locale\" content=\"ca_ES\" \/>\n<meta property=\"og:type\" content=\"article\" \/>\n<meta property=\"og:title\" content=\"Las Celebraciones Dominicales en ausencia de presb\u00edtero - CPL\" \/>\n<meta property=\"og:description\" content=\"vv.aa.\" \/>\n<meta property=\"og:url\" content=\"https:\/\/www.cpl.es\/producto\/las-celebraciones-dominicales-en-ausencia-de-presbitero-9788491652885\/\" \/>\n<meta property=\"og:site_name\" content=\"CPL\" \/>\n<meta property=\"article:modified_time\" content=\"2023-12-05T12:35:09+00:00\" \/>\n<meta property=\"og:image\" content=\"https:\/\/www.cpl.es\/wp-content\/uploads\/101153.jpg\" \/>\n\t<meta property=\"og:image:width\" content=\"280\" \/>\n\t<meta property=\"og:image:height\" content=\"391\" \/>\n\t<meta property=\"og:image:type\" content=\"image\/jpeg\" \/>\n<meta name=\"twitter:card\" content=\"summary_large_image\" \/>\n<meta name=\"twitter:label1\" content=\"Temps estimat de lectura\" \/>\n\t<meta name=\"twitter:data1\" content=\"1 minut\" \/>\n<script type=\"application\/ld+json\" class=\"yoast-schema-graph\">{\"@context\":\"https:\\\/\\\/schema.org\",\"@graph\":[{\"@type\":\"WebPage\",\"@id\":\"https:\\\/\\\/www.cpl.es\\\/producto\\\/las-celebraciones-dominicales-en-ausencia-de-presbitero-9788491652885\\\/\",\"url\":\"https:\\\/\\\/www.cpl.es\\\/producto\\\/las-celebraciones-dominicales-en-ausencia-de-presbitero-9788491652885\\\/\",\"name\":\"Las Celebraciones Dominicales en ausencia de presb\u00edtero - CPL\",\"isPartOf\":{\"@id\":\"https:\\\/\\\/www.cpl.es\\\/#website\"},\"primaryImageOfPage\":{\"@id\":\"https:\\\/\\\/www.cpl.es\\\/producto\\\/las-celebraciones-dominicales-en-ausencia-de-presbitero-9788491652885\\\/#primaryimage\"},\"image\":{\"@id\":\"https:\\\/\\\/www.cpl.es\\\/producto\\\/las-celebraciones-dominicales-en-ausencia-de-presbitero-9788491652885\\\/#primaryimage\"},\"thumbnailUrl\":\"https:\\\/\\\/www.cpl.es\\\/wp-content\\\/uploads\\\/101153.jpg\",\"datePublished\":\"2023-10-03T23:02:21+00:00\",\"dateModified\":\"2023-12-05T12:35:09+00:00\",\"breadcrumb\":{\"@id\":\"https:\\\/\\\/www.cpl.es\\\/producto\\\/las-celebraciones-dominicales-en-ausencia-de-presbitero-9788491652885\\\/#breadcrumb\"},\"inLanguage\":\"ca\",\"potentialAction\":[{\"@type\":\"ReadAction\",\"target\":[\"https:\\\/\\\/www.cpl.es\\\/producto\\\/las-celebraciones-dominicales-en-ausencia-de-presbitero-9788491652885\\\/\"]}]},{\"@type\":\"ImageObject\",\"inLanguage\":\"ca\",\"@id\":\"https:\\\/\\\/www.cpl.es\\\/producto\\\/las-celebraciones-dominicales-en-ausencia-de-presbitero-9788491652885\\\/#primaryimage\",\"url\":\"https:\\\/\\\/www.cpl.es\\\/wp-content\\\/uploads\\\/101153.jpg\",\"contentUrl\":\"https:\\\/\\\/www.cpl.es\\\/wp-content\\\/uploads\\\/101153.jpg\",\"width\":280,\"height\":391,\"caption\":\"101153.jpg\"},{\"@type\":\"BreadcrumbList\",\"@id\":\"https:\\\/\\\/www.cpl.es\\\/producto\\\/las-celebraciones-dominicales-en-ausencia-de-presbitero-9788491652885\\\/#breadcrumb\",\"itemListElement\":[{\"@type\":\"ListItem\",\"position\":1,\"name\":\"Portada\",\"item\":\"https:\\\/\\\/www.cpl.es\\\/ca\\\/\"},{\"@type\":\"ListItem\",\"position\":2,\"name\":\"Cat\u00e0leg\",\"item\":\"https:\\\/\\\/www.cpl.es\\\/ca\\\/cataleg\\\/\"},{\"@type\":\"ListItem\",\"position\":3,\"name\":\"Las Celebraciones Dominicales en ausencia de presb\u00edtero\"}]},{\"@type\":\"WebSite\",\"@id\":\"https:\\\/\\\/www.cpl.es\\\/#website\",\"url\":\"https:\\\/\\\/www.cpl.es\\\/\",\"name\":\"CPL\",\"description\":\"Centre de Pastoral Lit\u00fargica de Barcelona\",\"publisher\":{\"@id\":\"https:\\\/\\\/www.cpl.es\\\/#organization\"},\"alternateName\":\"Centre de Pastoral Lit\u00fargica\",\"potentialAction\":[{\"@type\":\"SearchAction\",\"target\":{\"@type\":\"EntryPoint\",\"urlTemplate\":\"https:\\\/\\\/www.cpl.es\\\/?s={search_term_string}\"},\"query-input\":{\"@type\":\"PropertyValueSpecification\",\"valueRequired\":true,\"valueName\":\"search_term_string\"}}],\"inLanguage\":\"ca\"},{\"@type\":\"Organization\",\"@id\":\"https:\\\/\\\/www.cpl.es\\\/#organization\",\"name\":\"Centre de Pastoral Lit\u00fargica\",\"alternateName\":\"Centre de Pastoral Lit\u00fargica de Barcelona\",\"url\":\"https:\\\/\\\/www.cpl.es\\\/\",\"logo\":{\"@type\":\"ImageObject\",\"inLanguage\":\"ca\",\"@id\":\"https:\\\/\\\/www.cpl.es\\\/#\\\/schema\\\/logo\\\/image\\\/\",\"url\":\"https:\\\/\\\/www.cpl.es\\\/wp-content\\\/uploads\\\/logo-cpl.svg\",\"contentUrl\":\"https:\\\/\\\/www.cpl.es\\\/wp-content\\\/uploads\\\/logo-cpl.svg\",\"caption\":\"Centre de Pastoral Lit\u00fargica\"},\"image\":{\"@id\":\"https:\\\/\\\/www.cpl.es\\\/#\\\/schema\\\/logo\\\/image\\\/\"}}]}<\/script>\n<!-- \/ Yoast SEO plugin. -->","yoast_head_json":{"title":"Las Celebraciones Dominicales en ausencia de presb\u00edtero - CPL","robots":{"index":"index","follow":"follow","max-snippet":"max-snippet:-1","max-image-preview":"max-image-preview:large","max-video-preview":"max-video-preview:-1"},"canonical":"https:\/\/www.cpl.es\/producto\/las-celebraciones-dominicales-en-ausencia-de-presbitero-9788491652885\/","og_locale":"ca_ES","og_type":"article","og_title":"Las Celebraciones Dominicales en ausencia de presb\u00edtero - CPL","og_description":"vv.aa.","og_url":"https:\/\/www.cpl.es\/producto\/las-celebraciones-dominicales-en-ausencia-de-presbitero-9788491652885\/","og_site_name":"CPL","article_modified_time":"2023-12-05T12:35:09+00:00","og_image":[{"width":280,"height":391,"url":"https:\/\/www.cpl.es\/wp-content\/uploads\/101153.jpg","type":"image\/jpeg"}],"twitter_card":"summary_large_image","twitter_misc":{"Temps estimat de lectura":"1 minut"},"schema":{"@context":"https:\/\/schema.org","@graph":[{"@type":"WebPage","@id":"https:\/\/www.cpl.es\/producto\/las-celebraciones-dominicales-en-ausencia-de-presbitero-9788491652885\/","url":"https:\/\/www.cpl.es\/producto\/las-celebraciones-dominicales-en-ausencia-de-presbitero-9788491652885\/","name":"Las Celebraciones Dominicales en ausencia de presb\u00edtero - CPL","isPartOf":{"@id":"https:\/\/www.cpl.es\/#website"},"primaryImageOfPage":{"@id":"https:\/\/www.cpl.es\/producto\/las-celebraciones-dominicales-en-ausencia-de-presbitero-9788491652885\/#primaryimage"},"image":{"@id":"https:\/\/www.cpl.es\/producto\/las-celebraciones-dominicales-en-ausencia-de-presbitero-9788491652885\/#primaryimage"},"thumbnailUrl":"https:\/\/www.cpl.es\/wp-content\/uploads\/101153.jpg","datePublished":"2023-10-03T23:02:21+00:00","dateModified":"2023-12-05T12:35:09+00:00","breadcrumb":{"@id":"https:\/\/www.cpl.es\/producto\/las-celebraciones-dominicales-en-ausencia-de-presbitero-9788491652885\/#breadcrumb"},"inLanguage":"ca","potentialAction":[{"@type":"ReadAction","target":["https:\/\/www.cpl.es\/producto\/las-celebraciones-dominicales-en-ausencia-de-presbitero-9788491652885\/"]}]},{"@type":"ImageObject","inLanguage":"ca","@id":"https:\/\/www.cpl.es\/producto\/las-celebraciones-dominicales-en-ausencia-de-presbitero-9788491652885\/#primaryimage","url":"https:\/\/www.cpl.es\/wp-content\/uploads\/101153.jpg","contentUrl":"https:\/\/www.cpl.es\/wp-content\/uploads\/101153.jpg","width":280,"height":391,"caption":"101153.jpg"},{"@type":"BreadcrumbList","@id":"https:\/\/www.cpl.es\/producto\/las-celebraciones-dominicales-en-ausencia-de-presbitero-9788491652885\/#breadcrumb","itemListElement":[{"@type":"ListItem","position":1,"name":"Portada","item":"https:\/\/www.cpl.es\/ca\/"},{"@type":"ListItem","position":2,"name":"Cat\u00e0leg","item":"https:\/\/www.cpl.es\/ca\/cataleg\/"},{"@type":"ListItem","position":3,"name":"Las Celebraciones Dominicales en ausencia de presb\u00edtero"}]},{"@type":"WebSite","@id":"https:\/\/www.cpl.es\/#website","url":"https:\/\/www.cpl.es\/","name":"CPL","description":"Centre de Pastoral Lit\u00fargica de Barcelona","publisher":{"@id":"https:\/\/www.cpl.es\/#organization"},"alternateName":"Centre de Pastoral Lit\u00fargica","potentialAction":[{"@type":"SearchAction","target":{"@type":"EntryPoint","urlTemplate":"https:\/\/www.cpl.es\/?s={search_term_string}"},"query-input":{"@type":"PropertyValueSpecification","valueRequired":true,"valueName":"search_term_string"}}],"inLanguage":"ca"},{"@type":"Organization","@id":"https:\/\/www.cpl.es\/#organization","name":"Centre de Pastoral Lit\u00fargica","alternateName":"Centre de Pastoral Lit\u00fargica de Barcelona","url":"https:\/\/www.cpl.es\/","logo":{"@type":"ImageObject","inLanguage":"ca","@id":"https:\/\/www.cpl.es\/#\/schema\/logo\/image\/","url":"https:\/\/www.cpl.es\/wp-content\/uploads\/logo-cpl.svg","contentUrl":"https:\/\/www.cpl.es\/wp-content\/uploads\/logo-cpl.svg","caption":"Centre de Pastoral Lit\u00fargica"},"image":{"@id":"https:\/\/www.cpl.es\/#\/schema\/logo\/image\/"}}]}},"_links":{"self":[{"href":"https:\/\/www.cpl.es\/ca\/wp-json\/wp\/v2\/product\/1161","targetHints":{"allow":["GET"]}}],"collection":[{"href":"https:\/\/www.cpl.es\/ca\/wp-json\/wp\/v2\/product"}],"about":[{"href":"https:\/\/www.cpl.es\/ca\/wp-json\/wp\/v2\/types\/product"}],"wp:featuredmedia":[{"embeddable":true,"href":"https:\/\/www.cpl.es\/ca\/wp-json\/wp\/v2\/media\/1162"}],"wp:attachment":[{"href":"https:\/\/www.cpl.es\/ca\/wp-json\/wp\/v2\/media?parent=1161"}],"wp:term":[{"taxonomy":"product_brand","embeddable":true,"href":"https:\/\/www.cpl.es\/ca\/wp-json\/wp\/v2\/product_brand?post=1161"},{"taxonomy":"product_cat","embeddable":true,"href":"https:\/\/www.cpl.es\/ca\/wp-json\/wp\/v2\/product_cat?post=1161"},{"taxonomy":"product_tag","embeddable":true,"href":"https:\/\/www.cpl.es\/ca\/wp-json\/wp\/v2\/product_tag?post=1161"}],"curies":[{"name":"wp","href":"https:\/\/api.w.org\/{rel}","templated":true}]}}

Las Celebraciones Dominicales en ausencia de presbítero

<p>La reforma litúrgica del Vaticano II ha atendido la realidad de las Iglesias jóvenes, de los llamados países de misión. Las comunidades cristianas, esparcidas por amplias áreas sin sacerdote residente, con las Celebraciones dominicales en ausencia de presbítero (ADAP), mantienen su vida cristiana a partir de la Eucaristía aunque esta no pudiera ser celebrada cada domingo. Rápidamente esta realidad se ha invertido y ahora son las comunidades ancianas las que se ven en una situación de falta de presbíteros para celebrar la Eucaristía cada domingo en cada comunidad. Nos felicitamos de que haya habido una abundante y rigurosa reflexión sobre estos temas, para que no se pretenda dar soluciones espontáneas a problemas que son muy de fondo porque tocan elementos esenciales de la vida cristiana. Por ello, desde el Centre de Pastoral Litúrgica estamos satisfechos de poder ofrecer un verdadero Dossier de documentos, reflexiones y materiales sobre las ADAP.</p>

Rústica

<!-- This site is optimized with the Yoast SEO plugin v27.3 - https://yoast.com/product/yoast-seo-wordpress/ -->
<title>Las Celebraciones Dominicales en ausencia de presbítero - CPL</title>
<meta name="robots" content="index, follow, max-snippet:-1, max-image-preview:large, max-video-preview:-1" />
<link rel="canonical" href="https://www.cpl.es/producto/las-celebraciones-dominicales-en-ausencia-de-presbitero-9788491652885/" />
<meta property="og:locale" content="ca_ES" />
<meta property="og:type" content="article" />
<meta property="og:title" content="Las Celebraciones Dominicales en ausencia de presbítero - CPL" />
<meta property="og:description" content="vv.aa." />
<meta property="og:url" content="https://www.cpl.es/producto/las-celebraciones-dominicales-en-ausencia-de-presbitero-9788491652885/" />
<meta property="og:site_name" content="CPL" />
<meta property="article:modified_time" content="2023-12-05T12:35:09+00:00" />
<meta property="og:image" content="https://www.cpl.es/wp-content/uploads/101153.jpg" />
	<meta property="og:image:width" content="280" />
	<meta property="og:image:height" content="391" />
	<meta property="og:image:type" content="image/jpeg" />
<meta name="twitter:card" content="summary_large_image" />
<meta name="twitter:label1" content="Temps estimat de lectura" />
	<meta name="twitter:data1" content="1 minut" />
<script type="application/ld+json" class="yoast-schema-graph">{"@context":"https:\/\/schema.org","@graph":[{"@type":"WebPage","@id":"https:\/\/www.cpl.es\/producto\/las-celebraciones-dominicales-en-ausencia-de-presbitero-9788491652885\/","url":"https:\/\/www.cpl.es\/producto\/las-celebraciones-dominicales-en-ausencia-de-presbitero-9788491652885\/","name":"Las Celebraciones Dominicales en ausencia de presbítero - CPL","isPartOf":{"@id":"https:\/\/www.cpl.es\/#website"},"primaryImageOfPage":{"@id":"https:\/\/www.cpl.es\/producto\/las-celebraciones-dominicales-en-ausencia-de-presbitero-9788491652885\/#primaryimage"},"image":{"@id":"https:\/\/www.cpl.es\/producto\/las-celebraciones-dominicales-en-ausencia-de-presbitero-9788491652885\/#primaryimage"},"thumbnailUrl":"https:\/\/www.cpl.es\/wp-content\/uploads\/101153.jpg","datePublished":"2023-10-03T23:02:21+00:00","dateModified":"2023-12-05T12:35:09+00:00","breadcrumb":{"@id":"https:\/\/www.cpl.es\/producto\/las-celebraciones-dominicales-en-ausencia-de-presbitero-9788491652885\/#breadcrumb"},"inLanguage":"ca","potentialAction":[{"@type":"ReadAction","target":["https:\/\/www.cpl.es\/producto\/las-celebraciones-dominicales-en-ausencia-de-presbitero-9788491652885\/"]}]},{"@type":"ImageObject","inLanguage":"ca","@id":"https:\/\/www.cpl.es\/producto\/las-celebraciones-dominicales-en-ausencia-de-presbitero-9788491652885\/#primaryimage","url":"https:\/\/www.cpl.es\/wp-content\/uploads\/101153.jpg","contentUrl":"https:\/\/www.cpl.es\/wp-content\/uploads\/101153.jpg","width":280,"height":391,"caption":"101153.jpg"},{"@type":"BreadcrumbList","@id":"https:\/\/www.cpl.es\/producto\/las-celebraciones-dominicales-en-ausencia-de-presbitero-9788491652885\/#breadcrumb","itemListElement":[{"@type":"ListItem","position":1,"name":"Portada","item":"https:\/\/www.cpl.es\/ca\/"},{"@type":"ListItem","position":2,"name":"Catàleg","item":"https:\/\/www.cpl.es\/ca\/cataleg\/"},{"@type":"ListItem","position":3,"name":"Las Celebraciones Dominicales en ausencia de presbítero"}]},{"@type":"WebSite","@id":"https:\/\/www.cpl.es\/#website","url":"https:\/\/www.cpl.es\/","name":"CPL","description":"Centre de Pastoral Litúrgica de Barcelona","publisher":{"@id":"https:\/\/www.cpl.es\/#organization"},"alternateName":"Centre de Pastoral Litúrgica","potentialAction":[{"@type":"SearchAction","target":{"@type":"EntryPoint","urlTemplate":"https:\/\/www.cpl.es\/?s={search_term_string}"},"query-input":{"@type":"PropertyValueSpecification","valueRequired":true,"valueName":"search_term_string"}}],"inLanguage":"ca"},{"@type":"Organization","@id":"https:\/\/www.cpl.es\/#organization","name":"Centre de Pastoral Litúrgica","alternateName":"Centre de Pastoral Litúrgica de Barcelona","url":"https:\/\/www.cpl.es\/","logo":{"@type":"ImageObject","inLanguage":"ca","@id":"https:\/\/www.cpl.es\/#\/schema\/logo\/image\/","url":"https:\/\/www.cpl.es\/wp-content\/uploads\/logo-cpl.svg","contentUrl":"https:\/\/www.cpl.es\/wp-content\/uploads\/logo-cpl.svg","caption":"Centre de Pastoral Litúrgica"},"image":{"@id":"https:\/\/www.cpl.es\/#\/schema\/logo\/image\/"}}]}</script>
<!-- / Yoast SEO plugin. -->

Las Celebraciones Dominicales en ausencia de presbítero - CPL

Catàleg

Centre de Pastoral Litúrgica de Barcelona

Centre de Pastoral Litúrgica
