{"id":1013,"date":"2023-10-04T00:57:42","date_gmt":"2023-10-03T22:57:42","guid":{"rendered":"https:\/\/nuevaweb.cpl.es\/producto\/de-habitu-clericorum-9788491654070\/"},"modified":"2026-02-12T17:40:16","modified_gmt":"2026-02-12T16:40:16","slug":"de-habitu-clericorum-9788491654070","status":"publish","type":"product","link":"https:\/\/www.cpl.es\/ca\/producto\/de-habitu-clericorum-9788491654070\/","title":{"rendered":"De Habitu Clericorum"},"content":{"rendered":"<p>Leovigildo de C\u00f3rdoba (segunda mitad del s. ix), hijo de Ansefredo, era de linaje godo y se orden\u00f3 sacerdote, ejerciendo su ministerio en la iglesia de San Cipriano de C\u00f3rdoba. Su obra Liber de habitu clericorum fue encargada por los monjes de San Cipriano.<br \/>Leovigildo vive en un contexto martirial con ocasi\u00f3n de la dominaci\u00f3n \u00e1rabe, donde desde hace tiempo los cristianos visten como los dem\u00e1s habitantes musulmanes. Los cl\u00e9rigos, aunque pod\u00edan vestir el traje eclesi\u00e1stico, comenzaron a vestir como seglares, quiz\u00e1s por presiones religiosas o por no entender su significado. Y este es uno de los temas del libro del Cordob\u00e9s, que adem\u00e1s le da el t\u00edtulo. En l\u00edneas generales, el h\u00e1bito descrito por Leovigildo es austero. No especifica el color o c\u00f3mo est\u00e1 hecho, pero la intencionalidad del autor refleja la mentalidad mon\u00e1stica hispana.<\/p>\n","protected":false},"excerpt":{"rendered":"<p>De C\u00f3rdoba, Leovigildo<\/p>\n","protected":false},"featured_media":1014,"template":"","meta":{"_acf_changed":false,"inline_featured_image":false},"product_brand":[],"product_cat":[69,54,85,62],"product_tag":[],"class_list":{"0":"post-1013","1":"product","2":"type-product","3":"status-publish","4":"has-post-thumbnail","6":"product_cat-cuadernos-phase-colleccions-catala","7":"product_cat-cuadernos-phase","8":"product_cat-historia-de-la-liturgia-per-temes-catala","9":"product_cat-historia-de-la-liturgia","11":"first","12":"instock","13":"taxable","14":"shipping-taxable","15":"purchasable","16":"product-type-simple"},"acf":{"autor":"De C\u00f3rdoba, Leovigildo","codart":"110259","ediciones":"1","encuadernacion":"R\u00fastica","fecha_de_publicacion":"28\/01\/2021","novedad":false,"paginas":"100","subtitulo":"Lat\u00edn-Castellano","orden":"90","portada":false,"idioma":"spa","editorial":[{"ID":6736,"post_author":"2","post_date":"2023-10-06 08:35:24","post_date_gmt":"2023-10-06 06:35:24","post_content":"","post_title":"CPL","post_excerpt":"","post_status":"publish","comment_status":"closed","ping_status":"closed","post_password":"","post_name":"cpl","to_ping":"","pinged":"","post_modified":"2023-10-06 08:35:24","post_modified_gmt":"2023-10-06 06:35:24","post_content_filtered":"","post_parent":0,"guid":"https:\/\/nuevaweb.cpl.es\/editorial\/cpl\/","menu_order":0,"post_type":"editorial","post_mime_type":"","comment_count":"0","filter":"raw"}],"coleccion_num":"259"},"yoast_head":"<!-- This site is optimized with the Yoast SEO plugin v27.3 - https:\/\/yoast.com\/product\/yoast-seo-wordpress\/ -->\n<title>De Habitu Clericorum - CPL<\/title>\n<meta name=\"robots\" content=\"index, follow, max-snippet:-1, max-image-preview:large, max-video-preview:-1\" \/>\n<link rel=\"canonical\" href=\"https:\/\/www.cpl.es\/producto\/de-habitu-clericorum-9788491654070\/\" \/>\n<meta property=\"og:locale\" content=\"ca_ES\" \/>\n<meta property=\"og:type\" content=\"article\" \/>\n<meta property=\"og:title\" content=\"De Habitu Clericorum - CPL\" \/>\n<meta property=\"og:description\" content=\"De C\u00f3rdoba, Leovigildo\" \/>\n<meta property=\"og:url\" content=\"https:\/\/www.cpl.es\/producto\/de-habitu-clericorum-9788491654070\/\" \/>\n<meta property=\"og:site_name\" content=\"CPL\" \/>\n<meta property=\"article:modified_time\" content=\"2026-02-12T16:40:16+00:00\" \/>\n<meta property=\"og:image\" content=\"https:\/\/www.cpl.es\/wp-content\/uploads\/110259.jpg\" \/>\n\t<meta property=\"og:image:width\" content=\"281\" \/>\n\t<meta property=\"og:image:height\" content=\"422\" \/>\n\t<meta property=\"og:image:type\" content=\"image\/jpeg\" \/>\n<meta name=\"twitter:card\" content=\"summary_large_image\" \/>\n<meta name=\"twitter:label1\" content=\"Temps estimat de lectura\" \/>\n\t<meta name=\"twitter:data1\" content=\"1 minut\" \/>\n<script type=\"application\/ld+json\" class=\"yoast-schema-graph\">{\"@context\":\"https:\\\/\\\/schema.org\",\"@graph\":[{\"@type\":\"WebPage\",\"@id\":\"https:\\\/\\\/www.cpl.es\\\/producto\\\/de-habitu-clericorum-9788491654070\\\/\",\"url\":\"https:\\\/\\\/www.cpl.es\\\/producto\\\/de-habitu-clericorum-9788491654070\\\/\",\"name\":\"De Habitu Clericorum - CPL\",\"isPartOf\":{\"@id\":\"https:\\\/\\\/www.cpl.es\\\/#website\"},\"primaryImageOfPage\":{\"@id\":\"https:\\\/\\\/www.cpl.es\\\/producto\\\/de-habitu-clericorum-9788491654070\\\/#primaryimage\"},\"image\":{\"@id\":\"https:\\\/\\\/www.cpl.es\\\/producto\\\/de-habitu-clericorum-9788491654070\\\/#primaryimage\"},\"thumbnailUrl\":\"https:\\\/\\\/www.cpl.es\\\/wp-content\\\/uploads\\\/110259.jpg\",\"datePublished\":\"2023-10-03T22:57:42+00:00\",\"dateModified\":\"2026-02-12T16:40:16+00:00\",\"breadcrumb\":{\"@id\":\"https:\\\/\\\/www.cpl.es\\\/producto\\\/de-habitu-clericorum-9788491654070\\\/#breadcrumb\"},\"inLanguage\":\"ca\",\"potentialAction\":[{\"@type\":\"ReadAction\",\"target\":[\"https:\\\/\\\/www.cpl.es\\\/producto\\\/de-habitu-clericorum-9788491654070\\\/\"]}]},{\"@type\":\"ImageObject\",\"inLanguage\":\"ca\",\"@id\":\"https:\\\/\\\/www.cpl.es\\\/producto\\\/de-habitu-clericorum-9788491654070\\\/#primaryimage\",\"url\":\"https:\\\/\\\/www.cpl.es\\\/wp-content\\\/uploads\\\/110259.jpg\",\"contentUrl\":\"https:\\\/\\\/www.cpl.es\\\/wp-content\\\/uploads\\\/110259.jpg\",\"width\":281,\"height\":422,\"caption\":\"110259.jpg\"},{\"@type\":\"BreadcrumbList\",\"@id\":\"https:\\\/\\\/www.cpl.es\\\/producto\\\/de-habitu-clericorum-9788491654070\\\/#breadcrumb\",\"itemListElement\":[{\"@type\":\"ListItem\",\"position\":1,\"name\":\"Portada\",\"item\":\"https:\\\/\\\/www.cpl.es\\\/ca\\\/\"},{\"@type\":\"ListItem\",\"position\":2,\"name\":\"Cat\u00e0leg\",\"item\":\"https:\\\/\\\/www.cpl.es\\\/ca\\\/cataleg\\\/\"},{\"@type\":\"ListItem\",\"position\":3,\"name\":\"De Habitu Clericorum\"}]},{\"@type\":\"WebSite\",\"@id\":\"https:\\\/\\\/www.cpl.es\\\/#website\",\"url\":\"https:\\\/\\\/www.cpl.es\\\/\",\"name\":\"CPL\",\"description\":\"Centre de Pastoral Lit\u00fargica de Barcelona\",\"publisher\":{\"@id\":\"https:\\\/\\\/www.cpl.es\\\/#organization\"},\"alternateName\":\"Centre de Pastoral Lit\u00fargica\",\"potentialAction\":[{\"@type\":\"SearchAction\",\"target\":{\"@type\":\"EntryPoint\",\"urlTemplate\":\"https:\\\/\\\/www.cpl.es\\\/?s={search_term_string}\"},\"query-input\":{\"@type\":\"PropertyValueSpecification\",\"valueRequired\":true,\"valueName\":\"search_term_string\"}}],\"inLanguage\":\"ca\"},{\"@type\":\"Organization\",\"@id\":\"https:\\\/\\\/www.cpl.es\\\/#organization\",\"name\":\"Centre de Pastoral Lit\u00fargica\",\"alternateName\":\"Centre de Pastoral Lit\u00fargica de Barcelona\",\"url\":\"https:\\\/\\\/www.cpl.es\\\/\",\"logo\":{\"@type\":\"ImageObject\",\"inLanguage\":\"ca\",\"@id\":\"https:\\\/\\\/www.cpl.es\\\/#\\\/schema\\\/logo\\\/image\\\/\",\"url\":\"https:\\\/\\\/www.cpl.es\\\/wp-content\\\/uploads\\\/logo-cpl.svg\",\"contentUrl\":\"https:\\\/\\\/www.cpl.es\\\/wp-content\\\/uploads\\\/logo-cpl.svg\",\"caption\":\"Centre de Pastoral Lit\u00fargica\"},\"image\":{\"@id\":\"https:\\\/\\\/www.cpl.es\\\/#\\\/schema\\\/logo\\\/image\\\/\"}}]}<\/script>\n<!-- \/ Yoast SEO plugin. -->","yoast_head_json":{"title":"De Habitu Clericorum - CPL","robots":{"index":"index","follow":"follow","max-snippet":"max-snippet:-1","max-image-preview":"max-image-preview:large","max-video-preview":"max-video-preview:-1"},"canonical":"https:\/\/www.cpl.es\/producto\/de-habitu-clericorum-9788491654070\/","og_locale":"ca_ES","og_type":"article","og_title":"De Habitu Clericorum - CPL","og_description":"De C\u00f3rdoba, Leovigildo","og_url":"https:\/\/www.cpl.es\/producto\/de-habitu-clericorum-9788491654070\/","og_site_name":"CPL","article_modified_time":"2026-02-12T16:40:16+00:00","og_image":[{"width":281,"height":422,"url":"https:\/\/www.cpl.es\/wp-content\/uploads\/110259.jpg","type":"image\/jpeg"}],"twitter_card":"summary_large_image","twitter_misc":{"Temps estimat de lectura":"1 minut"},"schema":{"@context":"https:\/\/schema.org","@graph":[{"@type":"WebPage","@id":"https:\/\/www.cpl.es\/producto\/de-habitu-clericorum-9788491654070\/","url":"https:\/\/www.cpl.es\/producto\/de-habitu-clericorum-9788491654070\/","name":"De Habitu Clericorum - CPL","isPartOf":{"@id":"https:\/\/www.cpl.es\/#website"},"primaryImageOfPage":{"@id":"https:\/\/www.cpl.es\/producto\/de-habitu-clericorum-9788491654070\/#primaryimage"},"image":{"@id":"https:\/\/www.cpl.es\/producto\/de-habitu-clericorum-9788491654070\/#primaryimage"},"thumbnailUrl":"https:\/\/www.cpl.es\/wp-content\/uploads\/110259.jpg","datePublished":"2023-10-03T22:57:42+00:00","dateModified":"2026-02-12T16:40:16+00:00","breadcrumb":{"@id":"https:\/\/www.cpl.es\/producto\/de-habitu-clericorum-9788491654070\/#breadcrumb"},"inLanguage":"ca","potentialAction":[{"@type":"ReadAction","target":["https:\/\/www.cpl.es\/producto\/de-habitu-clericorum-9788491654070\/"]}]},{"@type":"ImageObject","inLanguage":"ca","@id":"https:\/\/www.cpl.es\/producto\/de-habitu-clericorum-9788491654070\/#primaryimage","url":"https:\/\/www.cpl.es\/wp-content\/uploads\/110259.jpg","contentUrl":"https:\/\/www.cpl.es\/wp-content\/uploads\/110259.jpg","width":281,"height":422,"caption":"110259.jpg"},{"@type":"BreadcrumbList","@id":"https:\/\/www.cpl.es\/producto\/de-habitu-clericorum-9788491654070\/#breadcrumb","itemListElement":[{"@type":"ListItem","position":1,"name":"Portada","item":"https:\/\/www.cpl.es\/ca\/"},{"@type":"ListItem","position":2,"name":"Cat\u00e0leg","item":"https:\/\/www.cpl.es\/ca\/cataleg\/"},{"@type":"ListItem","position":3,"name":"De Habitu Clericorum"}]},{"@type":"WebSite","@id":"https:\/\/www.cpl.es\/#website","url":"https:\/\/www.cpl.es\/","name":"CPL","description":"Centre de Pastoral Lit\u00fargica de Barcelona","publisher":{"@id":"https:\/\/www.cpl.es\/#organization"},"alternateName":"Centre de Pastoral Lit\u00fargica","potentialAction":[{"@type":"SearchAction","target":{"@type":"EntryPoint","urlTemplate":"https:\/\/www.cpl.es\/?s={search_term_string}"},"query-input":{"@type":"PropertyValueSpecification","valueRequired":true,"valueName":"search_term_string"}}],"inLanguage":"ca"},{"@type":"Organization","@id":"https:\/\/www.cpl.es\/#organization","name":"Centre de Pastoral Lit\u00fargica","alternateName":"Centre de Pastoral Lit\u00fargica de Barcelona","url":"https:\/\/www.cpl.es\/","logo":{"@type":"ImageObject","inLanguage":"ca","@id":"https:\/\/www.cpl.es\/#\/schema\/logo\/image\/","url":"https:\/\/www.cpl.es\/wp-content\/uploads\/logo-cpl.svg","contentUrl":"https:\/\/www.cpl.es\/wp-content\/uploads\/logo-cpl.svg","caption":"Centre de Pastoral Lit\u00fargica"},"image":{"@id":"https:\/\/www.cpl.es\/#\/schema\/logo\/image\/"}}]}},"_links":{"self":[{"href":"https:\/\/www.cpl.es\/ca\/wp-json\/wp\/v2\/product\/1013","targetHints":{"allow":["GET"]}}],"collection":[{"href":"https:\/\/www.cpl.es\/ca\/wp-json\/wp\/v2\/product"}],"about":[{"href":"https:\/\/www.cpl.es\/ca\/wp-json\/wp\/v2\/types\/product"}],"wp:featuredmedia":[{"embeddable":true,"href":"https:\/\/www.cpl.es\/ca\/wp-json\/wp\/v2\/media\/1014"}],"wp:attachment":[{"href":"https:\/\/www.cpl.es\/ca\/wp-json\/wp\/v2\/media?parent=1013"}],"wp:term":[{"taxonomy":"product_brand","embeddable":true,"href":"https:\/\/www.cpl.es\/ca\/wp-json\/wp\/v2\/product_brand?post=1013"},{"taxonomy":"product_cat","embeddable":true,"href":"https:\/\/www.cpl.es\/ca\/wp-json\/wp\/v2\/product_cat?post=1013"},{"taxonomy":"product_tag","embeddable":true,"href":"https:\/\/www.cpl.es\/ca\/wp-json\/wp\/v2\/product_tag?post=1013"}],"curies":[{"name":"wp","href":"https:\/\/api.w.org\/{rel}","templated":true}]}}

<p>Leovigildo de Córdoba (segunda mitad del s. ix), hijo de Ansefredo, era de linaje godo y se ordenó sacerdote, ejerciendo su ministerio en la iglesia de San Cipriano de Córdoba. Su obra Liber de habitu clericorum fue encargada por los monjes de San Cipriano.<br />Leovigildo vive en un contexto martirial con ocasión de la dominación árabe, donde desde hace tiempo los cristianos visten como los demás habitantes musulmanes. Los clérigos, aunque podían vestir el traje eclesiástico, comenzaron a vestir como seglares, quizás por presiones religiosas o por no entender su significado. Y este es uno de los temas del libro del Cordobés, que además le da el título. En líneas generales, el hábito descrito por Leovigildo es austero. No especifica el color o cómo está hecho, pero la intencionalidad del autor refleja la mentalidad monástica hispana.</p>

<p>De Córdoba, Leovigildo</p>

De Córdoba, Leovigildo

Rústica

Latín-Castellano

<!-- This site is optimized with the Yoast SEO plugin v27.3 - https://yoast.com/product/yoast-seo-wordpress/ -->
<title>De Habitu Clericorum - CPL</title>
<meta name="robots" content="index, follow, max-snippet:-1, max-image-preview:large, max-video-preview:-1" />
<link rel="canonical" href="https://www.cpl.es/producto/de-habitu-clericorum-9788491654070/" />
<meta property="og:locale" content="ca_ES" />
<meta property="og:type" content="article" />
<meta property="og:title" content="De Habitu Clericorum - CPL" />
<meta property="og:description" content="De Córdoba, Leovigildo" />
<meta property="og:url" content="https://www.cpl.es/producto/de-habitu-clericorum-9788491654070/" />
<meta property="og:site_name" content="CPL" />
<meta property="article:modified_time" content="2026-02-12T16:40:16+00:00" />
<meta property="og:image" content="https://www.cpl.es/wp-content/uploads/110259.jpg" />
	<meta property="og:image:width" content="281" />
	<meta property="og:image:height" content="422" />
	<meta property="og:image:type" content="image/jpeg" />
<meta name="twitter:card" content="summary_large_image" />
<meta name="twitter:label1" content="Temps estimat de lectura" />
	<meta name="twitter:data1" content="1 minut" />
<script type="application/ld+json" class="yoast-schema-graph">{"@context":"https:\/\/schema.org","@graph":[{"@type":"WebPage","@id":"https:\/\/www.cpl.es\/producto\/de-habitu-clericorum-9788491654070\/","url":"https:\/\/www.cpl.es\/producto\/de-habitu-clericorum-9788491654070\/","name":"De Habitu Clericorum - CPL","isPartOf":{"@id":"https:\/\/www.cpl.es\/#website"},"primaryImageOfPage":{"@id":"https:\/\/www.cpl.es\/producto\/de-habitu-clericorum-9788491654070\/#primaryimage"},"image":{"@id":"https:\/\/www.cpl.es\/producto\/de-habitu-clericorum-9788491654070\/#primaryimage"},"thumbnailUrl":"https:\/\/www.cpl.es\/wp-content\/uploads\/110259.jpg","datePublished":"2023-10-03T22:57:42+00:00","dateModified":"2026-02-12T16:40:16+00:00","breadcrumb":{"@id":"https:\/\/www.cpl.es\/producto\/de-habitu-clericorum-9788491654070\/#breadcrumb"},"inLanguage":"ca","potentialAction":[{"@type":"ReadAction","target":["https:\/\/www.cpl.es\/producto\/de-habitu-clericorum-9788491654070\/"]}]},{"@type":"ImageObject","inLanguage":"ca","@id":"https:\/\/www.cpl.es\/producto\/de-habitu-clericorum-9788491654070\/#primaryimage","url":"https:\/\/www.cpl.es\/wp-content\/uploads\/110259.jpg","contentUrl":"https:\/\/www.cpl.es\/wp-content\/uploads\/110259.jpg","width":281,"height":422,"caption":"110259.jpg"},{"@type":"BreadcrumbList","@id":"https:\/\/www.cpl.es\/producto\/de-habitu-clericorum-9788491654070\/#breadcrumb","itemListElement":[{"@type":"ListItem","position":1,"name":"Portada","item":"https:\/\/www.cpl.es\/ca\/"},{"@type":"ListItem","position":2,"name":"Catàleg","item":"https:\/\/www.cpl.es\/ca\/cataleg\/"},{"@type":"ListItem","position":3,"name":"De Habitu Clericorum"}]},{"@type":"WebSite","@id":"https:\/\/www.cpl.es\/#website","url":"https:\/\/www.cpl.es\/","name":"CPL","description":"Centre de Pastoral Litúrgica de Barcelona","publisher":{"@id":"https:\/\/www.cpl.es\/#organization"},"alternateName":"Centre de Pastoral Litúrgica","potentialAction":[{"@type":"SearchAction","target":{"@type":"EntryPoint","urlTemplate":"https:\/\/www.cpl.es\/?s={search_term_string}"},"query-input":{"@type":"PropertyValueSpecification","valueRequired":true,"valueName":"search_term_string"}}],"inLanguage":"ca"},{"@type":"Organization","@id":"https:\/\/www.cpl.es\/#organization","name":"Centre de Pastoral Litúrgica","alternateName":"Centre de Pastoral Litúrgica de Barcelona","url":"https:\/\/www.cpl.es\/","logo":{"@type":"ImageObject","inLanguage":"ca","@id":"https:\/\/www.cpl.es\/#\/schema\/logo\/image\/","url":"https:\/\/www.cpl.es\/wp-content\/uploads\/logo-cpl.svg","contentUrl":"https:\/\/www.cpl.es\/wp-content\/uploads\/logo-cpl.svg","caption":"Centre de Pastoral Litúrgica"},"image":{"@id":"https:\/\/www.cpl.es\/#\/schema\/logo\/image\/"}}]}</script>
<!-- / Yoast SEO plugin. -->

Catàleg

Centre de Pastoral Litúrgica de Barcelona

Centre de Pastoral Litúrgica
