{"id":11425,"date":"2023-11-24T13:22:47","date_gmt":"2023-11-24T12:22:47","guid":{"rendered":"https:\/\/nuevaweb.cpl.es\/?post_type=miembro&#038;p=11425"},"modified":"2024-04-30T10:10:39","modified_gmt":"2024-04-30T08:10:39","slug":"francesc-romeu","status":"publish","type":"miembro","link":"https:\/\/www.cpl.es\/ca\/membre\/francesc-romeu\/","title":{"rendered":"Francesc Romeu"},"content":{"rendered":"<p><strong>Francesc Romeu Torrent.<\/strong> Prevere, periodista i rector de la parr\u00f2quia de Santa Maria del Taulat i Sant Bernat al Poblenou (Barcelona). Professor de periodisme de la Facultat de Ci\u00e8ncies de la Comunicaci\u00f3 Blanquerna de la Universitat Ramon Llull. \u00c9s membre del Consell de redacci\u00f3 de la revista <em>Missa Dominical<\/em> del Centre de Pastoral Lit\u00fargica.<\/p>\n","protected":false},"featured_media":6990,"template":"","meta":{"_acf_changed":false,"inline_featured_image":false},"class_list":["post-11425","miembro","type-miembro","status-publish","has-post-thumbnail","hentry"],"acf":[],"yoast_head":"<!-- This site is optimized with the Yoast SEO plugin v27.3 - https:\/\/yoast.com\/product\/yoast-seo-wordpress\/ -->\n<title>Francesc Romeu<\/title>\n<meta name=\"description\" content=\"Prevere, periodista i professor de comunicaci\u00f3. \u00c9s membre del Consell de redacci\u00f3 de la revista \u00abMissa Dominical\u00bb del CPL.\" \/>\n<meta name=\"robots\" content=\"index, follow, max-snippet:-1, max-image-preview:large, max-video-preview:-1\" \/>\n<link rel=\"canonical\" href=\"https:\/\/www.cpl.es\/ca\/membre\/francesc-romeu\/\" \/>\n<meta property=\"og:locale\" content=\"ca_ES\" \/>\n<meta property=\"og:type\" content=\"article\" \/>\n<meta property=\"og:title\" content=\"Francesc Romeu\" \/>\n<meta property=\"og:description\" content=\"Prevere, periodista i professor de comunicaci\u00f3. \u00c9s membre del Consell de redacci\u00f3 de la revista \u00abMissa Dominical\u00bb del CPL.\" \/>\n<meta property=\"og:url\" content=\"https:\/\/www.cpl.es\/ca\/membre\/francesc-romeu\/\" \/>\n<meta property=\"og:site_name\" content=\"CPL\" \/>\n<meta property=\"article:modified_time\" content=\"2024-04-30T08:10:39+00:00\" \/>\n<meta property=\"og:image\" content=\"https:\/\/www.cpl.es\/wp-content\/uploads\/miembros_Francesc_Romeu.jpg\" \/>\n\t<meta property=\"og:image:width\" content=\"283\" \/>\n\t<meta property=\"og:image:height\" content=\"363\" \/>\n\t<meta property=\"og:image:type\" content=\"image\/jpeg\" \/>\n<meta name=\"twitter:card\" content=\"summary_large_image\" \/>\n<meta name=\"twitter:label1\" content=\"Temps estimat de lectura\" \/>\n\t<meta name=\"twitter:data1\" content=\"1 minut\" \/>\n<script type=\"application\/ld+json\" class=\"yoast-schema-graph\">{\"@context\":\"https:\\\/\\\/schema.org\",\"@graph\":[{\"@type\":\"WebPage\",\"@id\":\"https:\\\/\\\/www.cpl.es\\\/ca\\\/membre\\\/francesc-romeu\\\/\",\"url\":\"https:\\\/\\\/www.cpl.es\\\/ca\\\/membre\\\/francesc-romeu\\\/\",\"name\":\"Francesc Romeu\",\"isPartOf\":{\"@id\":\"https:\\\/\\\/www.cpl.es\\\/#website\"},\"primaryImageOfPage\":{\"@id\":\"https:\\\/\\\/www.cpl.es\\\/ca\\\/membre\\\/francesc-romeu\\\/#primaryimage\"},\"image\":{\"@id\":\"https:\\\/\\\/www.cpl.es\\\/ca\\\/membre\\\/francesc-romeu\\\/#primaryimage\"},\"thumbnailUrl\":\"https:\\\/\\\/www.cpl.es\\\/wp-content\\\/uploads\\\/miembros_Francesc_Romeu.jpg\",\"datePublished\":\"2023-11-24T12:22:47+00:00\",\"dateModified\":\"2024-04-30T08:10:39+00:00\",\"description\":\"Prevere, periodista i professor de comunicaci\u00f3. \u00c9s membre del Consell de redacci\u00f3 de la revista \u00abMissa Dominical\u00bb del CPL.\",\"breadcrumb\":{\"@id\":\"https:\\\/\\\/www.cpl.es\\\/ca\\\/membre\\\/francesc-romeu\\\/#breadcrumb\"},\"inLanguage\":\"ca\",\"potentialAction\":[{\"@type\":\"ReadAction\",\"target\":[\"https:\\\/\\\/www.cpl.es\\\/ca\\\/membre\\\/francesc-romeu\\\/\"]}]},{\"@type\":\"ImageObject\",\"inLanguage\":\"ca\",\"@id\":\"https:\\\/\\\/www.cpl.es\\\/ca\\\/membre\\\/francesc-romeu\\\/#primaryimage\",\"url\":\"https:\\\/\\\/www.cpl.es\\\/wp-content\\\/uploads\\\/miembros_Francesc_Romeu.jpg\",\"contentUrl\":\"https:\\\/\\\/www.cpl.es\\\/wp-content\\\/uploads\\\/miembros_Francesc_Romeu.jpg\",\"width\":283,\"height\":363},{\"@type\":\"BreadcrumbList\",\"@id\":\"https:\\\/\\\/www.cpl.es\\\/ca\\\/membre\\\/francesc-romeu\\\/#breadcrumb\",\"itemListElement\":[{\"@type\":\"ListItem\",\"position\":1,\"name\":\"Portada\",\"item\":\"https:\\\/\\\/www.cpl.es\\\/ca\\\/\"},{\"@type\":\"ListItem\",\"position\":2,\"name\":\"Miembros\",\"item\":\"https:\\\/\\\/www.cpl.es\\\/ca\\\/membre\\\/\"},{\"@type\":\"ListItem\",\"position\":3,\"name\":\"Francesc Romeu\"}]},{\"@type\":\"WebSite\",\"@id\":\"https:\\\/\\\/www.cpl.es\\\/#website\",\"url\":\"https:\\\/\\\/www.cpl.es\\\/\",\"name\":\"CPL\",\"description\":\"Centre de Pastoral Lit\u00fargica de Barcelona\",\"publisher\":{\"@id\":\"https:\\\/\\\/www.cpl.es\\\/#organization\"},\"alternateName\":\"Centre de Pastoral Lit\u00fargica\",\"potentialAction\":[{\"@type\":\"SearchAction\",\"target\":{\"@type\":\"EntryPoint\",\"urlTemplate\":\"https:\\\/\\\/www.cpl.es\\\/?s={search_term_string}\"},\"query-input\":{\"@type\":\"PropertyValueSpecification\",\"valueRequired\":true,\"valueName\":\"search_term_string\"}}],\"inLanguage\":\"ca\"},{\"@type\":\"Organization\",\"@id\":\"https:\\\/\\\/www.cpl.es\\\/#organization\",\"name\":\"Centre de Pastoral Lit\u00fargica\",\"alternateName\":\"Centre de Pastoral Lit\u00fargica de Barcelona\",\"url\":\"https:\\\/\\\/www.cpl.es\\\/\",\"logo\":{\"@type\":\"ImageObject\",\"inLanguage\":\"ca\",\"@id\":\"https:\\\/\\\/www.cpl.es\\\/#\\\/schema\\\/logo\\\/image\\\/\",\"url\":\"https:\\\/\\\/www.cpl.es\\\/wp-content\\\/uploads\\\/logo-cpl.svg\",\"contentUrl\":\"https:\\\/\\\/www.cpl.es\\\/wp-content\\\/uploads\\\/logo-cpl.svg\",\"caption\":\"Centre de Pastoral Lit\u00fargica\"},\"image\":{\"@id\":\"https:\\\/\\\/www.cpl.es\\\/#\\\/schema\\\/logo\\\/image\\\/\"}}]}<\/script>\n<!-- \/ Yoast SEO plugin. -->","yoast_head_json":{"title":"Francesc Romeu","description":"Prevere, periodista i professor de comunicaci\u00f3. \u00c9s membre del Consell de redacci\u00f3 de la revista \u00abMissa Dominical\u00bb del CPL.","robots":{"index":"index","follow":"follow","max-snippet":"max-snippet:-1","max-image-preview":"max-image-preview:large","max-video-preview":"max-video-preview:-1"},"canonical":"https:\/\/www.cpl.es\/ca\/membre\/francesc-romeu\/","og_locale":"ca_ES","og_type":"article","og_title":"Francesc Romeu","og_description":"Prevere, periodista i professor de comunicaci\u00f3. \u00c9s membre del Consell de redacci\u00f3 de la revista \u00abMissa Dominical\u00bb del CPL.","og_url":"https:\/\/www.cpl.es\/ca\/membre\/francesc-romeu\/","og_site_name":"CPL","article_modified_time":"2024-04-30T08:10:39+00:00","og_image":[{"width":283,"height":363,"url":"https:\/\/www.cpl.es\/wp-content\/uploads\/miembros_Francesc_Romeu.jpg","type":"image\/jpeg"}],"twitter_card":"summary_large_image","twitter_misc":{"Temps estimat de lectura":"1 minut"},"schema":{"@context":"https:\/\/schema.org","@graph":[{"@type":"WebPage","@id":"https:\/\/www.cpl.es\/ca\/membre\/francesc-romeu\/","url":"https:\/\/www.cpl.es\/ca\/membre\/francesc-romeu\/","name":"Francesc Romeu","isPartOf":{"@id":"https:\/\/www.cpl.es\/#website"},"primaryImageOfPage":{"@id":"https:\/\/www.cpl.es\/ca\/membre\/francesc-romeu\/#primaryimage"},"image":{"@id":"https:\/\/www.cpl.es\/ca\/membre\/francesc-romeu\/#primaryimage"},"thumbnailUrl":"https:\/\/www.cpl.es\/wp-content\/uploads\/miembros_Francesc_Romeu.jpg","datePublished":"2023-11-24T12:22:47+00:00","dateModified":"2024-04-30T08:10:39+00:00","description":"Prevere, periodista i professor de comunicaci\u00f3. \u00c9s membre del Consell de redacci\u00f3 de la revista \u00abMissa Dominical\u00bb del CPL.","breadcrumb":{"@id":"https:\/\/www.cpl.es\/ca\/membre\/francesc-romeu\/#breadcrumb"},"inLanguage":"ca","potentialAction":[{"@type":"ReadAction","target":["https:\/\/www.cpl.es\/ca\/membre\/francesc-romeu\/"]}]},{"@type":"ImageObject","inLanguage":"ca","@id":"https:\/\/www.cpl.es\/ca\/membre\/francesc-romeu\/#primaryimage","url":"https:\/\/www.cpl.es\/wp-content\/uploads\/miembros_Francesc_Romeu.jpg","contentUrl":"https:\/\/www.cpl.es\/wp-content\/uploads\/miembros_Francesc_Romeu.jpg","width":283,"height":363},{"@type":"BreadcrumbList","@id":"https:\/\/www.cpl.es\/ca\/membre\/francesc-romeu\/#breadcrumb","itemListElement":[{"@type":"ListItem","position":1,"name":"Portada","item":"https:\/\/www.cpl.es\/ca\/"},{"@type":"ListItem","position":2,"name":"Miembros","item":"https:\/\/www.cpl.es\/ca\/membre\/"},{"@type":"ListItem","position":3,"name":"Francesc Romeu"}]},{"@type":"WebSite","@id":"https:\/\/www.cpl.es\/#website","url":"https:\/\/www.cpl.es\/","name":"CPL","description":"Centre de Pastoral Lit\u00fargica de Barcelona","publisher":{"@id":"https:\/\/www.cpl.es\/#organization"},"alternateName":"Centre de Pastoral Lit\u00fargica","potentialAction":[{"@type":"SearchAction","target":{"@type":"EntryPoint","urlTemplate":"https:\/\/www.cpl.es\/?s={search_term_string}"},"query-input":{"@type":"PropertyValueSpecification","valueRequired":true,"valueName":"search_term_string"}}],"inLanguage":"ca"},{"@type":"Organization","@id":"https:\/\/www.cpl.es\/#organization","name":"Centre de Pastoral Lit\u00fargica","alternateName":"Centre de Pastoral Lit\u00fargica de Barcelona","url":"https:\/\/www.cpl.es\/","logo":{"@type":"ImageObject","inLanguage":"ca","@id":"https:\/\/www.cpl.es\/#\/schema\/logo\/image\/","url":"https:\/\/www.cpl.es\/wp-content\/uploads\/logo-cpl.svg","contentUrl":"https:\/\/www.cpl.es\/wp-content\/uploads\/logo-cpl.svg","caption":"Centre de Pastoral Lit\u00fargica"},"image":{"@id":"https:\/\/www.cpl.es\/#\/schema\/logo\/image\/"}}]}},"_links":{"self":[{"href":"https:\/\/www.cpl.es\/ca\/wp-json\/wp\/v2\/miembro\/11425","targetHints":{"allow":["GET"]}}],"collection":[{"href":"https:\/\/www.cpl.es\/ca\/wp-json\/wp\/v2\/miembro"}],"about":[{"href":"https:\/\/www.cpl.es\/ca\/wp-json\/wp\/v2\/types\/miembro"}],"wp:featuredmedia":[{"embeddable":true,"href":"https:\/\/www.cpl.es\/ca\/wp-json\/wp\/v2\/media\/6990"}],"wp:attachment":[{"href":"https:\/\/www.cpl.es\/ca\/wp-json\/wp\/v2\/media?parent=11425"}],"curies":[{"name":"wp","href":"https:\/\/api.w.org\/{rel}","templated":true}]}}

<p><strong>Francesc Romeu Torrent.</strong> Prevere, periodista i rector de la parròquia de Santa Maria del Taulat i Sant Bernat al Poblenou (Barcelona). Professor de periodisme de la Facultat de Ciències de la Comunicació Blanquerna de la Universitat Ramon Llull. És membre del Consell de redacció de la revista <em>Missa Dominical</em> del Centre de Pastoral Litúrgica.</p>

<!-- This site is optimized with the Yoast SEO plugin v27.3 - https://yoast.com/product/yoast-seo-wordpress/ -->
<title>Francesc Romeu</title>
<meta name="description" content="Prevere, periodista i professor de comunicació. És membre del Consell de redacció de la revista «Missa Dominical» del CPL." />
<meta name="robots" content="index, follow, max-snippet:-1, max-image-preview:large, max-video-preview:-1" />
<link rel="canonical" href="https://www.cpl.es/ca/membre/francesc-romeu/" />
<meta property="og:locale" content="ca_ES" />
<meta property="og:type" content="article" />
<meta property="og:title" content="Francesc Romeu" />
<meta property="og:description" content="Prevere, periodista i professor de comunicació. És membre del Consell de redacció de la revista «Missa Dominical» del CPL." />
<meta property="og:url" content="https://www.cpl.es/ca/membre/francesc-romeu/" />
<meta property="og:site_name" content="CPL" />
<meta property="article:modified_time" content="2024-04-30T08:10:39+00:00" />
<meta property="og:image" content="https://www.cpl.es/wp-content/uploads/miembros_Francesc_Romeu.jpg" />
	<meta property="og:image:width" content="283" />
	<meta property="og:image:height" content="363" />
	<meta property="og:image:type" content="image/jpeg" />
<meta name="twitter:card" content="summary_large_image" />
<meta name="twitter:label1" content="Temps estimat de lectura" />
	<meta name="twitter:data1" content="1 minut" />
<script type="application/ld+json" class="yoast-schema-graph">{"@context":"https:\/\/schema.org","@graph":[{"@type":"WebPage","@id":"https:\/\/www.cpl.es\/ca\/membre\/francesc-romeu\/","url":"https:\/\/www.cpl.es\/ca\/membre\/francesc-romeu\/","name":"Francesc Romeu","isPartOf":{"@id":"https:\/\/www.cpl.es\/#website"},"primaryImageOfPage":{"@id":"https:\/\/www.cpl.es\/ca\/membre\/francesc-romeu\/#primaryimage"},"image":{"@id":"https:\/\/www.cpl.es\/ca\/membre\/francesc-romeu\/#primaryimage"},"thumbnailUrl":"https:\/\/www.cpl.es\/wp-content\/uploads\/miembros_Francesc_Romeu.jpg","datePublished":"2023-11-24T12:22:47+00:00","dateModified":"2024-04-30T08:10:39+00:00","description":"Prevere, periodista i professor de comunicació. És membre del Consell de redacció de la revista «Missa Dominical» del CPL.","breadcrumb":{"@id":"https:\/\/www.cpl.es\/ca\/membre\/francesc-romeu\/#breadcrumb"},"inLanguage":"ca","potentialAction":[{"@type":"ReadAction","target":["https:\/\/www.cpl.es\/ca\/membre\/francesc-romeu\/"]}]},{"@type":"ImageObject","inLanguage":"ca","@id":"https:\/\/www.cpl.es\/ca\/membre\/francesc-romeu\/#primaryimage","url":"https:\/\/www.cpl.es\/wp-content\/uploads\/miembros_Francesc_Romeu.jpg","contentUrl":"https:\/\/www.cpl.es\/wp-content\/uploads\/miembros_Francesc_Romeu.jpg","width":283,"height":363},{"@type":"BreadcrumbList","@id":"https:\/\/www.cpl.es\/ca\/membre\/francesc-romeu\/#breadcrumb","itemListElement":[{"@type":"ListItem","position":1,"name":"Portada","item":"https:\/\/www.cpl.es\/ca\/"},{"@type":"ListItem","position":2,"name":"Miembros","item":"https:\/\/www.cpl.es\/ca\/membre\/"},{"@type":"ListItem","position":3,"name":"Francesc Romeu"}]},{"@type":"WebSite","@id":"https:\/\/www.cpl.es\/#website","url":"https:\/\/www.cpl.es\/","name":"CPL","description":"Centre de Pastoral Litúrgica de Barcelona","publisher":{"@id":"https:\/\/www.cpl.es\/#organization"},"alternateName":"Centre de Pastoral Litúrgica","potentialAction":[{"@type":"SearchAction","target":{"@type":"EntryPoint","urlTemplate":"https:\/\/www.cpl.es\/?s={search_term_string}"},"query-input":{"@type":"PropertyValueSpecification","valueRequired":true,"valueName":"search_term_string"}}],"inLanguage":"ca"},{"@type":"Organization","@id":"https:\/\/www.cpl.es\/#organization","name":"Centre de Pastoral Litúrgica","alternateName":"Centre de Pastoral Litúrgica de Barcelona","url":"https:\/\/www.cpl.es\/","logo":{"@type":"ImageObject","inLanguage":"ca","@id":"https:\/\/www.cpl.es\/#\/schema\/logo\/image\/","url":"https:\/\/www.cpl.es\/wp-content\/uploads\/logo-cpl.svg","contentUrl":"https:\/\/www.cpl.es\/wp-content\/uploads\/logo-cpl.svg","caption":"Centre de Pastoral Litúrgica"},"image":{"@id":"https:\/\/www.cpl.es\/#\/schema\/logo\/image\/"}}]}</script>
<!-- / Yoast SEO plugin. -->

Prevere, periodista i professor de comunicació. És membre del Consell de redacció de la revista «Missa Dominical» del CPL.

Centre de Pastoral Litúrgica de Barcelona

Centre de Pastoral Litúrgica
