{"id":11399,"date":"2023-11-24T13:23:57","date_gmt":"2023-11-24T12:23:57","guid":{"rendered":"https:\/\/nuevaweb.cpl.es\/?post_type=miembro&#038;p=11399"},"modified":"2024-11-18T12:51:48","modified_gmt":"2024-11-18T11:51:48","slug":"david-alvarez","status":"publish","type":"miembro","link":"https:\/\/www.cpl.es\/ca\/membre\/david-alvarez\/","title":{"rendered":"David \u00c1lvarez"},"content":{"rendered":"<p><strong>David \u00c1lvarez Rodr\u00edguez. <\/strong>Nascut al barri de Sant Andreu de Palomar de Barcelona el 1981. Va ser ordenat prevere el 2006. \u00c9s batxiller en els estudis eclesi\u00e0stics a la Facultat de Teologia de Catalunya. Ha estat formador del Seminari Major de Barcelona (2018-2023). \u00c9s rector de la comunitat pastoral 2 de Matar\u00f3 que inclou les parr\u00f2quies\u00a0 de Maria Auxiliadora, de la Sagrada Fam\u00edlia de Matar\u00f3 i de la Mare de D\u00e9u de l'Esperan\u00e7a.<\/p>\n<p>\u00c9s membre del Centre de Pastoral Lit\u00fargica des de 2020, ha estat director de la revista<a href=\"https:\/\/www.cpl.es\/ca\/revista\/misa-dominical\/\"> <em>Missa Dominical<\/em><\/a> i actualment \u00e9s membre del seu Consell.<\/p>\n","protected":false},"featured_media":6996,"template":"","meta":{"_acf_changed":false,"inline_featured_image":false},"class_list":["post-11399","miembro","type-miembro","status-publish","has-post-thumbnail","hentry"],"acf":[],"yoast_head":"<!-- This site is optimized with the Yoast SEO plugin v27.3 - https:\/\/yoast.com\/product\/yoast-seo-wordpress\/ -->\n<title>David \u00c1lvarez<\/title>\n<meta name=\"description\" content=\"\u00c9s membre del Centre de Pastoral Lit\u00fargica des de 2020 i ha estat director de la revista\u00a0\u00abMissa Dominical\u00bb.\" \/>\n<meta name=\"robots\" content=\"index, follow, max-snippet:-1, max-image-preview:large, max-video-preview:-1\" \/>\n<link rel=\"canonical\" href=\"https:\/\/www.cpl.es\/ca\/membre\/david-alvarez\/\" \/>\n<meta property=\"og:locale\" content=\"ca_ES\" \/>\n<meta property=\"og:type\" content=\"article\" \/>\n<meta property=\"og:title\" content=\"David \u00c1lvarez\" \/>\n<meta property=\"og:description\" content=\"\u00c9s membre del Centre de Pastoral Lit\u00fargica des de 2020 i ha estat director de la revista\u00a0\u00abMissa Dominical\u00bb.\" \/>\n<meta property=\"og:url\" content=\"https:\/\/www.cpl.es\/ca\/membre\/david-alvarez\/\" \/>\n<meta property=\"og:site_name\" content=\"CPL\" \/>\n<meta property=\"article:modified_time\" content=\"2024-11-18T11:51:48+00:00\" \/>\n<meta property=\"og:image\" content=\"https:\/\/www.cpl.es\/wp-content\/uploads\/miembros_Daniel_Alvarez.jpg\" \/>\n\t<meta property=\"og:image:width\" content=\"293\" \/>\n\t<meta property=\"og:image:height\" content=\"383\" \/>\n\t<meta property=\"og:image:type\" content=\"image\/jpeg\" \/>\n<meta name=\"twitter:card\" content=\"summary_large_image\" \/>\n<meta name=\"twitter:label1\" content=\"Temps estimat de lectura\" \/>\n\t<meta name=\"twitter:data1\" content=\"1 minut\" \/>\n<script type=\"application\/ld+json\" class=\"yoast-schema-graph\">{\"@context\":\"https:\\\/\\\/schema.org\",\"@graph\":[{\"@type\":\"WebPage\",\"@id\":\"https:\\\/\\\/www.cpl.es\\\/ca\\\/membre\\\/david-alvarez\\\/\",\"url\":\"https:\\\/\\\/www.cpl.es\\\/ca\\\/membre\\\/david-alvarez\\\/\",\"name\":\"David \u00c1lvarez\",\"isPartOf\":{\"@id\":\"https:\\\/\\\/www.cpl.es\\\/#website\"},\"primaryImageOfPage\":{\"@id\":\"https:\\\/\\\/www.cpl.es\\\/ca\\\/membre\\\/david-alvarez\\\/#primaryimage\"},\"image\":{\"@id\":\"https:\\\/\\\/www.cpl.es\\\/ca\\\/membre\\\/david-alvarez\\\/#primaryimage\"},\"thumbnailUrl\":\"https:\\\/\\\/www.cpl.es\\\/wp-content\\\/uploads\\\/miembros_Daniel_Alvarez.jpg\",\"datePublished\":\"2023-11-24T12:23:57+00:00\",\"dateModified\":\"2024-11-18T11:51:48+00:00\",\"description\":\"\u00c9s membre del Centre de Pastoral Lit\u00fargica des de 2020 i ha estat director de la revista\u00a0\u00abMissa Dominical\u00bb.\",\"breadcrumb\":{\"@id\":\"https:\\\/\\\/www.cpl.es\\\/ca\\\/membre\\\/david-alvarez\\\/#breadcrumb\"},\"inLanguage\":\"ca\",\"potentialAction\":[{\"@type\":\"ReadAction\",\"target\":[\"https:\\\/\\\/www.cpl.es\\\/ca\\\/membre\\\/david-alvarez\\\/\"]}]},{\"@type\":\"ImageObject\",\"inLanguage\":\"ca\",\"@id\":\"https:\\\/\\\/www.cpl.es\\\/ca\\\/membre\\\/david-alvarez\\\/#primaryimage\",\"url\":\"https:\\\/\\\/www.cpl.es\\\/wp-content\\\/uploads\\\/miembros_Daniel_Alvarez.jpg\",\"contentUrl\":\"https:\\\/\\\/www.cpl.es\\\/wp-content\\\/uploads\\\/miembros_Daniel_Alvarez.jpg\",\"width\":293,\"height\":383},{\"@type\":\"BreadcrumbList\",\"@id\":\"https:\\\/\\\/www.cpl.es\\\/ca\\\/membre\\\/david-alvarez\\\/#breadcrumb\",\"itemListElement\":[{\"@type\":\"ListItem\",\"position\":1,\"name\":\"Portada\",\"item\":\"https:\\\/\\\/www.cpl.es\\\/ca\\\/\"},{\"@type\":\"ListItem\",\"position\":2,\"name\":\"Miembros\",\"item\":\"https:\\\/\\\/www.cpl.es\\\/ca\\\/membre\\\/\"},{\"@type\":\"ListItem\",\"position\":3,\"name\":\"David \u00c1lvarez\"}]},{\"@type\":\"WebSite\",\"@id\":\"https:\\\/\\\/www.cpl.es\\\/#website\",\"url\":\"https:\\\/\\\/www.cpl.es\\\/\",\"name\":\"CPL\",\"description\":\"Centre de Pastoral Lit\u00fargica de Barcelona\",\"publisher\":{\"@id\":\"https:\\\/\\\/www.cpl.es\\\/#organization\"},\"alternateName\":\"Centre de Pastoral Lit\u00fargica\",\"potentialAction\":[{\"@type\":\"SearchAction\",\"target\":{\"@type\":\"EntryPoint\",\"urlTemplate\":\"https:\\\/\\\/www.cpl.es\\\/?s={search_term_string}\"},\"query-input\":{\"@type\":\"PropertyValueSpecification\",\"valueRequired\":true,\"valueName\":\"search_term_string\"}}],\"inLanguage\":\"ca\"},{\"@type\":\"Organization\",\"@id\":\"https:\\\/\\\/www.cpl.es\\\/#organization\",\"name\":\"Centre de Pastoral Lit\u00fargica\",\"alternateName\":\"Centre de Pastoral Lit\u00fargica de Barcelona\",\"url\":\"https:\\\/\\\/www.cpl.es\\\/\",\"logo\":{\"@type\":\"ImageObject\",\"inLanguage\":\"ca\",\"@id\":\"https:\\\/\\\/www.cpl.es\\\/#\\\/schema\\\/logo\\\/image\\\/\",\"url\":\"https:\\\/\\\/www.cpl.es\\\/wp-content\\\/uploads\\\/logo-cpl.svg\",\"contentUrl\":\"https:\\\/\\\/www.cpl.es\\\/wp-content\\\/uploads\\\/logo-cpl.svg\",\"caption\":\"Centre de Pastoral Lit\u00fargica\"},\"image\":{\"@id\":\"https:\\\/\\\/www.cpl.es\\\/#\\\/schema\\\/logo\\\/image\\\/\"}}]}<\/script>\n<!-- \/ Yoast SEO plugin. -->","yoast_head_json":{"title":"David \u00c1lvarez","description":"\u00c9s membre del Centre de Pastoral Lit\u00fargica des de 2020 i ha estat director de la revista\u00a0\u00abMissa Dominical\u00bb.","robots":{"index":"index","follow":"follow","max-snippet":"max-snippet:-1","max-image-preview":"max-image-preview:large","max-video-preview":"max-video-preview:-1"},"canonical":"https:\/\/www.cpl.es\/ca\/membre\/david-alvarez\/","og_locale":"ca_ES","og_type":"article","og_title":"David \u00c1lvarez","og_description":"\u00c9s membre del Centre de Pastoral Lit\u00fargica des de 2020 i ha estat director de la revista\u00a0\u00abMissa Dominical\u00bb.","og_url":"https:\/\/www.cpl.es\/ca\/membre\/david-alvarez\/","og_site_name":"CPL","article_modified_time":"2024-11-18T11:51:48+00:00","og_image":[{"width":293,"height":383,"url":"https:\/\/www.cpl.es\/wp-content\/uploads\/miembros_Daniel_Alvarez.jpg","type":"image\/jpeg"}],"twitter_card":"summary_large_image","twitter_misc":{"Temps estimat de lectura":"1 minut"},"schema":{"@context":"https:\/\/schema.org","@graph":[{"@type":"WebPage","@id":"https:\/\/www.cpl.es\/ca\/membre\/david-alvarez\/","url":"https:\/\/www.cpl.es\/ca\/membre\/david-alvarez\/","name":"David \u00c1lvarez","isPartOf":{"@id":"https:\/\/www.cpl.es\/#website"},"primaryImageOfPage":{"@id":"https:\/\/www.cpl.es\/ca\/membre\/david-alvarez\/#primaryimage"},"image":{"@id":"https:\/\/www.cpl.es\/ca\/membre\/david-alvarez\/#primaryimage"},"thumbnailUrl":"https:\/\/www.cpl.es\/wp-content\/uploads\/miembros_Daniel_Alvarez.jpg","datePublished":"2023-11-24T12:23:57+00:00","dateModified":"2024-11-18T11:51:48+00:00","description":"\u00c9s membre del Centre de Pastoral Lit\u00fargica des de 2020 i ha estat director de la revista\u00a0\u00abMissa Dominical\u00bb.","breadcrumb":{"@id":"https:\/\/www.cpl.es\/ca\/membre\/david-alvarez\/#breadcrumb"},"inLanguage":"ca","potentialAction":[{"@type":"ReadAction","target":["https:\/\/www.cpl.es\/ca\/membre\/david-alvarez\/"]}]},{"@type":"ImageObject","inLanguage":"ca","@id":"https:\/\/www.cpl.es\/ca\/membre\/david-alvarez\/#primaryimage","url":"https:\/\/www.cpl.es\/wp-content\/uploads\/miembros_Daniel_Alvarez.jpg","contentUrl":"https:\/\/www.cpl.es\/wp-content\/uploads\/miembros_Daniel_Alvarez.jpg","width":293,"height":383},{"@type":"BreadcrumbList","@id":"https:\/\/www.cpl.es\/ca\/membre\/david-alvarez\/#breadcrumb","itemListElement":[{"@type":"ListItem","position":1,"name":"Portada","item":"https:\/\/www.cpl.es\/ca\/"},{"@type":"ListItem","position":2,"name":"Miembros","item":"https:\/\/www.cpl.es\/ca\/membre\/"},{"@type":"ListItem","position":3,"name":"David \u00c1lvarez"}]},{"@type":"WebSite","@id":"https:\/\/www.cpl.es\/#website","url":"https:\/\/www.cpl.es\/","name":"CPL","description":"Centre de Pastoral Lit\u00fargica de Barcelona","publisher":{"@id":"https:\/\/www.cpl.es\/#organization"},"alternateName":"Centre de Pastoral Lit\u00fargica","potentialAction":[{"@type":"SearchAction","target":{"@type":"EntryPoint","urlTemplate":"https:\/\/www.cpl.es\/?s={search_term_string}"},"query-input":{"@type":"PropertyValueSpecification","valueRequired":true,"valueName":"search_term_string"}}],"inLanguage":"ca"},{"@type":"Organization","@id":"https:\/\/www.cpl.es\/#organization","name":"Centre de Pastoral Lit\u00fargica","alternateName":"Centre de Pastoral Lit\u00fargica de Barcelona","url":"https:\/\/www.cpl.es\/","logo":{"@type":"ImageObject","inLanguage":"ca","@id":"https:\/\/www.cpl.es\/#\/schema\/logo\/image\/","url":"https:\/\/www.cpl.es\/wp-content\/uploads\/logo-cpl.svg","contentUrl":"https:\/\/www.cpl.es\/wp-content\/uploads\/logo-cpl.svg","caption":"Centre de Pastoral Lit\u00fargica"},"image":{"@id":"https:\/\/www.cpl.es\/#\/schema\/logo\/image\/"}}]}},"_links":{"self":[{"href":"https:\/\/www.cpl.es\/ca\/wp-json\/wp\/v2\/miembro\/11399","targetHints":{"allow":["GET"]}}],"collection":[{"href":"https:\/\/www.cpl.es\/ca\/wp-json\/wp\/v2\/miembro"}],"about":[{"href":"https:\/\/www.cpl.es\/ca\/wp-json\/wp\/v2\/types\/miembro"}],"wp:featuredmedia":[{"embeddable":true,"href":"https:\/\/www.cpl.es\/ca\/wp-json\/wp\/v2\/media\/6996"}],"wp:attachment":[{"href":"https:\/\/www.cpl.es\/ca\/wp-json\/wp\/v2\/media?parent=11399"}],"curies":[{"name":"wp","href":"https:\/\/api.w.org\/{rel}","templated":true}]}}

David Álvarez

<p><strong>David Álvarez Rodríguez. </strong>Nascut al barri de Sant Andreu de Palomar de Barcelona el 1981. Va ser ordenat prevere el 2006. És batxiller en els estudis eclesiàstics a la Facultat de Teologia de Catalunya. Ha estat formador del Seminari Major de Barcelona (2018-2023). És rector de la comunitat pastoral 2 de Mataró que inclou les parròquies  de Maria Auxiliadora, de la Sagrada Família de Mataró i de la Mare de Déu de l'Esperança.</p>
<p>És membre del Centre de Pastoral Litúrgica des de 2020, ha estat director de la revista<a href="https://www.cpl.es/ca/revista/misa-dominical/"> <em>Missa Dominical</em></a> i actualment és membre del seu Consell.</p>

<!-- This site is optimized with the Yoast SEO plugin v27.3 - https://yoast.com/product/yoast-seo-wordpress/ -->
<title>David Álvarez</title>
<meta name="description" content="És membre del Centre de Pastoral Litúrgica des de 2020 i ha estat director de la revista «Missa Dominical»." />
<meta name="robots" content="index, follow, max-snippet:-1, max-image-preview:large, max-video-preview:-1" />
<link rel="canonical" href="https://www.cpl.es/ca/membre/david-alvarez/" />
<meta property="og:locale" content="ca_ES" />
<meta property="og:type" content="article" />
<meta property="og:title" content="David Álvarez" />
<meta property="og:description" content="És membre del Centre de Pastoral Litúrgica des de 2020 i ha estat director de la revista «Missa Dominical»." />
<meta property="og:url" content="https://www.cpl.es/ca/membre/david-alvarez/" />
<meta property="og:site_name" content="CPL" />
<meta property="article:modified_time" content="2024-11-18T11:51:48+00:00" />
<meta property="og:image" content="https://www.cpl.es/wp-content/uploads/miembros_Daniel_Alvarez.jpg" />
	<meta property="og:image:width" content="293" />
	<meta property="og:image:height" content="383" />
	<meta property="og:image:type" content="image/jpeg" />
<meta name="twitter:card" content="summary_large_image" />
<meta name="twitter:label1" content="Temps estimat de lectura" />
	<meta name="twitter:data1" content="1 minut" />
<script type="application/ld+json" class="yoast-schema-graph">{"@context":"https:\/\/schema.org","@graph":[{"@type":"WebPage","@id":"https:\/\/www.cpl.es\/ca\/membre\/david-alvarez\/","url":"https:\/\/www.cpl.es\/ca\/membre\/david-alvarez\/","name":"David Álvarez","isPartOf":{"@id":"https:\/\/www.cpl.es\/#website"},"primaryImageOfPage":{"@id":"https:\/\/www.cpl.es\/ca\/membre\/david-alvarez\/#primaryimage"},"image":{"@id":"https:\/\/www.cpl.es\/ca\/membre\/david-alvarez\/#primaryimage"},"thumbnailUrl":"https:\/\/www.cpl.es\/wp-content\/uploads\/miembros_Daniel_Alvarez.jpg","datePublished":"2023-11-24T12:23:57+00:00","dateModified":"2024-11-18T11:51:48+00:00","description":"És membre del Centre de Pastoral Litúrgica des de 2020 i ha estat director de la revista «Missa Dominical».","breadcrumb":{"@id":"https:\/\/www.cpl.es\/ca\/membre\/david-alvarez\/#breadcrumb"},"inLanguage":"ca","potentialAction":[{"@type":"ReadAction","target":["https:\/\/www.cpl.es\/ca\/membre\/david-alvarez\/"]}]},{"@type":"ImageObject","inLanguage":"ca","@id":"https:\/\/www.cpl.es\/ca\/membre\/david-alvarez\/#primaryimage","url":"https:\/\/www.cpl.es\/wp-content\/uploads\/miembros_Daniel_Alvarez.jpg","contentUrl":"https:\/\/www.cpl.es\/wp-content\/uploads\/miembros_Daniel_Alvarez.jpg","width":293,"height":383},{"@type":"BreadcrumbList","@id":"https:\/\/www.cpl.es\/ca\/membre\/david-alvarez\/#breadcrumb","itemListElement":[{"@type":"ListItem","position":1,"name":"Portada","item":"https:\/\/www.cpl.es\/ca\/"},{"@type":"ListItem","position":2,"name":"Miembros","item":"https:\/\/www.cpl.es\/ca\/membre\/"},{"@type":"ListItem","position":3,"name":"David Álvarez"}]},{"@type":"WebSite","@id":"https:\/\/www.cpl.es\/#website","url":"https:\/\/www.cpl.es\/","name":"CPL","description":"Centre de Pastoral Litúrgica de Barcelona","publisher":{"@id":"https:\/\/www.cpl.es\/#organization"},"alternateName":"Centre de Pastoral Litúrgica","potentialAction":[{"@type":"SearchAction","target":{"@type":"EntryPoint","urlTemplate":"https:\/\/www.cpl.es\/?s={search_term_string}"},"query-input":{"@type":"PropertyValueSpecification","valueRequired":true,"valueName":"search_term_string"}}],"inLanguage":"ca"},{"@type":"Organization","@id":"https:\/\/www.cpl.es\/#organization","name":"Centre de Pastoral Litúrgica","alternateName":"Centre de Pastoral Litúrgica de Barcelona","url":"https:\/\/www.cpl.es\/","logo":{"@type":"ImageObject","inLanguage":"ca","@id":"https:\/\/www.cpl.es\/#\/schema\/logo\/image\/","url":"https:\/\/www.cpl.es\/wp-content\/uploads\/logo-cpl.svg","contentUrl":"https:\/\/www.cpl.es\/wp-content\/uploads\/logo-cpl.svg","caption":"Centre de Pastoral Litúrgica"},"image":{"@id":"https:\/\/www.cpl.es\/#\/schema\/logo\/image\/"}}]}</script>
<!-- / Yoast SEO plugin. -->

És membre del Centre de Pastoral Litúrgica des de 2020 i ha estat director de la revista «Missa Dominical».

Centre de Pastoral Litúrgica de Barcelona

Centre de Pastoral Litúrgica
